NOAA-Style Climate Report Archive

for Hessville, NY - Since March 2004

(Reports Generated by WeatherLink)

Report for 2007 February
                   MONTHLY CLIMATOLOGICAL SUMMARY for FEB. 2007

NAME: Indian Trail Weather   CITY: Hessville   STATE: New York 
ELEV:  1041 ft  LAT:  42° 51' 52" N  LONG:  74° 43' 15" W

                   TEMPERATURE (°F), RAIN  (in), WIND SPEED (mph)

                                      HEAT  COOL        AVG
    MEAN                              DEG   DEG         WIND                 DOM
DAY TEMP  HIGH   TIME   LOW    TIME   DAYS  DAYS  RAIN  SPEED HIGH   TIME    DIR
------------------------------------------------------------------------------------
 1  23.3  32.7   3:10p  17.5  12:40a  41.7   0.0  0.01   5.2  20.0  10:30a    SW
 2  25.5  32.1   9:45p  20.6  12:25a  39.6   0.0  0.01   2.0  27.0   9:45p   ESE
 3  17.3  25.1  12:15a  12.1   7:30a  47.7   0.0  0.00  14.6  38.0  12:45a     W
 4   9.4  15.9  12:15a   3.4  11:45p  55.6   0.0  0.00  15.5  33.0   9:30p     W
 5   6.3   9.7   3:00p   2.4   4:30a  58.7   0.0  0.00  19.2  41.0   3:00p     W
 6   9.6  15.2   3:00p  -0.2  10:45p  55.4   0.0  0.00  10.9  28.0  12:45p     W
 7   9.5  17.7   3:15p   0.7   6:00a  55.5   0.0  0.00  13.4  37.0   4:00p     W
 8  14.4  18.8   2:30p  10.2   6:00a  50.6   0.0  0.00  17.2  35.0   1:30a     W
 9  15.8  20.6  10:45p  11.4   9:45a  49.2   0.0  0.00  15.2  37.0   9:00a    NW
10  19.5  23.2   1:30p  17.3   9:30p  45.5   0.0  0.00  11.6  29.0  11:30a     W
11  20.0  27.3   3:15p  12.6   7:15a  45.0   0.0  0.00   6.7  25.0  12:15a     W
12  20.9  27.2   1:30p  12.1  12:00m  44.1   0.0  0.00  11.1  29.0  11:15a    NW
13   6.8  12.1  12:15a   0.3   5:45a  58.2   0.0  0.00   5.3  16.0   7:00a     N
14   7.5  14.9   2:45p   4.5   8:15p  57.5   0.0  0.00  11.2  38.0   8:00p    NW
15   6.7   9.7  12:00m   2.6   7:00a  58.3   0.0  0.00  18.2  44.0   4:00a    NW
16  15.4  20.3   2:15p   9.7  12:15a  49.6   0.0  0.00  17.6  44.0  12:00p   WNW
17  17.7  29.8   3:15p   7.2   5:45a  47.3   0.0  0.02   6.2  21.0  12:45p     W
18  17.9  22.9   1:00p   4.8  12:00m  47.1   0.0  0.00  11.6  31.0  10:30a    NW
19   5.0  14.8   4:30p  -5.6   6:45a  60.0   0.0  0.00   8.3  27.0   1:00a    NW
20  30.1  44.1   3:15p   6.9   1:30a  34.9   0.0  0.04   5.8  25.0   1:00p     W
21  31.1  35.9  12:15a  21.0  11:30p  33.9   0.0  0.01   8.0  24.0   4:15a    NW
22  25.1  33.8   9:30p  16.5   7:15a  39.9   0.0  0.04   3.3  33.0  11:15p    SW
23  18.0  30.4  12:15a  11.9  11:45p  47.0   0.0  0.00  15.8  35.0   3:00p    NW
24  14.2  22.9   2:45p   7.7   5:45a  50.8   0.0  0.00  14.6  35.0   6:45a    NW
25  20.6  29.1   2:30p  11.9   6:45a  44.4   0.0  0.07   5.4  17.0   3:15a     W
26  24.1  26.3  10:00p  21.3   6:15a  40.9   0.0  0.00   4.3  14.0   1:15a    SE
27  29.2  34.9  12:30p  24.1   5:15a  35.8   0.0  0.17   3.1  13.0   8:00p     N
28  26.7  35.2   2:30p  17.3  10:45p  38.3   0.0  0.00   7.8  19.0  12:15p   WNW
-------------------------------------------------------------------------------------
    17.4  44.1    20    -5.6    19  1332.5   0.0  0.37  10.3  44.0    15       W

Max >=  90.0:  0
Max <=  32.0: 21
Min <=  32.0: 28
Min <=   0.0:  2
Max Rain: 0.17 ON 02/27/07
Days of Rain: 5 (>.01 in) 1 (>.1 in) 0 (>1 in)
Heat Base:  65.0  Cool Base:  65.0  Method: Integration