NOAA-Style Climate Report Archive

for Hessville, NY - Since March 2004

(Reports Generated by WeatherLink)

Report for 2007 January
                   MONTHLY CLIMATOLOGICAL SUMMARY for JAN. 2007

NAME: Indian Trail Weather   CITY: Hessville   STATE: New York 
ELEV:  1041 ft  LAT:  42° 51' 52" N  LONG:  74° 43' 15" W

                   TEMPERATURE (°F), RAIN  (in), WIND SPEED (mph)

                                      HEAT  COOL        AVG
    MEAN                              DEG   DEG         WIND                 DOM
DAY TEMP  HIGH   TIME   LOW    TIME   DAYS  DAYS  RAIN  SPEED HIGH   TIME    DIR
------------------------------------------------------------------------------------
 1  40.1  50.7   3:15p  30.9   1:00a  23.4   0.0  0.24   3.2  20.0   7:00p     W
 2  35.1  42.1  12:15a  31.3  10:15p  27.1   0.0  0.00  11.9  34.0  11:15a    NW
 3  39.3  48.8   1:30p  29.4   4:45a  25.7   0.0  0.00   8.6  26.0   1:30p   WSW
 4  46.4  54.2   1:30p  37.2   7:45a  18.6   0.0  0.00   7.3  27.0   8:15p   WSW
 5  54.5  59.5   3:15p  42.6   7:00a  10.5   0.0  0.31   5.1  34.0   9:45a   WSW
 6  55.3  64.8  12:15p  40.3  12:00m   9.7   0.0  0.23  15.8  40.0   5:45p   WSW
 7  38.9  44.2   2:00p  35.2  11:15p  26.1   0.0  0.11   6.5  32.0  12:15a    NW
 8  39.3  53.1  10:45a  31.9  10:30p  25.7   0.0  0.64  11.3  44.0  11:30a     W
 9  30.8  35.9  12:00p  27.5  12:00m  34.2   0.0  0.00  12.3  39.0   1:15a     W
10  22.3  27.6  12:15a  17.3  12:00m  42.7   0.0  0.00  12.3  39.0   2:30p    NW
11  24.0  33.4  10:30p  14.6   8:00a  41.0   0.0  0.00   3.8  22.0   9:15p   ESE
12  37.9  47.6  12:00m  26.7   7:30a  27.1   0.0  0.02   7.1  25.0   7:15p     W
13  41.2  51.1   8:00a  30.1  12:00m  23.8   0.0  0.21   8.2  28.0   1:30a     W
14  33.1  37.2   3:45p  28.5   3:00a  31.9   0.0  0.13   2.2  13.0   7:15p   WSW
15  35.2  39.3  10:15p  30.4   5:30a  29.8   0.0  0.41   0.9  16.0   2:45a   WSW
16  19.8  35.5  12:15a   7.0  12:00m  45.2   0.0  0.00   5.7  21.0   1:15p    NW
17   7.7  16.5   3:00p  -1.4   6:15a  57.3   0.0  0.00   5.1  20.0  12:45p    NW
18  19.2  30.7   1:15p   8.4   3:45a  38.2   0.0  0.00   1.7  17.0  12:45p    SW
19  28.5  32.2  10:15a  24.2  12:00m  33.1   0.0  0.02  11.7  37.0   9:15p     W
20  15.9  24.4  12:15a   8.1  12:00m  49.1   0.0  0.00  15.9  36.0  12:45a    NW
21   9.7  18.9   3:15p   0.7   5:45a  55.3   0.0  0.00   5.4  18.0   7:45a     W
22  16.2  18.9  10:30p  12.9   7:15a  48.8   0.0  0.00   2.9  11.0   7:00a     E
23  23.3  28.8   9:00p  15.9   4:45a  41.7   0.0  0.07   4.1  21.0   9:00p     W
24  24.8  29.3  12:15p  13.5  11:45p  40.2   0.0  0.00   8.5  26.0   5:45a     W
25   8.6  13.8  12:30a  -3.5  11:45p  56.4   0.0  0.00   7.6  28.0   3:30p    NW
26   0.4   7.2   3:15p  -7.7   3:15a  64.6   0.0  0.00   8.7  30.0   1:15p    NW
27   8.4  15.9  11:45p   3.0  12:30a  56.6   0.0  0.00   2.6  10.0   5:45a   ESE
28  23.5  31.2   1:55p  15.1  11:45p  41.4   0.0  0.06   6.5  20.0   3:15a     N
29  12.7  18.1   2:55p   7.0   6:10a  52.3   0.0  0.00  10.1  27.0   2:05p     W
30  17.6  25.1   2:00p  10.2   6:30a  47.4   0.0  0.00   4.9  17.0  12:05a     W
31  19.6  24.4   2:55p  15.1   4:10a  45.4   0.0  0.00   9.4  34.0  12:35p     W
-------------------------------------------------------------------------------------
    26.8  64.8     6    -7.7    26  1170.3   0.0  2.45   7.3  44.0     8       W

Max >=  90.0:  0
Max <=  32.0: 15
Min <=  32.0: 27
Min <=   0.0:  3
Max Rain: 0.64 ON 01/08/07
Days of Rain: 12 (>.01 in) 8 (>.1 in) 0 (>1 in)
Heat Base:  65.0  Cool Base:  65.0  Method: Integration