NOAA-Style Climate Report Archive

for Hessville, NY - Since March 2004

(Reports Generated by WeatherLink)

Report for 2007
                            ANNUAL CLIMATOLOGICAL SUMMARY

NAME: Indian Trail Weather  CITY: Hessville   STATE: New York  
ELEV:  1041 ft  LAT:  42° 51' 52" N  LONG:  74° 43' 15" W

               TEMPERATURE (°F), HEAT BASE 65.0, COOL BASE 65.0
                          DEP.  HEAT  COOL                                          
        MEAN  MEAN        FROM  DEG   DEG                        MAX  MAX  MIN  MIN 
 YR MO  MAX   MIN   MEAN  NORM  DAYS  DAYS  HI  DATE  LOW  DATE  >=90 <=32 <=32 <=0 
------------------------------------------------------------------------------------
 07  1  34.2  18.8  26.8   6.3  1170     0  64.8   6  -7.7   26    0   15   27    3
 07  2  24.4  10.1  17.4  -5.9  1333     0  44.1  20  -5.6   19    0   21   28    2
 07  3  39.5  21.5  30.7  -0.7  1061     0  64.0  14  -8.6    9    0   10   24    4
 07  4  50.4  35.5  42.6  -1.7   679     9  80.8  23  17.5    7    0    1    9    0
 07  5  69.2  46.8  58.0   2.7   275    60  84.1  24  34.8    7    0    0    0    0
 07  6  76.7  55.3  65.7   1.7   105   125  90.4  26  38.5    7    2    0    0    0
 07  7  77.6  57.8  67.6  -0.3    63   145  91.7  10  46.7    2    2    0    0    0
 07  8  77.5  58.3  67.7   1.3    76   160  91.3  25  45.0   19    1    0    0    0
 07  9  74.4  52.6  62.7   3.5   163    93  91.9   7  36.9   17    1    0    0    0
 07 10  65.4  47.0  55.4   7.5   332    31  85.7   6  27.7   29    0    0    1    0
 07 11  42.5  27.7  35.1  -2.5   896     0  61.1  14  10.9   24    0    3   22    0
 07 12  36.6  27.8  32.5   6.4   162     0  41.8  29  18.5   31    0    0    4    0
------------------------------------------------------------------------------------
        57.4  39.3  48.2   1.5  6315   623  91.9 SEP  -8.6  MAR    6   50  115    9

                                PRECIPITATION (in)

               DEP.   MAX        DAYS OF RAIN 
               FROM   OBS.          OVER
 YR MO  TOTAL  NORM   DAY  DATE .01   .1   1
---------------------------------------------
 07  1  2.45  -0.77  0.64    8   12    8    0
 07  2  0.37  -2.55  0.17   27    5    1    0
 07  3  2.87  -1.24  0.98   26   10    6    0
 07  4  5.71   1.73  2.57   16   15   11    1
 07  5  3.72  -0.60  1.41   10   10    7    1
 07  6  1.74  -2.87  0.34   27   11    5    0
 07  7  5.01   0.63  1.06   19   11    7    1
 07  8  3.18  -1.12  1.13   10    9    7    1
 07  9  2.63  -1.32  0.54   10    9    7    0
 07 10  7.13   3.04  1.29   27   16   12    2
 07 11  5.38   1.51  1.58   15   14    9    2
 07 12  0.87  -2.47  0.48   31    5    3    0
---------------------------------------------
       41.06 -6.03  2.57  APR  127   83    8

                                WIND SPEED (mph)
                          DOM
 YR MO   AVG.  HI   DATE  DIR
---------------------------------
 07  1   7.3  44.0    8     W
 07  2  10.3  44.0   15     W
 07  3   8.7  41.0    4     W
 07  4   7.6  41.0   23     W
 07  5   6.2  36.0   15     W
 07  6   5.8  34.0    8     W
 07  7   4.9  31.0   15     W
 07  8   5.0  40.0   25     W
 07  9   5.4  34.0   12     W
 07 10   5.5  41.0   28     W
 07 11   6.7  41.0   27    NW
 07 12   7.2  34.0   31   WNW
---------------------------------
         6.7  44.0  JAN    W