NOAA-Style Climate Report Archive

for Hessville, NY - Since March 2004

(Reports Generated by WeatherLink)

Report for 2006 December
                   MONTHLY CLIMATOLOGICAL SUMMARY for DEC. 2006

NAME: Indian Trail Weather   CITY: Hessville   STATE: New York 
ELEV:  1041 ft  LAT:  42° 51' 52" N  LONG:  74° 43' 15" W

                   TEMPERATURE (°F), RAIN  (in), WIND SPEED (mph)

                                      HEAT  COOL        AVG
    MEAN                              DEG   DEG         WIND                 DOM
DAY TEMP  HIGH   TIME   LOW    TIME   DAYS  DAYS  RAIN  SPEED HIGH   TIME    DIR
------------------------------------------------------------------------------------
 1  51.5  62.9  12:15a  41.9  12:00m  13.5   0.0  0.72   7.5  46.0   7:15p   ESE
 2  36.1  41.9  12:15a  33.2  11:30p  28.9   0.0  0.00  19.5  47.0   2:45a   WNW
 3  36.2  42.8  12:15p  28.2   7:15a  28.8   0.0  0.00   8.5  22.0   1:45p   WSW
 4  26.0  33.5  12:15a  19.7  10:45p  39.0   0.0  0.00  10.0  32.0   4:00p    NW
 5  23.2  28.4   2:15p  18.6   6:30p  41.8   0.0  0.00   5.8  21.0  11:00a     W
 6  31.9  41.2   9:00p  17.2   2:15a  33.1   0.0  0.00   8.8  42.0  11:15a    SW
 7  31.7  41.6   1:00a  15.2  12:00m  33.3   0.0  0.02  10.3  31.0   1:15a   WNW
 8  14.3  22.2  12:00m   5.0   8:15a  50.7   0.0  0.00  12.1  30.0   6:45p    NW
 9  28.5  34.1   2:30p  21.8  12:15a  36.5   0.0  0.00  10.4  28.0   4:45a     W
10  38.4  46.7   2:45p  32.5   4:45a  26.0   0.0  0.00   9.2  26.0   1:15a   WSW
11  39.5  41.8  11:15a  37.3   5:45a  25.5   0.0  0.00   5.9  18.0  11:00a     W
12  38.6  39.9   1:45p  37.5   8:30a  26.4   0.0  0.00   4.6  13.0   9:45a   ESE
13  46.1  52.5   1:30p  38.2   5:00a  18.9   0.0  0.11   7.8  30.0   3:00p   WSW
14  47.5  56.5   2:00p  35.5   3:30a  17.5   0.0  0.00   8.7  33.0   8:30p    SW
15  48.0  54.2   2:30p  40.5   9:15p  17.0   0.0  0.04   9.1  29.0   6:00p   WSW
16  37.3  40.9  12:15a  30.0  12:00m  27.7   0.0  0.01  10.5  35.0   5:00a   WNW
17  44.6  53.8  12:45p  29.3   3:30a  20.4   0.0  0.02   7.4  32.0  11:45a     W
18  41.8  48.8  12:15a  35.5  12:00m  23.2   0.0  0.03   9.2  34.0   6:00p    NW
19  32.7  37.2   2:00p  29.7   7:30a  32.3   0.0  0.02   8.0  30.0   1:45p    NW
20  34.8  43.6   2:00p  26.6   6:45a  30.2   0.0  0.01   8.8  27.0   9:00p   WSW
21  38.2  45.5   2:30p  31.0  12:00m  26.8   0.0  0.00  10.3  28.0  11:00a     W
22  32.3  37.6  11:45p  26.7   3:45a  32.7   0.0  0.34   3.3  17.0  10:30a   ESE
23  42.8  49.8   3:30p  37.5  12:15a  22.2   0.0  0.43   4.6  27.0  11:15p    NW
24  38.7  42.9   3:00p  33.8  11:30p  26.3   0.0  0.05  12.6  34.0   5:45a   WNW
25  34.0  37.8  11:45p  28.2   7:00a  31.0   0.0  0.23   2.9  14.0   1:00a   ESE
26  38.8  44.6   2:15p  35.0  12:00m  26.0   0.0  0.44   4.9  22.0   4:30p    NW
27  31.5  35.5   1:00a  29.3   9:00a  33.5   0.0  0.00  10.6  27.0  12:45p    NW
28  35.5  40.5  12:00p  30.3   1:00a  29.5   0.0  0.00   9.1  27.0  11:30a     W
29  28.1  34.6  12:30a  21.1   8:30p  36.9   0.0  0.00   4.6  13.0   6:15p   ESE
30  26.2  35.3   2:30p  21.8   6:00a  38.8   0.0  0.00   5.8  27.0   3:45p    NW
31  30.1  35.0   2:15p  23.8   6:45a  29.1   0.0  0.06   3.8  18.0   2:30a    NW
-------------------------------------------------------------------------------------
    35.6  62.9     1     5.0     8   903.5   0.0  2.53   8.2  47.0     2       W

Max >=  90.0:  0
Max <=  32.0:  2
Min <=  32.0: 19
Min <=   0.0:  0
Max Rain: 0.72 ON 12/01/06
Days of Rain: 13 (>.01 in) 6 (>.1 in) 0 (>1 in)
Heat Base:  65.0  Cool Base:  65.0  Method: Integration