NOAA-Style Climate Report Archive

for Hessville, NY - Since March 2004

(Reports Generated by WeatherLink)

Report for 2006 November
                   MONTHLY CLIMATOLOGICAL SUMMARY for NOV. 2006

NAME: Indian Trail Weather   CITY: Hessville   STATE: New York 
ELEV:  1041 ft  LAT:  42° 51' 52" N  LONG:  74° 43' 15" W

                   TEMPERATURE (°F), RAIN  (in), WIND SPEED (mph)

                                      HEAT  COOL        AVG
    MEAN                              DEG   DEG         WIND                 DOM
DAY TEMP  HIGH   TIME   LOW    TIME   DAYS  DAYS  RAIN  SPEED HIGH   TIME    DIR
------------------------------------------------------------------------------------
 1  46.7  56.9  12:15a  38.0   8:45p  18.3   0.0  0.11   5.5  27.0   2:00a     W
 2  37.4  44.5  12:00p  31.6   8:15p  27.6   0.0  0.14   7.5  22.0  12:45p    NW
 3  32.5  37.5  12:15p  29.3  11:00p  32.5   0.0  0.01   9.5  29.0   1:00a     W
 4  32.7  39.8   2:15p  28.4   9:00p  32.3   0.0  0.00   5.5  20.0   3:15a     W
 5  37.6  45.8   1:00p  30.4   5:00a  27.4   0.0  0.00   4.4  24.0  11:15p   WSW
 6  45.4  59.0   3:15p  36.9   6:30a  19.6   0.0  0.00   4.6  20.0  12:30a   WSW
 7  44.2  53.8   1:00p  35.8   5:30a  20.8   0.0  0.01   1.5  12.0   1:00a   ENE
 8  50.5  57.2  11:45p  42.8   1:00a  14.5   0.0  0.67   1.7  10.0   2:45p   ESE
 9  55.7  59.0   3:00p  51.1  12:00m   9.3   0.0  0.03   8.5  32.0   8:00p    NW
10  43.5  51.0  12:15a  34.1  12:00m  21.5   0.0  0.00   9.2  35.0   1:30a    NW
11  46.2  55.6   2:15p  34.4   2:15a  18.8   0.0  0.21   1.5  11.0  12:30p   ESE
12  44.7  54.8  12:15a  42.1  11:30a  20.3   0.0  0.20   3.1  14.0  12:45a     N
13  50.5  56.0   9:45p  43.5   1:15a  14.5   0.0  0.11   1.9  10.0  12:30p    SE
14  53.6  59.2  12:30p  48.6   7:45p  11.4   0.0  0.36   2.4  11.0   1:30p    NW
15  53.0  56.7   4:00p  48.5  12:15a  12.0   0.0  0.06   1.2   8.0   7:15p   ESE
16  61.9  68.3  12:15p  55.1  12:15a   3.5   0.4  1.72   5.3  31.0   7:15p   ESE
17  51.5  68.4  12:15a  40.3  11:15p  13.5   0.0  0.01   9.7  37.0  12:30a    NW
18  39.9  43.2  12:00p  37.6   8:30a  25.1   0.0  0.02   6.2  22.0   2:00a    NW
19  36.3  39.5  12:15p  31.5  12:00m  28.7   0.0  0.03   5.1  18.0   1:15p    NW
20  31.8  34.9   1:30p  30.1   2:00a  33.2   0.0  0.01   6.7  21.0   2:30p    NW
21  31.4  37.3   3:00p  25.7  10:15p  33.6   0.0  0.00   4.2  18.0   1:00p    NW
22  31.6  41.5   2:45p  23.2   5:15a  33.4   0.0  0.01   1.8  12.0  12:45p   SSW
23  38.6  44.3   4:00p  32.4   1:00a  26.4   0.0  0.00   3.4  14.0  10:15p   SSE
24  39.4  50.8   3:15p  29.1  12:00m  25.6   0.0  0.00   5.1  18.0   5:00a     W
25  35.6  48.5   2:45p  25.1   3:45a  29.4   0.0  0.01   1.2   8.0  12:45p   WNW
26  42.5  58.3   2:45p  32.8   2:00a  22.5   0.0  0.00   2.1  12.0   2:15p   ESE
27  50.9  63.9   1:30p  41.1   3:15a  14.1   0.0  0.00   3.5  16.0  11:00a   WSW
28  44.8  52.9  12:15a  38.0   9:15p  20.2   0.0  0.00   1.9  10.0   3:00a   ESE
29  48.4  58.7  12:00m  39.6  12:30a  16.6   0.0  0.00   1.4  18.0  12:00m     E
30  60.5  66.4  12:45p  51.3   6:15a   4.5   0.0  0.02  11.3  34.0   4:15p   WSW
-------------------------------------------------------------------------------------
    44.0  68.4    17    23.2    22   631.1   0.4  3.74   4.6  37.0    17      NW

Max >=  90.0:  0
Max <=  32.0:  0
Min <=  32.0: 10
Min <=   0.0:  0
Max Rain: 1.72 ON 11/16/06
Days of Rain: 13 (>.01 in) 8 (>.1 in) 1 (>1 in)
Heat Base:  65.0  Cool Base:  65.0  Method: Integration