NOAA-Style Climate Report Archive

for Hessville, NY - Since March 2004

(Reports Generated by WeatherLink)

Report for 2006 October
                   MONTHLY CLIMATOLOGICAL SUMMARY for OCT. 2006

NAME: Indian Trail Weather   CITY: Hessville   STATE: New York 
ELEV:  1041 ft  LAT:  42° 51' 52" N  LONG:  74° 43' 15" W

                   TEMPERATURE (°F), RAIN  (in), WIND SPEED (mph)

                                      HEAT  COOL        AVG
    MEAN                              DEG   DEG         WIND                 DOM
DAY TEMP  HIGH   TIME   LOW    TIME   DAYS  DAYS  RAIN  SPEED HIGH   TIME    DIR
------------------------------------------------------------------------------------
 1  55.0  62.7   3:00p  50.4   3:15a  10.0   0.0  0.31   2.5  20.0   3:15p   ESE
 2  56.1  64.0   3:30p  47.3  10:45p   8.9   0.0  0.00   6.7  24.0   9:30a    NW
 3  58.1  68.8  11:45a  46.3   6:30a   7.3   0.4  0.02   2.8  18.0   2:30p   WSW
 4  62.7  73.0   2:45p  53.7  12:00m   3.9   1.6  0.26   6.5  33.0   8:15p   WSW
 5  50.0  57.7   3:45p  39.5  11:45p  15.0   0.0  0.00   4.8  21.0  12:30a     N
 6  45.3  56.3   3:45p  37.2   6:30a  19.7   0.0  0.00   2.8  16.0   1:30p   SSW
 7  46.4  61.2   6:00p  33.8   6:15a  18.6   0.0  0.00   2.0  12.0  11:45a     W
 8  52.2  71.1   2:45p  37.3   7:15a  13.6   0.9  0.00   2.4  10.0   2:45p     W
 9  60.2  74.0   3:00p  46.8   4:45a   6.7   1.9  0.00   4.6  17.0   2:15p     W
10  55.5  65.8   3:30p  46.8  12:00m   9.5   0.0  0.00   3.4  14.0   1:15a     W
11  52.3  61.2   1:30p  44.5   5:45a  12.7   0.0  0.07   6.6  24.0   3:15p   ESE
12  53.8  62.1   3:00p  35.2  12:00m  11.2   0.0  0.17   7.1  28.0   9:15a   ESE
13  39.4  50.1   2:30p  29.3   4:45a  25.6   0.0  0.00   7.6  27.0   1:30p    SW
14  42.6  54.5   1:45p  36.2   7:30p  22.4   0.0  0.00   9.7  33.0   5:45p     W
15  40.7  49.8  12:45p  31.0   5:00a  24.3   0.0  0.00   5.5  21.0  10:45a   WSW
16  44.2  59.5   4:30p  31.6   7:00a  20.8   0.0  0.00   3.6  25.0   1:30p   WSW
17  45.2  54.8  11:45p  38.2   5:00a  19.8   0.0  0.74   3.7  16.0   4:45p   ESE
18  56.1  61.6   2:30a  52.9  10:15p   8.9   0.0  0.12   5.4  25.0   1:15a     N
19  57.3  68.6   3:30p  51.7   4:45a   7.8   0.2  0.33   3.1  24.0   6:15p   WSW
20  46.1  54.5  12:15a  37.5  12:00m  18.9   0.0  1.38   8.8  36.0   2:45p    NW
21  39.9  46.5   3:15p  35.5   7:15a  25.1   0.0  0.00   9.3  27.0   3:30p    NW
22  41.2  46.2   1:00p  38.9   1:30a  23.8   0.0  0.07   2.1  12.0  11:45a     E
23  41.3  46.1   4:15a  36.2  11:30p  23.7   0.0  0.04   9.6  29.0   2:15p     W
24  39.1  42.9   1:00p  36.2   7:30a  25.9   0.0  0.06  10.3  27.0   7:45p    NW
25  40.2  44.9   2:30p  38.2   3:30a  24.8   0.0  0.02  11.9  30.0  11:30a    NW
26  37.7  41.2   3:15p  34.9   6:45a  27.3   0.0  0.00   8.1  22.0   2:45p    NW
27  39.2  48.9   3:00p  29.5   5:30a  25.8   0.0  0.05   4.3  13.0   3:15p     E
28  46.4  54.7   1:45p  39.8  11:45p  18.6   0.0  2.06   8.9  37.0   9:30p   ESE
29  40.2  44.8  12:00p  37.6   6:15a  24.8   0.0  0.05  22.9  51.0   9:30a     W
30  43.4  53.8   3:00p  35.6  11:30p  21.6   0.0  0.00  11.0  51.0   9:15p     W
31  52.5  68.8  12:00p  33.2   4:00a  13.0   0.4  0.01   5.6  26.0   1:45p     W
-------------------------------------------------------------------------------------
    47.8  74.0     9    29.3    13   540.0   5.4  5.76   6.6  51.0    29       W

Max >=  90.0:  0
Max <=  32.0:  0
Min <=  32.0:  4
Min <=   0.0:  0
Max Rain: 2.06 ON 10/28/06
Days of Rain: 16 (>.01 in) 8 (>.1 in) 2 (>1 in)
Heat Base:  65.0  Cool Base:  65.0  Method: Integration