NOAA-Style Climate Report Archive

for Hessville, NY - Since March 2004

(Reports Generated by WeatherLink)

Report for 2006 September
                   MONTHLY CLIMATOLOGICAL SUMMARY for SEP. 2006

NAME: Indian Trail Weather   CITY: Hessville   STATE: New York 
ELEV:  1041 ft  LAT:  42° 51' 52" N  LONG:  74° 43' 15" W

                   TEMPERATURE (°F), RAIN  (in), WIND SPEED (mph)

                                      HEAT  COOL        AVG
    MEAN                              DEG   DEG         WIND                 DOM
DAY TEMP  HIGH   TIME   LOW    TIME   DAYS  DAYS  RAIN  SPEED HIGH   TIME    DIR
------------------------------------------------------------------------------------
 1  60.2  68.8   3:30p  51.6   6:00a   5.4   0.6  0.01   0.0   1.0   5:00p     E
 2  57.6  61.8   2:30p  55.3   8:00a   7.4   0.0  0.24   0.0   0.0     ---   ---
 3  60.1  67.5   5:00p  55.6   1:00a   5.0   0.1  0.19   0.0   0.0     ---   ---
 4  60.6  66.3   4:00p  57.2  11:30p   4.4   0.0  0.00   0.0   0.0     ---   ---
 5  60.0  64.5   1:30p  55.9   3:00a   5.0   0.0  0.02   0.0   0.0     ---   ---
 6  63.2  73.0   5:00p  57.1   4:30a   3.1   1.3  0.01   0.0   0.0     ---   ---
 7  64.6  75.3   4:00p  58.0   1:30a   2.6   2.2  0.00   0.0   0.0     ---   ---
 8  66.7  78.7   3:00p  54.9   7:00a   2.5   4.2  0.00   0.0  16.0   7:30p     S
 9  65.9  77.8   1:30p  56.5  12:00m   1.5   2.4  0.12   0.0   0.0     ---   ---
10  56.3  65.7   2:30p  47.2   7:30a   8.7   0.0  0.00   0.0   0.0     ---   ---
11  52.7  63.9   4:00p  41.3   7:00a  12.3   0.0  0.00   0.0   0.0     ---   ---
12  54.0  65.8   4:30p  40.8   6:30a  11.0   0.0  0.00   0.0   0.0     ---   ---
13  56.1  60.3   2:00p  51.8   6:30a   8.9   0.0  0.22   0.0   0.0     ---   ---
14  60.9  66.5   5:30p  54.6   3:30a   4.2   0.1  0.49   0.0   0.0     ---   ---
15  64.7  69.8   2:00p  60.6   9:30p   1.3   1.0  0.02   0.0   0.0     ---   ---
16  64.8  73.2   2:15p  57.5   4:00a   2.1   1.9  0.00   0.0   0.0     ---   ---
17  66.0  77.4   4:00p  55.6   6:45a   1.9   2.7  0.00   0.0   0.0     ---   ---
18  69.1  80.5   4:00p  58.5   6:45a   1.0   5.1  0.00   0.0   0.0     ---   ---
19  63.7  69.1  12:30a  56.4  12:00m   1.8   0.7  0.03   0.0   0.0     ---   ---
20  53.8  58.6  11:45a  48.4  12:00m  11.2   0.0  0.30   0.0   0.0     ---   ---
21  50.1  60.1   4:15p  40.7   7:00a  14.9   0.0  0.00   0.0   0.0     ---   ---
22  54.3  67.5   3:00p  40.4   5:30a  10.8   0.1  0.01   0.5  11.0  10:30p   SSW
23  62.3  69.8   3:00p  54.7   7:00a   3.9   1.2  0.34   4.4  21.0  12:30p     W
24  66.0  75.3  10:45a  55.5  10:15p   1.7   2.8  0.26  11.6  36.0  11:30a   WSW
25  55.1  60.7   4:15p  48.4   8:30p   9.1   0.0  0.02   5.7  20.0   4:45a     W
26  54.3  62.3   2:15p  45.1  11:45p  10.7   0.0  0.00   8.5  37.0   1:30a     W
27  56.3  71.3   2:45p  40.0   7:00a   9.7   1.1  0.00   4.9  24.0   2:45p    SW
28  62.4  72.0   1:45p  55.9   7:30a   3.8   1.2  0.58   7.6  29.0  11:30a   SSW
29  50.9  57.9   1:00a  42.0   8:45p  14.1   0.0  0.16   8.6  28.0   1:45p    NW
30  48.3  59.0   1:45p  36.8   6:15a  16.7   0.0  0.05   3.6  25.0   3:30p   ESE
-------------------------------------------------------------------------------------
    59.4  80.5    18    36.8    30   196.7  28.7  3.07   1.8  37.0    26       W

Max >=  90.0:  0
Max <=  32.0:  0
Min <=  32.0:  0
Min <=   0.0:  0
Max Rain: 0.58 ON 09/28/06
Days of Rain: 15 (>.01 in) 10 (>.1 in) 0 (>1 in)
Heat Base:  65.0  Cool Base:  65.0  Method: Integration