NOAA-Style Climate Report Archive

for Hessville, NY - Since March 2004

(Reports Generated by WeatherLink)

Report for 2006 August
                   MONTHLY CLIMATOLOGICAL SUMMARY for AUG. 2006

NAME: Indian Trail Weather   CITY: Hessville   STATE: New York 
ELEV:  1041 ft  LAT:  42° 51' 52" N  LONG:  74° 43' 15" W

                   TEMPERATURE (°F), RAIN  (in), WIND SPEED (mph)

                                      HEAT  COOL        AVG
    MEAN                              DEG   DEG         WIND                 DOM
DAY TEMP  HIGH   TIME   LOW    TIME   DAYS  DAYS  RAIN  SPEED HIGH   TIME    DIR
------------------------------------------------------------------------------------
 1  83.1  93.1   4:00p  72.3  12:30a   0.0  18.1  0.00   7.6  21.0   4:30p     W
 2  80.3  91.4   1:30p  73.7   9:30p   0.0  15.3  0.69   9.3  39.0   2:00p     W
 3  77.5  81.6   4:00p  72.3  12:00m   0.0  12.5  0.01   6.0  25.0  12:30a    NW
 4  73.4  81.4   2:00p  66.2   6:00a   0.0   8.4  1.02   6.2  22.0   4:30p    NW
 5  69.9  77.4   4:00p  61.2  12:00m   0.4   5.3  0.01   5.8  22.0   1:00a     N
 6  68.8  82.6   3:30p  54.1   6:00a   2.6   6.4  0.02   2.5  19.0  12:00m    SW
 7  76.3  86.1   3:00p  67.5   6:30a   0.0  11.3  0.07   7.3  24.0   3:00p     W
 8  68.5  75.3   4:30p  59.7  12:00m   0.4   3.9  0.04   7.6  21.0   4:00p    NW
 9  66.4  78.5   5:30p  54.3   4:30a   3.1   4.5  0.01   3.6  13.0   8:00a     W
10  67.4  78.8   2:30p  57.5  12:30a   1.9   4.2  0.00   5.4  27.0   6:00p    NW
11  62.9  71.0   2:00p  53.1   5:30a   3.7   1.6  0.00   4.9  20.0   4:00p     N
12  60.3  70.6   4:30p  50.0   3:00a   5.7   1.0  0.00   6.4  26.0  12:30p    NW
13  62.9  73.2   4:00p  51.8   4:00a   4.5   2.3  0.00   5.9  22.0   2:30p     W
14  67.9  80.3   2:00p  55.2   2:30a   2.9   5.8  0.02   4.2  21.0  12:00p   WSW
15  70.3  78.5   3:00p  62.5  12:00m   0.2   5.5  0.07   8.7  25.0   2:30p    NW
16  67.1  76.2   5:30p  59.2   6:30a   1.5   3.7  0.00   5.8  16.0   8:00a     W
17  67.5  79.4   4:00p  54.1   6:30a   2.4   4.9  0.00   2.1  11.0   3:00p   ENE
18  72.2  83.4   3:30p  60.7   4:30a   0.6   7.8  0.00   5.5  22.0  11:30a   WSW
19  69.5  72.7  12:30a  67.8   6:30p   0.0   4.5  0.39   3.5  22.0   1:00a   WSW
20  70.6  79.8   3:00p  62.2  11:30p   0.2   5.8  0.96   7.4  26.0   5:00p    NW
21  65.4  74.9   3:30p  54.0  12:00m   2.4   2.8  0.00   7.9  26.0   8:30a    NW
22  67.7  79.2   4:30p  54.4   1:00a   2.4   5.1  0.00   5.4  18.0   2:30p     W
23  66.0  74.6   1:30p  58.2   5:30a   1.6   2.6  0.00   4.8  19.0   2:30p     N
24  63.8  72.2   2:30p  56.5   7:30a   2.9   1.7  0.00   2.3  14.0  11:00a     W
25  61.1  67.8   4:00p  56.1   5:00a   4.1   0.3  0.04   2.2  12.0   2:30p    SE
26  61.3  65.4   3:00p  58.0   6:00a   3.7   0.0  0.15   4.4  17.0   2:00a   ESE
27  60.7  63.4   1:00p  58.6   5:30a   4.3   0.0  0.22   2.1  12.0   2:30p   ESE
28  66.3  75.6   3:00p  59.7   3:00a   1.9   3.3  0.01   2.1  12.0   1:00p   SSE
29  64.5  66.6   4:00a  59.5   9:30a   0.8   0.3  1.90   3.6  14.0   8:30a     E
30  66.5  75.5   2:30p  58.0  10:30p   1.2   2.7  0.01   0.5   7.0  12:30a    NE
31  58.8  70.3   6:00p  49.0   6:00a   7.0   0.8  0.00   0.0   0.0     ---   ---
-------------------------------------------------------------------------------------
    67.9  93.1     1    49.0    31    62.4 152.4  5.64   4.9  39.0     2       W

Max >=  90.0:  2
Max <=  32.0:  0
Min <=  32.0:  0
Min <=   0.0:  0
Max Rain: 1.90 ON 08/29/06
Days of Rain: 13 (>.01 in) 7 (>.1 in) 2 (>1 in)
Heat Base:  65.0  Cool Base:  65.0  Method: Integration