NOAA-Style Climate Report Archive

for Hessville, NY - Since March 2004

(Reports Generated by WeatherLink)

Report for 2006 July
                   MONTHLY CLIMATOLOGICAL SUMMARY for JUL. 2006

NAME: Indian Trail Weather   CITY: Hessville   STATE: New York 
ELEV:  1041 ft  LAT:  42° 51' 52" N  LONG:  74° 43' 15" W

                   TEMPERATURE (°F), RAIN  (in), WIND SPEED (mph)

                                      HEAT  COOL        AVG
    MEAN                              DEG   DEG         WIND                 DOM
DAY TEMP  HIGH   TIME   LOW    TIME   DAYS  DAYS  RAIN  SPEED HIGH   TIME    DIR
------------------------------------------------------------------------------------
 1  70.1  81.1   3:30p  57.7  12:30a   1.7   6.8  0.00   8.4  26.0   1:00p     W
 2  75.4  85.1   4:00p  69.8   7:30a   0.0  10.4  0.12  12.5  37.0   7:00p     W
 3  72.2  83.2   3:30p  62.9   5:00a   0.1   7.4  0.08   3.2  25.0   7:00p     W
 4  73.0  79.8   3:30p  66.2   1:30a   0.0   6.3  0.05   4.2  24.0   2:00p     W
 5  67.7  74.8   4:30p  57.2  12:00m   0.9   3.6  0.00   7.1  28.0   2:30p   WNW
 6  64.0  71.7   5:00p  55.0   5:30a   2.9   1.9  0.00   6.0  22.0   3:30p     N
 7  67.5  77.6   3:00p  56.5   5:30a   2.2   4.7  0.00   5.6  17.0   3:00p   WNW
 8  69.4  80.9   4:00p  57.8   6:00a   1.3   5.7  0.00   3.0  11.0   2:00a     W
 9  72.1  82.4   3:00p  62.5   6:00a   0.3   7.4  0.00   3.8  18.0   3:00p     W
10  74.0  83.0   4:30p  63.7   5:00a   0.1   9.1  0.00   5.8  26.0  11:30p   WSW
11  72.2  81.1   5:30p  63.4   6:30a   0.1   7.3  0.70   4.9  20.0  12:30a     N
12  69.5  76.0   5:00p  63.6   2:00a   0.1   4.6  1.49   4.7  26.0   6:30p   WSW
13  73.2  82.2   5:00p  66.8   6:30a   0.0   8.0  0.03   5.6  20.0   6:30a     W
14  76.3  87.6   6:30p  65.7   6:00a   0.0  11.3  0.00   4.4  14.0   2:00a     W
15  71.9  79.2   6:30p  66.6   6:30a   0.0   6.9  0.10   2.9  16.0   7:00p   WSW
16  77.6  88.8   5:30p  67.3   6:00a   0.0  12.6  0.00   5.2  18.0   2:00p     W
17  81.2  90.3   4:30p  73.7   4:30a   0.0  16.2  0.00   6.5  19.0   4:30a     W
18  77.9  86.1   4:00p  67.8  12:00m   0.0  12.9  0.00   6.8  20.0   5:30a   WNW
19  73.4  84.0   4:00p  61.4   4:30a   0.5   8.8  0.00   2.6  14.0  12:30a    SE
20  74.4  84.0   4:30p  62.6   6:00a   0.2   9.6  0.00   3.3  14.0   5:30p    SE
21  75.0  83.4   3:00p  68.6   6:00a   0.0  10.0  0.01   4.2  17.0   9:30a     N
22  66.5  70.1  12:30a  61.1  11:30p   0.2   1.7  3.86   3.0  18.0   1:00p     N
23  66.1  76.9   6:30p  60.1   1:30a   2.1   3.2  0.07   4.4  18.0   1:00p     N
24  69.6  80.1   4:00p  58.9   6:00a   1.5   6.1  0.00   4.8  21.0   4:00p     W
25  75.5  86.5   3:30p  66.5   4:30a   0.0  10.5  0.23   6.9  26.0  10:00a   WSW
26  75.3  86.1   3:30p  63.4   6:30a   0.1  10.3  0.00   2.7  16.0  12:00p     W
27  78.0  87.2   3:00p  70.1   2:30a   0.0  12.4  0.01   6.4  25.0   8:30p   WSW
28  73.1  81.1   1:30p  68.1  10:30p   0.0   8.1  0.64   6.3  26.0  12:30p     W
29  73.9  85.7   3:30p  68.5  12:30a   0.0   8.9  0.26   7.6  25.0   5:00p     W
30  73.2  79.6   3:30p  64.4  11:00p   0.0   8.2  0.00   7.1  20.0   3:00p    NW
31  74.2  86.3   5:30p  60.6   5:00a   0.7   9.9  0.00   3.1  14.0   1:00p     W
-------------------------------------------------------------------------------------
    72.7  90.3    17    55.0     6    15.0 250.8  7.65   5.3  37.0     2       W

Max >=  90.0:  1
Max <=  32.0:  0
Min <=  32.0:  0
Min <=   0.0:  0
Max Rain: 3.86 ON 07/22/06
Days of Rain: 12 (>.01 in) 7 (>.1 in) 2 (>1 in)
Heat Base:  65.0  Cool Base:  65.0  Method: Integration