NOAA-Style Climate Report Archive

for Hessville, NY - Since March 2004

(Reports Generated by WeatherLink)

Report for 2006 June
                   MONTHLY CLIMATOLOGICAL SUMMARY for JUN. 2006

NAME: Indian Trail Weather   CITY: Hessville   STATE: New York 
ELEV:  1041 ft  LAT:  42° 51' 52" N  LONG:  74° 43' 15" W

                   TEMPERATURE (°F), RAIN  (in), WIND SPEED (mph)

                                      HEAT  COOL        AVG
    MEAN                              DEG   DEG         WIND                 DOM
DAY TEMP  HIGH   TIME   LOW    TIME   DAYS  DAYS  RAIN  SPEED HIGH   TIME    DIR
------------------------------------------------------------------------------------
 1  71.6  81.3   4:00p  66.2  12:00m   0.0   6.6  0.03   3.7  20.0   1:30p     W
 2  64.1  68.5   4:30p  60.9   5:30a   1.4   0.5  0.07   1.5  10.0   2:00a     S
 3  57.7  60.9  12:30a  53.5   6:00a   7.3   0.0  2.21   5.2  21.0   3:00a   ENE
 4  56.5  61.4   3:00p  53.8  11:00p   8.5   0.0  0.26   2.7  13.0   7:00a    NE
 5  62.3  73.4   4:00p  54.0   2:00a   4.8   2.1  0.00   2.5  12.0   3:00a     N
 6  61.8  72.5   5:00p  49.6   4:30a   5.0   1.8  0.00   2.6  14.0   3:00p     E
 7  58.3  63.3  12:30p  54.9   2:30a   6.7   0.0  0.93   1.8  16.0   5:00p   WNW
 8  58.0  60.3  11:30a  55.6   9:00a   7.0   0.0  0.34   1.2  10.0   7:00a   WNW
 9  58.9  68.5   4:00p  53.0  12:00m   6.3   0.2  0.50   5.1  28.0  12:00m    NW
10  50.4  53.4   2:00p  47.9   6:30a  14.6   0.0  0.23  15.1  37.0   5:30p    NW
11  50.6  55.3   3:00p  45.9   5:00a  14.4   0.0  0.00  11.7  32.0   8:00a    NW
12  59.1  70.0   4:30p  52.2   1:00a   6.4   0.5  0.00   7.1  24.0   8:00p    NW
13  64.4  76.2   5:00p  51.9   4:30a   4.1   3.5  0.00   5.9  17.0  11:30a     N
14  64.1  72.3  12:00p  54.9   6:00a   2.8   1.8  0.08   3.0  12.0   9:30a     W
15  65.3  74.8   3:00p  58.0   3:00a   2.3   2.6  0.02   7.5  28.0   6:00p     N
16  67.9  79.4   4:00p  57.7   4:00a   2.4   5.3  0.00   6.9  22.0   3:30p    NW
17  68.6  82.8   4:30p  57.1   9:00a   2.4   6.0  0.73   4.5  21.0   1:00p     W
18  78.7  89.0   4:30p  64.7   6:00a   0.0  13.7  0.00   5.6  20.0   2:30a     W
19  73.2  85.5   1:30p  60.9  11:30p   0.2   8.4  0.48   6.5  32.0   3:30p     W
20  68.2  76.9   2:30p  58.5  12:00m   0.6   3.8  0.16   7.6  33.0   5:30p     W
21  67.1  79.2   5:00p  55.2   5:30a   2.5   4.6  0.00   3.9  18.0   5:30a     W
22  73.5  82.8   4:00p  63.3   6:30a   0.1   8.6  0.11   4.1  20.0  11:00a     W
23  73.2  79.2   1:00p  67.3  10:30p   0.0   8.2  0.00   5.3  17.0  12:30p     W
24  71.1  81.4   6:00p  64.2  12:00m   0.0   6.1  0.01   2.2  11.0   8:30a     W
25  66.7  75.5  12:30p  59.5   5:00a   1.1   2.8  0.27   2.9  16.0  12:30p   ESE
26  69.2  73.7   6:00p  64.5  12:30a   0.0   4.2  1.62   3.0  16.0   3:00p   ESE
27  70.9  77.4  12:30p  68.6   5:00a   0.0   5.9  2.53   2.0  12.0   4:30p    SE
28  71.4  79.6   5:30p  67.6  12:00m   0.0   6.4  3.27   2.3  16.0  12:00m    SE
29  71.2  81.8   3:30p  58.9  12:00m   0.4   6.6  0.03   4.5  35.0   8:30p     W
30  65.6  75.3   5:30p  55.8  12:00m   2.6   3.2  0.00   7.8  30.0   2:30p    NW
-------------------------------------------------------------------------------------
    65.3  89.0    18    45.9    11   103.9 113.4 13.88   4.9  37.0    10       W

Max >=  90.0:  0
Max <=  32.0:  0
Min <=  32.0:  0
Min <=   0.0:  0
Max Rain: 3.27 ON 06/28/06
Days of Rain: 19 (>.01 in) 14 (>.1 in) 4 (>1 in)
Heat Base:  65.0  Cool Base:  65.0  Method: Integration