NOAA-Style Climate Report Archive

for Hessville, NY - Since March 2004

(Reports Generated by WeatherLink)

Report for 2006 May
                   MONTHLY CLIMATOLOGICAL SUMMARY for MAY. 2006

NAME: Indian Trail Weather   CITY: Hessville   STATE: New York 
ELEV:  1041 ft  LAT:  42° 51' 52" N  LONG:  74° 43' 15" W

                   TEMPERATURE (°F), RAIN  (in), WIND SPEED (mph)

                                      HEAT  COOL        AVG
    MEAN                              DEG   DEG         WIND                 DOM
DAY TEMP  HIGH   TIME   LOW    TIME   DAYS  DAYS  RAIN  SPEED HIGH   TIME    DIR
------------------------------------------------------------------------------------
 1  58.7  70.5   5:00p  41.4   6:30a   7.3   1.0  0.00   4.6  25.0  11:30a     E
 2  50.6  62.5   4:00p  39.8   5:00a  14.4   0.0  0.00   4.0  21.0   5:00p   ESE
 3  53.0  62.3   3:30p  45.0  12:30a  12.0   0.0  0.00   3.1  14.0   1:30p     N
 4  62.2  77.2   4:30p  46.6   6:00a   6.0   3.2  0.08   6.2  25.0   3:30p    NW
 5  57.6  66.6   2:30p  48.1   6:30a   7.5   0.1  0.00   8.7  32.0   4:30p     W
 6  47.2  55.3  12:00p  43.0   4:30p  17.8   0.0  0.08   6.4  28.0   4:00p    NW
 7  48.4  61.5   5:00p  34.9   6:00a  16.6   0.0  0.00   4.5  19.0  12:00p     W
 8  55.6  69.5   3:00p  39.5   5:00a  10.1   0.8  0.00   3.8  19.0   3:00p     E
 9  56.7  67.6   4:30p  46.6   6:00a   8.4   0.1  0.00   2.1  16.0   4:00p     W
10  59.1  68.8   4:30p  49.0   3:30a   6.3   0.4  0.00   4.8  20.0   1:00p    SE
11  58.5  65.4   1:30p  53.3   5:30a   6.5   0.0  0.00  12.1  32.0   2:30p    SE
12  56.6  60.3   1:30p  54.7  12:00m   8.4   0.0  0.91  12.5  30.0   3:00a   ESE
13  54.8  64.1   1:30p  49.1  12:00m  10.2   0.0  0.02   8.9  31.0   6:00p   ESE
14  50.0  53.0   4:00p  47.8   5:30a  15.0   0.0  0.07   6.6  21.0  12:00p   ESE
15  51.7  58.8   1:00p  48.1   3:30a  13.3   0.0  0.40   6.5  18.0  10:00a    SE
16  53.1  57.4   1:30p  49.0  12:00m  11.9   0.0  0.11   3.5  14.0   6:00p     W
17  55.4  66.8   3:00p  47.8   4:00a   9.7   0.0  0.00   8.1  26.0   4:30p     W
18  58.7  71.7   1:00p  48.7   6:00a   7.2   0.9  0.12   4.2  27.0   5:00p   WSW
19  52.4  61.1   2:30p  46.2   6:30a  12.6   0.0  0.01   5.9  27.0   6:30p     W
20  49.2  53.5  11:00a  46.6  11:00p  15.8   0.0  0.07  11.0  29.0   1:30p     W
21  44.5  51.9   8:30a  39.0   6:30p  20.5   0.0  0.93   9.9  35.0   3:30p     W
22  42.5  47.0   2:30p  38.2   6:30a  22.5   0.0  0.06  13.4  32.0   3:30a    NW
23  46.4  52.8   4:30p  40.5   4:30a  18.6   0.0  0.00  10.7  28.0   5:30a    NW
24  55.8  66.2   4:00p  46.2   2:00a   9.3   0.1  0.00   9.0  29.0   2:00p    NW
25  62.6  79.2   3:30p  42.0   6:00a   6.3   3.9  0.00   4.9  25.0   6:00p     W
26  63.5  68.6  10:30a  55.3   6:00a   2.3   0.8  1.15   1.6  10.0  12:30a   ENE
27  66.6  74.2   3:00p  57.7  12:00m   1.2   2.8  0.02   6.3  22.0   5:00p    NW
28  65.8  79.6   4:30p  51.2   6:00a   3.6   4.4  0.00   2.5  13.0  12:30a     W
29  72.3  84.7   4:00p  59.7   3:00a   1.2   8.5  0.00   4.9  19.0   3:30p    NW
30  72.0  90.5   4:00p  63.6  11:30p   0.1   7.2  0.51   3.0  37.0   4:30p     W
31  69.0  83.8   3:30p  61.4   2:30a   0.8   4.8  0.45   3.5  36.0   7:30p   WSW
-------------------------------------------------------------------------------------
    56.5  90.5    30    34.9     7   303.4  39.0  4.99   6.4  37.0    30       W

Max >=  90.0:  1
Max <=  32.0:  0
Min <=  32.0:  0
Min <=   0.0:  0
Max Rain: 1.15 ON 05/26/06
Days of Rain: 15 (>.01 in) 8 (>.1 in) 1 (>1 in)
Heat Base:  65.0  Cool Base:  65.0  Method: Integration