NOAA-Style Climate Report Archive

for Hessville, NY - Since March 2004

(Reports Generated by WeatherLink)

Report for 2006 April
                   MONTHLY CLIMATOLOGICAL SUMMARY for APR. 2006

NAME: Indian Trail Weather   CITY: Hessville   STATE: New York 
ELEV:  1041 ft  LAT:  42° 51' 52" N  LONG:  74° 43' 15" W

                   TEMPERATURE (°F), RAIN  (in), WIND SPEED (mph)

                                      HEAT  COOL        AVG
    MEAN                              DEG   DEG         WIND                 DOM
DAY TEMP  HIGH   TIME   LOW    TIME   DAYS  DAYS  RAIN  SPEED HIGH   TIME    DIR
------------------------------------------------------------------------------------
 1  52.7  65.8   9:00a  40.0  12:00m  12.3   0.0  0.27  11.9  42.0   7:00p    NW
 2  44.1  55.9   5:00p  35.2   7:00a  20.1   0.0  0.00   9.0  29.0   8:30a    NW
 3  43.5  58.8   3:00p  36.0   1:00a  21.5   0.0  0.24   6.8  28.0   5:00p    SE
 4  35.9  40.7   4:30a  32.0  10:30p  29.1   0.0  0.38  10.5  34.0   3:30p    NW
 5  32.3  38.2   5:00p  24.0   6:30a  32.7   0.0  0.00   8.0  29.0   2:30p    NW
 6  36.7  42.5   4:00p  32.3   2:00a  28.3   0.0  0.00   8.9  24.0   7:00a    NW
 7  39.7  47.8   6:30p  31.8   5:30a  25.3   0.0  0.39   3.4  17.0   9:30p     N
 8  34.5  41.8  12:30a  28.9   9:30a  30.5   0.0  0.00   9.7  25.0   3:30a    NW
 9  37.3  50.7   5:00p  24.3   6:00a  27.7   0.0  0.00   8.3  25.0   3:30p    NW
10  43.1  56.7   4:30p  29.6   2:00a  21.9   0.0  0.00   6.9  25.0   1:30p    NW
11  49.5  66.3   4:30p  33.3   5:00a  15.5   0.1  0.00   3.4  14.0   6:30p     E
12  57.2  76.2   2:00p  41.4   6:30a   9.4   1.5  0.00   6.4  31.0   5:00p    SW
13  59.2  66.2   2:30p  48.5  11:30p   5.8   0.0  0.00  13.0  37.0   2:00a    NW
14  52.4  58.3   1:30p  43.0   6:00a  12.6   0.0  0.11   2.8  16.0   2:30p     W
15  55.9  62.9   2:30p  47.6  11:00p   9.1   0.0  0.42  12.5  35.0   4:30p    NW
16  46.5  54.7   5:00p  41.5   6:00a  18.5   0.0  0.00  10.6  29.0   3:00p    NW
17  47.8  57.1   5:30p  36.2   6:00a  17.2   0.0  0.00   5.8  22.0   6:30p     N
18  54.3  69.1   4:30p  38.4   7:00a  11.1   0.4  0.00   6.2  24.0   3:30p     N
19  59.0  72.7   4:30p  44.1   6:00a   7.2   1.3  0.00   8.2  28.0   6:00p     N
20  59.1  72.7   3:30p  44.3   6:30a   7.5   1.5  0.00   7.2  24.0   4:00p   WNW
21  56.8  67.1   2:30p  41.5   6:00a   8.4   0.2  0.00   8.3  24.0   1:00p   ESE
22  40.7  53.8  12:30a  37.2  12:30p  24.3   0.0  1.90  12.3  28.0  12:30p    SE
23  41.3  47.0   8:30p  36.4   6:30a  23.7   0.0  1.21   8.2  22.0   9:00a   ESE
24  46.0  49.6   1:30p  42.8   7:00a  19.0   0.0  0.09   6.4  26.0   7:00p   WNW
25  45.5  54.6  12:30p  34.2  12:00m  19.5   0.0  0.00  11.2  32.0   2:00p    NW
26  44.7  58.0   5:30p  30.3   5:30a  20.3   0.0  0.00   8.8  28.0   3:00p     W
27  48.9  57.7   3:30p  38.1   7:00a  16.1   0.0  0.00   6.5  22.0  12:00p     N
28  45.1  56.8   5:00p  30.5   6:30a  19.9   0.0  0.00   4.6  21.0  12:30p     N
29  48.8  63.3   6:00p  30.8   5:30a  16.2   0.0  0.00   2.7  19.0  11:30a   WSW
30  54.5  69.0   4:30p  36.1   5:00a  11.1   0.6  0.00   4.1  19.0   2:30p     E
-------------------------------------------------------------------------------------
    47.1  76.2    12    24.0     5   541.8   5.6  5.01   7.8  42.0     1      NW

Max >=  90.0:  0
Max <=  32.0:  0
Min <=  32.0:  9
Min <=   0.0:  0
Max Rain: 1.90 ON 04/22/06
Days of Rain: 9 (>.01 in) 8 (>.1 in) 2 (>1 in)
Heat Base:  65.0  Cool Base:  65.0  Method: Integration