NOAA-Style Climate Report Archive

for Hessville, NY - Since March 2004

(Reports Generated by WeatherLink)

Report for 2006 March
                   MONTHLY CLIMATOLOGICAL SUMMARY for MAR. 2006

NAME: Indian Trail Weather   CITY: Hessville   STATE: New York 
ELEV:  1041 ft  LAT:  42° 51' 52" N  LONG:  74° 43' 15" W

                   TEMPERATURE (°F), RAIN  (in), WIND SPEED (mph)

                                      HEAT  COOL        AVG
    MEAN                              DEG   DEG         WIND                 DOM
DAY TEMP  HIGH   TIME   LOW    TIME   DAYS  DAYS  RAIN  SPEED HIGH   TIME    DIR
------------------------------------------------------------------------------------
 1  17.4  25.5   3:00p  10.6   7:30a  47.6   0.0  0.00   9.6  33.0  11:30a    NW
 2  22.4  29.5  12:00p  13.0   2:00a  42.6   0.0  0.00   6.7  24.0   7:30p     W
 3  15.2  19.4  12:00m  10.4   6:30a  49.8   0.0  0.00  14.7  36.0   3:00p    NW
 4  23.5  28.3   3:00p  19.3   5:30a  41.5   0.0  0.00  16.0  33.0   4:30p    NW
 5  26.6  34.3   2:00p  21.5   9:00p  38.4   0.0  0.00  12.7  31.0   1:30p    NW
 6  26.5  39.0   2:00p  16.6   4:30a  38.5   0.0  0.00   8.7  22.0   8:00a    NW
 7  23.1  34.3   2:30p  13.0   7:00a  41.9   0.0  0.00   8.8  24.0   6:30p    NW
 8  29.8  50.4   2:30p  13.0   6:30a  35.2   0.0  0.00   3.7  17.0  12:30a     W
 9  34.5  37.8  10:00p  31.4   9:30a  30.5   0.0  0.21   1.0  11.0   2:30p     S
10  47.2  62.3  11:00a  36.8   1:00a  17.8   0.0  0.00  12.2  51.0   4:00p    NW
11  41.8  51.8   3:30p  34.3  11:00p  23.2   0.0  0.00   7.3  26.0  12:30a    NW
12  42.3  55.0  11:30a  32.1   2:00a  22.7   0.0  0.03   2.0  19.0  11:30a     N
13  51.1  62.0   3:30p  45.6   5:30a  13.9   0.0  1.02   3.9  27.0   4:00p    SE
14  40.5  58.8   3:00a  29.0   8:30p  24.5   0.0  0.37  15.3  39.0   8:00p    NW
15  28.5  32.3   1:00p  26.5   7:00p  36.5   0.0  0.01  18.3  46.0  10:00a    NW
16  28.1  32.4   3:00p  24.4   7:30a  36.9   0.0  0.00  14.3  36.0   1:00a    NW
17  23.3  28.4   2:30p  17.4   5:30a  41.7   0.0  0.00  11.1  33.0   3:30p    NW
18  22.9  28.4  11:30a  17.4   4:00a  42.1   0.0  0.00  11.5  32.0  12:00p    NW
19  23.3  27.8   2:30p  16.4   5:30a  41.7   0.0  0.00  10.9  32.0  12:30p    NW
20  21.7  27.2   1:30p  18.2  12:00m  43.3   0.0  0.00  10.5  27.0  11:30a    NW
21  24.0  33.1   3:00p  17.2   3:30a  41.0   0.0  0.00  11.1  25.0   6:00a    NW
22  27.7  33.1   1:00p  22.0   1:30a  37.3   0.0  0.00   9.2  26.0   3:00p    NW
23  34.2  42.8   4:00p  28.7   2:30a  30.8   0.0  0.00   9.6  24.0   9:30a    NW
24  36.8  46.4   1:30p  30.9   3:30a  28.2   0.0  0.11   3.6  16.0   3:00p     W
25  37.0  44.0   2:00p  32.9   5:30a  28.0   0.0  0.05   3.0  14.0   2:30p   NNW
26  37.2  43.0   1:00p  33.0  12:00m  27.8   0.0  0.01   8.7  27.0  12:30p    NW
27  37.9  48.4   2:30p  30.2   6:30a  27.1   0.0  0.00   9.8  26.0   3:00p    NW
28  41.3  55.0   4:00p  27.5   6:00a  23.7   0.0  0.00   4.0  16.0  12:30p     W
29  44.2  56.8   3:00p  30.5   6:00a  20.9   0.0  0.00   6.6  20.0   3:30p     W
30  48.7  63.9   4:00p  33.3   6:00a  16.3   0.0  0.00   4.6  24.0  11:00a     W
31  59.2  75.8   3:00p  40.1   6:00a   8.4   2.6  0.00   6.2  30.0  10:30p    SW
-------------------------------------------------------------------------------------
    32.8  75.8    31    10.4     3   999.8   2.6  1.81   8.9  51.0    10      NW

Max >=  90.0:  0
Max <=  32.0:  8
Min <=  32.0: 23
Min <=   0.0:  0
Max Rain: 1.02 ON 03/13/06
Days of Rain: 6 (>.01 in) 4 (>.1 in) 1 (>1 in)
Heat Base:  65.0  Cool Base:  65.0  Method: Integration