NOAA-Style Climate Report Archive

for Hessville, NY - Since March 2004

(Reports Generated by WeatherLink)

Report for 2006 February
                   MONTHLY CLIMATOLOGICAL SUMMARY for FEB. 2006

NAME: Indian Trail Weather   CITY: Hessville   STATE: New York 
ELEV:  1041 ft  LAT:  42° 51' 52" N  LONG:  74° 43' 15" W

                   TEMPERATURE (°F), RAIN  (in), WIND SPEED (mph)

                                      HEAT  COOL        AVG
    MEAN                              DEG   DEG         WIND                 DOM
DAY TEMP  HIGH   TIME   LOW    TIME   DAYS  DAYS  RAIN  SPEED HIGH   TIME    DIR
------------------------------------------------------------------------------------
 1  29.9  32.6   2:30p  28.1   8:00p  35.1   0.0  0.00   5.2  24.0   2:00a   NNW
 2  33.3  42.7   2:30p  23.2   7:00a  31.7   0.0  0.05   1.1   8.0   4:30p   ESE
 3  42.6  51.6   1:30p  35.7   1:00a  22.4   0.0  0.54   9.4  35.0   2:30p     W
 4  39.4  44.5   2:00p  30.8   7:00a  25.6   0.0  0.17   7.0  26.0  10:00p   ESE
 5  37.5  43.4   2:00a  26.3  11:30p  27.5   0.0  0.15   9.8  33.0   8:30p     W
 6  27.7  30.9   1:30p  25.6   7:00a  37.3   0.0  0.01  17.6  41.0   4:30p     W
 7  21.9  27.1  12:30a  17.1  12:00m  43.1   0.0  0.00  11.0  35.0   3:30p    NW
 8  18.5  24.3   2:30p  10.7  11:30p  46.5   0.0  0.00   8.4  25.0   3:30p    NW
 9  16.6  25.9   2:00p   9.4   6:30a  48.4   0.0  0.00   8.7  29.0   2:00p   WNW
10  13.5  19.1   2:30p   6.0   7:00a  51.5   0.0  0.00   2.7  13.0   2:00a     N
11  18.9  26.3   4:00p  10.1   7:00a  46.1   0.0  0.01   2.3  13.0   9:00p   ESE
12  19.3  25.0   4:00p  11.6  12:00m  45.7   0.0  0.00   7.6  25.0   6:00p    NW
13  21.4  29.6   2:30p  11.4  12:30a  43.6   0.0  0.00  10.8  31.0   3:00p     W
14  31.3  38.2  11:00p  24.9   2:30a  33.7   0.0  0.00  10.7  29.0   4:30a     W
15  42.2  50.3   1:00p  34.9   2:00a  22.8   0.0  0.00   7.5  28.0  10:30a     W
16  42.4  53.7  11:30p  30.9   4:30a  22.6   0.0  0.00   4.1  37.0  12:00m     W
17  37.5  55.3   6:00a  20.1  11:30p  27.5   0.0  0.29  19.7  53.0  11:00a    NW
18  13.3  22.3   4:30a   6.2   9:00p  51.7   0.0  0.00  14.1  42.0   4:00p    NW
19  14.2  23.1   1:00p   6.2   3:00a  50.8   0.0  0.00   8.2  30.0   9:00a   WNW
20  19.6  28.4   2:30p  13.1  12:30a  45.4   0.0  0.00   7.8  24.0   9:00a     W
21  24.0  33.7   3:00p  13.3   1:00a  41.0   0.0  0.00   8.6  31.0   5:30p     W
22  29.9  42.0   3:30p  18.2   6:00a  35.1   0.0  0.00   4.5  18.0   1:30a   WSW
23  32.0  36.4   3:00p  26.6   5:00a  33.0   0.0  0.04   5.4  33.0  10:30p     W
24  23.3  29.6  12:30a  15.6  12:00m  41.7   0.0  0.00  17.6  41.0   4:30a    NW
25  19.8  37.5   3:00p   6.7  11:00p  45.2   0.0  0.00  10.0  46.0   7:30p    NW
26  11.2  18.2   2:00p   7.6  12:00m  53.8   0.0  0.00  11.1  29.0  10:30a    NW
27   9.0  20.1   2:30p  -2.2   6:30a  56.0   0.0  0.00  10.8  31.0   1:30p    NW
28  14.8  22.7   2:30p   4.7   5:30a  50.2   0.0  0.00  11.6  34.0   1:30p   WNW
-------------------------------------------------------------------------------------
    25.2  55.3    17    -2.2    27  1115.0   0.0  1.26   9.0  53.0    17       W

Max >=  90.0:  0
Max <=  32.0: 15
Min <=  32.0: 26
Min <=   0.0:  1
Max Rain: 0.54 ON 02/03/06
Days of Rain: 6 (>.01 in) 4 (>.1 in) 0 (>1 in)
Heat Base:  65.0  Cool Base:  65.0  Method: Integration