NOAA-Style Climate Report Archive

for Hessville, NY - Since March 2004

(Reports Generated by WeatherLink)

Report for 2006 January
                   MONTHLY CLIMATOLOGICAL SUMMARY for JAN. 2006

NAME: Indian Trail Weather   CITY: Hessville   STATE: New York 
ELEV:  1041 ft  LAT:  42° 51' 52" N  LONG:  74° 43' 15" W

                   TEMPERATURE (°F), RAIN  (in), WIND SPEED (mph)

                                      HEAT  COOL        AVG
    MEAN                              DEG   DEG         WIND                 DOM
DAY TEMP  HIGH   TIME   LOW    TIME   DAYS  DAYS  RAIN  SPEED HIGH   TIME    DIR
------------------------------------------------------------------------------------
 1  26.8  32.1  12:00m  21.3  12:30a  38.2   0.0  0.02   0.1   6.0   8:30p    SW
 2  32.8  35.8   1:00p  28.3   7:30a  32.2   0.0  2.29   2.7  12.0   8:30p   ESE
 3  32.4  33.9  12:00p  25.0  12:00m  32.6   0.0  0.03   6.0  17.0   5:30a   ESE
 4  24.2  28.0   5:30p  17.5   6:00a  40.8   0.0  0.03   1.3  10.0   7:00p   ESE
 5  32.8  39.5  11:30a  28.0  12:30a  32.2   0.0  0.34   5.7  28.0   9:00p   NNW
 6  25.1  30.5  12:30a  18.3  12:00m  39.9   0.0  0.00   8.6  25.0   4:00p   NNW
 7  19.4  25.9   3:00p   9.5   8:00a  45.6   0.0  0.00   3.6  20.0   2:00a   NNW
 8  26.5  35.5   1:30p  20.4   3:00a  38.5   0.0  0.02   1.1  13.0  11:30p    SE
 9  34.5  45.7  11:30a  28.4  12:30a  30.5   0.0  0.05   7.7  29.0   6:30p    NW
10  33.5  39.0   2:00p  24.4  11:00p  31.5   0.0  0.01   6.0  27.0  12:30a   WNW
11  34.5  47.6   1:00p  26.6   1:00a  30.5   0.0  0.15   3.1  36.0  10:30p   SSE
12  41.0  48.7   3:00p  37.7   6:30a  24.0   0.0  0.04   7.1  25.0  12:30p     W
13  37.5  46.3   3:30p  29.2   5:30a  27.5   0.0  0.00   1.0   8.0   9:00p   SSW
14  36.0  50.6   9:30a  18.6  12:00m  29.0   0.0  0.49   9.1  38.0   6:30p    NW
15   8.0  18.6  12:30a   0.3  11:30p  57.0   0.0  0.00  15.4  37.0   3:00a    NW
16  11.0  22.1   3:30p  -0.2   2:00a  54.0   0.0  0.00  10.4  28.0   7:30a    NW
17  20.6  34.8  12:00m   9.2   7:30a  44.4   0.0  0.00   6.3  18.0   8:30p    NW
18  35.3  47.6  12:00p  29.2  12:00m  29.7   0.0  1.69  12.9  41.0  11:00p   WNW
19  32.3  38.2   3:00p  27.7   4:30a  32.7   0.0  0.00   8.3  43.0   1:30a     W
20  46.2  52.1  12:00p  30.8  12:30a  18.8   0.0  0.00   9.9  32.0   9:30a     W
21  43.0  54.9  11:30a  27.4  12:00m  22.0   0.0  0.17  15.1  47.0   2:30p    NW
22  26.3  35.4   2:00p  19.3   7:30a  38.7   0.0  0.00   3.1  22.0  12:30a   WNW
23  28.7  34.5   5:30p  24.0   4:30a  36.3   0.0  0.14   2.1  16.0  12:00m   SSE
24  31.6  38.5   2:30p  23.2   5:00a  33.4   0.0  0.14   5.4  31.0   9:00p     W
25  32.3  35.4   1:30p  24.7  12:00m  32.7   0.0  0.10  12.3  32.0   1:00p     W
26  17.7  24.9  12:30a  14.3   7:00p  47.3   0.0  0.00  11.3  30.0  12:30p    NW
27  24.4  34.0   4:00p  14.0   5:30a  40.6   0.0  0.00   5.9  21.0  12:00p     W
28  39.2  47.2   2:00p  32.6  11:30p  25.8   0.0  0.02   8.4  26.0  12:00p     W
29  35.0  45.9  12:00m  31.7   5:00a  30.0   0.0  0.32   3.6  20.0  12:00m   ESE
30  45.3  53.8   1:00p  38.1  12:00m  19.7   0.0  0.01   5.5  24.0   1:00a     W
31  34.4  38.1  12:30a  31.1  12:00m  30.6   0.0  0.39   6.1  26.0   4:30p   NNW
-------------------------------------------------------------------------------------
    30.6  54.9    21    -0.2    16  1066.7   0.0  6.45   6.6  47.0    21      NW

Max >=  90.0:  0
Max <=  32.0:  6
Min <=  32.0: 28
Min <=   0.0:  1
Max Rain: 2.29 ON 01/02/06
Days of Rain: 18 (>.01 in) 10 (>.1 in) 2 (>1 in)
Heat Base:  65.0  Cool Base:  65.0  Method: Integration