NOAA-Style Climate Report Archive

for Hessville, NY - Since March 2004

(Reports Generated by WeatherLink)

Report for 2006
                            ANNUAL CLIMATOLOGICAL SUMMARY

NAME: Indian Trail Weather  CITY: Hessville   STATE: New York  
ELEV:  1041 ft  LAT:  42° 51' 52" N  LONG:  74° 43' 15" W

               TEMPERATURE (°F), HEAT BASE 65.0, COOL BASE 65.0
                          DEP.  HEAT  COOL                                          
        MEAN  MEAN        FROM  DEG   DEG                        MAX  MAX  MIN  MIN 
 YR MO  MAX   MIN   MEAN  NORM  DAYS  DAYS  HI  DATE  LOW  DATE  >=90 <=32 <=32 <=0 
------------------------------------------------------------------------------------
 06  1  38.6  22.9  30.6  10.1  1067     0  54.9  21  -0.2   16    0    6   28    1
 06  2  33.4  16.9  25.2   1.9  1115     0  55.3  17  -2.2   27    0   15   26    1
 06  3  42.2  24.9  32.8   1.4  1000     3  75.8  31  10.4    3    0    8   23    0
 06  4  57.7  36.3  47.1   2.8   542     6  76.2  12  24.0    5    0    0    9    0
 06  5  66.2  47.7  56.5   1.2   303    39  90.5  30  34.9    7    1    0    0    0
 06  6  73.7  57.9  65.3   1.3   104   113  89.0  18  45.9   11    0    0    0    0
 06  7  82.0  63.8  72.7   4.8    15   251  90.3  17  55.0    6    1    0    0    0
 06  8  76.7  59.3  67.9   1.5    62   152  93.1   1  49.0   31    2    0    0    0
 06  9  68.0  51.1  59.4   0.2   197    29  80.5  18  36.8   30    0    0    0    0
 06 10  57.1  39.4  47.8  -0.1   540     5  74.0   9  29.3   13    0    0    4    0
 06 11  52.1  36.9  44.0   6.4   631     0  68.4  17  23.2   22    0    0   10    0
 06 12  42.1  28.8  35.6   9.5   904     0  62.9   1   5.0    8    0    2   19    0
------------------------------------------------------------------------------------
        57.6  40.6  48.9   3.4  6479   598  93.1 AUG  -2.2  FEB    4   31  119    2

                                PRECIPITATION (in)

               DEP.   MAX        DAYS OF RAIN 
               FROM   OBS.          OVER
 YR MO  TOTAL  NORM   DAY  DATE .01   .1   1
---------------------------------------------
 06  1  6.45   3.23  2.29    2   18   10    2
 06  2  1.26  -1.66  0.54    3    6    4    0
 06  3  1.81  -2.30  1.02   13    6    4    1
 06  4  5.01   1.03  1.90   22    9    8    2
 06  5  4.99   0.67  1.15   26   15    8    1
 06  6 13.88   9.27  3.27   28   19   14    4
 06  7  7.65   3.27  3.86   22   12    7    2
 06  8  5.64   1.34  1.90   29   13    7    2
 06  9  3.07  -0.88  0.58   28   15   10    0
 06 10  5.76   1.67  2.06   28   16    8    2
 06 11  3.74  -0.13  1.72   16   13    8    1
 06 12  2.53  -0.81  0.72    1   13    6    0
---------------------------------------------
       61.79 14.70  3.86  JUL  155   94   17

                                WIND SPEED (mph)
                          DOM
 YR MO   AVG.  HI   DATE  DIR
---------------------------------
 06  1   6.6  47.0   21    NW
 06  2   9.0  53.0   17     W
 06  3   8.9  51.0   10    NW
 06  4   7.8  42.0    1    NW
 06  5   6.4  37.0   30     W
 06  6   4.9  37.0   10     W
 06  7   5.3  37.0    2     W
 06  8   4.9  39.0    2     W
 06  9   1.8  37.0   26     W
 06 10   6.6  51.0   29     W
 06 11   4.6  37.0   17    NW
 06 12   8.2  47.0    2     W
---------------------------------
         6.2  53.0  FEB   NW