NOAA-Style Climate Report Archive

for Hessville, NY - Since March 2004

(Reports Generated by WeatherLink)

Report for 2005 December
                   MONTHLY CLIMATOLOGICAL SUMMARY for DEC. 2005

NAME: Indian Trail Weather   CITY: Hessville   STATE: New York 
ELEV:  1041 ft  LAT:  42° 51' 52" N  LONG:  74° 43' 15" W

                   TEMPERATURE (°F), RAIN  (in), WIND SPEED (mph)

                                      HEAT  COOL        AVG
    MEAN                              DEG   DEG         WIND                 DOM
DAY TEMP  HIGH   TIME   LOW    TIME   DAYS  DAYS  RAIN  SPEED HIGH   TIME    DIR
------------------------------------------------------------------------------------
 1  33.4  35.7   1:30p  30.5   3:30a  31.6   0.0  0.00   2.6  16.0  12:30a   NNW
 2  29.8  34.2  11:00a  23.6  12:00m  35.2   0.0  0.00  16.6  44.0   5:30p   WNW
 3  24.2  27.1   4:00p  22.3   7:30a  40.8   0.0  0.00  13.5  32.0  12:30p   WNW
 4  24.3  26.8   1:00p  21.2   6:00a  40.7   0.0  0.00   6.5  27.0  10:00p     W
 5  27.0  34.0  12:00p  24.3   2:00a  38.0   0.0  0.00   7.3  30.0   3:00a     W
 6  24.4  28.0  11:00a  20.1  10:30p  40.6   0.0  0.00   8.1  34.0   8:30p   WNW
 7  17.7  22.4  12:00p  11.9  12:00m  47.3   0.0  0.00  13.1  31.0   2:00p     W
 8  15.5  24.7   2:00p   9.2   6:00a  49.5   0.0  0.00   5.0  16.0  12:30a     W
 9  24.0  30.8   1:30p  16.6   3:00a  41.0   0.0  0.04   9.7  42.0   3:00p     W
10  28.4  33.6   1:00p  23.1  12:00m  36.6   0.0  0.05   6.4  26.0   1:00a     W
11  28.8  32.6  12:30p  22.1   1:00a  36.2   0.0  0.01   7.1  24.0   7:00p     W
12  21.6  31.5  12:30a   4.3  12:00m  43.4   0.0  0.00  10.5  28.0   4:30a    NW
13   6.4  15.9   1:30p  -1.4   7:00a  58.6   0.0  0.00   5.4  14.0   4:30p     W
14   4.7  14.8   3:00p  -6.3   7:00a  60.3   0.0  0.00   2.1  10.0  12:30a   WSW
15  10.8  18.6  12:00m   0.0   7:00a  54.2   0.0  0.00   3.6  17.0  11:00p   ESE
16  27.7  34.0   2:30p  18.6  12:30a  37.3   0.0  0.00   8.4  22.0   1:00a   ESE
17  27.3  30.9   2:30p  21.0  11:00p  37.7   0.0  0.00   9.4  26.0   2:30a     W
18  24.7  27.8   1:00p  21.2  12:30a  40.3   0.0  0.00   6.0  17.0   1:00p     W
19  22.2  25.8   2:00a  18.6  10:00p  42.8   0.0  0.00  12.0  31.0   3:30p   WNW
20  19.5  24.6   9:30p  15.1   3:30a  45.5   0.0  0.00  12.6  32.0   5:00p     W
21  18.7  25.0   2:30p   8.3   7:30a  46.3   0.0  0.00   8.3  32.0   9:00p     W
22  25.1  31.5  12:00m  16.6   5:30a  39.9   0.0  0.00   7.8  28.0  12:30a   WSW
23  35.7  42.0  11:00p  31.5  12:30a  29.3   0.0  0.14   6.7  26.0   4:30a     W
24  37.9  41.0   2:00a  33.6  12:00m  27.1   0.0  0.16   2.2  17.0  12:30a   WNW
25  33.5  36.4  11:00p  28.4   6:00a  31.5   0.0  0.83   2.3  19.0   7:00p    SE
26  34.8  39.1  11:00a  28.1  12:00m  30.2   0.0  0.03   9.0  34.0   6:30p    NW
27  28.1  30.5   9:00p  25.6   7:30a  36.9   0.0  0.00  10.1  33.0   2:00a   NNW
28  28.2  33.0  11:30p  22.4   6:30a  36.8   0.0  0.00   1.5  10.0   4:00p    SE
29  37.0  42.4   7:00p  32.6  12:30a  28.0   0.0  0.62   3.5  28.0  12:00m    NW
30  27.1  34.6  12:30a  21.6  11:30p  37.9   0.0  0.01  10.4  31.0   1:00a    NW
31  21.1  24.1   1:00p  20.2   8:30a  43.9   0.0  0.00   4.9  14.0   5:00a   ESE
-------------------------------------------------------------------------------------
    24.8  42.4    29    -6.3    14  1245.4   0.0  1.89   7.5  44.0     2       W

Max >=  90.0:  0
Max <=  32.0: 18
Min <=  32.0: 29
Min <=   0.0:  3
Max Rain: 0.83 ON 12/25/05
Days of Rain: 7 (>.01 in) 4 (>.1 in) 0 (>1 in)
Heat Base:  65.0  Cool Base:  65.0  Method: Integration