NOAA-Style Climate Report Archive

for Hessville, NY - Since March 2004

(Reports Generated by WeatherLink)

Report for 2005 November
                   MONTHLY CLIMATOLOGICAL SUMMARY for NOV. 2005

NAME: Indian Trail Weather   CITY: Hessville   STATE: New York 
ELEV:  1041 ft  LAT:  42° 51' 52" N  LONG:  74° 43' 15" W

                   TEMPERATURE (°F), RAIN  (in), WIND SPEED (mph)

                                      HEAT  COOL        AVG
    MEAN                              DEG   DEG         WIND                 DOM
DAY TEMP  HIGH   TIME   LOW    TIME   DAYS  DAYS  RAIN  SPEED HIGH   TIME    DIR
------------------------------------------------------------------------------------
 1  53.5  67.1   1:00p  42.7  12:00m  11.6   0.1  0.31   7.1  29.0  11:00a   WSW
 2  42.5  47.8   1:30p  35.3  12:00m  22.0   0.0  0.09  10.7  30.0   8:00a    NW
 3  52.2  66.8   2:00p  33.9   2:30a  12.9   0.1  0.00  11.9  41.0  12:30p     W
 4  52.6  62.1   8:30p  41.7   5:00a  12.4   0.0  0.00   3.8  22.0   8:30p    SE
 5  58.5  69.4   2:00p  51.1   5:00a   6.9   0.4  0.00   5.6  19.0   2:30p     W
 6  55.6  71.5   1:30p  46.3   4:00a  10.1   0.7  0.37   6.1  34.0   7:00p   ESE
 7  46.8  51.5   2:30p  40.0  11:30p  18.2   0.0  0.01  13.1  37.0   7:30a   WNW
 8  45.7  50.8   2:00p  34.5  12:00m  19.3   0.0  0.00   8.2  26.0   4:00a     W
 9  36.6  54.6  11:30p  29.5   7:00a  28.4   0.0  1.43   3.9  34.0  11:30p   ESE
10  38.7  48.1  12:30a  31.7  12:00m  26.3   0.0  0.01  14.6  41.0  11:30a    NW
11  33.1  37.1   2:30p  29.2   6:00a  31.9   0.0  0.00   7.8  31.0   3:30p    NW
12  41.8  56.5   3:30p  32.3   7:00a  23.2   0.0  0.00   2.2  12.0   4:30a     W
13  49.7  62.5   3:00p  32.5   6:30a  15.3   0.0  0.00   5.9  34.0   8:30p   WSW
14  46.5  58.1   3:30a  33.0  10:00p  18.5   0.0  0.00  10.0  36.0  10:00a    NW
15  39.6  44.9  12:00m  34.1  12:30a  25.4   0.0  0.50   2.5  16.0   7:30a   ESE
16  52.8  69.2  10:00a  40.1  12:00m  12.6   0.4  0.94   8.1  36.0  11:00a    SW
17  33.6  40.3  12:30a  27.7  12:00m  31.4   0.0  0.00  11.3  32.0  10:00p    NW
18  26.1  29.3   2:30p  23.0  11:30p  38.9   0.0  0.00   5.0  22.0  12:30a    NW
19  30.8  39.7   2:00p  21.6   3:00a  34.2   0.0  0.00   3.5  20.0  11:30a    SW
20  42.9  53.1   2:00p  35.8  12:30a  22.1   0.0  0.00  11.6  29.0   3:30a     W
21  45.5  54.3   1:30p  39.0   6:00a  19.5   0.0  0.00   7.5  26.0  10:00a     W
22  33.7  41.0  12:30a  23.7  12:00m  31.3   0.0  0.26  10.5  37.0   2:00p   NNW
23  19.2  24.2   1:00p  12.7   9:30p  45.8   0.0  0.00   8.4  28.0  12:00p    NW
24  22.0  32.7   2:00p  12.9  11:00p  43.0   0.0  0.03   9.1  36.0   2:00p    SE
25  20.3  28.5   3:00p  12.9   2:00a  44.7   0.0  0.00  12.9  35.0   3:00a     W
26  22.7  27.1   3:30p  18.4   7:00a  42.3   0.0  0.00   1.9  17.0   1:00p    SW
27  28.2  33.2  11:30p  19.5   6:00a  36.8   0.0  0.02   1.6  10.0  11:30a   ESE
28  40.4  50.2  11:00p  32.7  12:30a  24.6   0.0  0.03   1.0  13.0  11:30p   WSW
29  59.4  66.9  11:30a  48.6   2:00a   5.7   0.1  0.75   9.1  35.0  12:00p   SSE
30  40.9  50.2   2:00a  34.1  12:00m  24.1   0.0  0.14   6.8  22.0   2:30p    NW
-------------------------------------------------------------------------------------
    40.4  71.5     6    12.7    23   739.4   1.8  4.89   7.4  41.0     3       W

Max >=  90.0:  0
Max <=  32.0:  4
Min <=  32.0: 12
Min <=   0.0:  0
Max Rain: 1.43 ON 11/09/05
Days of Rain: 12 (>.01 in) 8 (>.1 in) 1 (>1 in)
Heat Base:  65.0  Cool Base:  65.0  Method: Integration