NOAA-Style Climate Report Archive

for Hessville, NY - Since March 2004

(Reports Generated by WeatherLink)

Report for 2005 October
                   MONTHLY CLIMATOLOGICAL SUMMARY for OCT. 2005

NAME: Indian Trail Weather   CITY: Hessville   STATE: New York 
ELEV:  1041 ft  LAT:  42° 51' 52" N  LONG:  74° 43' 15" W

                   TEMPERATURE (°F), RAIN  (in), WIND SPEED (mph)

                                      HEAT  COOL        AVG
    MEAN                              DEG   DEG         WIND                 DOM
DAY TEMP  HIGH   TIME   LOW    TIME   DAYS  DAYS  RAIN  SPEED HIGH   TIME    DIR
------------------------------------------------------------------------------------
 1  56.0  74.4   4:00p  38.1   7:00a  11.0   1.9  0.00   2.1  14.0   1:00p     W
 2  60.5  75.8   4:00p  46.9   7:00a   6.9   2.4  0.00   1.3  10.0   1:00a   ENE
 3  60.9  77.0   4:00p  47.8   8:00a   6.5   2.4  0.00   1.7   8.0   1:00p   WNW
 4  62.1  78.1   4:00p  49.0   8:00a   5.6   2.7  0.00   1.5   8.0   3:00p   WSW
 5  63.1  77.5   4:00p  50.3   7:00a   4.7   2.8  0.00   3.4  18.0  11:00a   WSW
 6  65.7  77.5   2:00p  53.9   8:00a   3.0   3.6  0.00   4.5  20.0   1:00p   WSW
 7  68.4  73.8  11:00a  65.3  12:00m   0.0   2.7  0.86   3.4  17.0   1:00p   ESE
 8  53.5  65.3   1:00a  46.9   7:00p  11.6   0.0  1.88   3.1  14.0   6:00a     N
 9  49.8  53.1   4:00p  47.4   1:00a  15.2   0.0  0.20   2.5  10.0   4:00p     N
10  53.1  56.7   4:00p  50.3   1:00a  11.9   0.0  0.04   2.1   8.0   1:00a    SE
11  55.2  60.2   2:00p  53.1  11:00p   9.8   0.0  0.04   3.1  13.0   2:00p   ESE
12  48.8  53.4   1:00a  46.6   6:00p  16.2   0.0  0.70   8.7  25.0   8:00a   ESE
13  50.3  53.7   4:00p  46.8   1:00a  14.7   0.0  0.68   6.9  18.0   4:00a   ESE
14  54.9  57.3   4:00p  52.4   1:00a  10.1   0.0  1.06   1.4  11.0   1:00a    SE
15  55.4  62.2  12:00p  48.9  12:00m   9.6   0.0  0.54   8.4  33.0   2:00p    NW
16  48.4  51.5   1:00p  46.0  12:00m  16.6   0.0  0.12  18.4  43.0   3:00p    NW
17  45.6  49.6   2:00p  42.3  11:00p  19.4   0.0  0.01  11.9  34.0   7:00a    NW
18  50.3  57.8   2:00p  44.7   1:00a  14.7   0.0  0.09  11.0  30.0   2:00p     W
19  52.1  64.2   2:00p  44.7   8:00a  12.9   0.0  0.01  10.5  37.0   8:00p    NW
20  43.0  51.1   4:00p  35.7   7:00a  22.0   0.0  0.00   7.1  27.0   2:00a    NW
21  42.5  52.6   3:00p  33.6   6:00a  22.5   0.0  0.00   3.8  18.0   2:00p     N
22  39.1  41.4   7:00p  32.7   2:00a  25.9   0.0  1.41   5.8  24.0   7:00p     E
23  39.6  43.8   3:00p  34.4   5:00a  25.4   0.0  0.56   4.0  17.0   1:00a    NW
24  41.6  45.7  11:00a  35.4   8:00a  23.4   0.0  0.23   3.4  16.0   6:00p     E
25  39.0  41.3   1:00a  34.5   6:00p  26.0   0.0  1.62   6.8  27.0   1:00p    NE
26  37.1  40.8   4:00p  34.8   4:00a  27.9   0.0  0.27   9.9  28.0   7:00a    NW
27  36.3  38.8   2:00p  32.3  11:00p  28.7   0.0  0.01   4.9  17.0   4:00a   WNW
28  36.1  43.3   2:00p  31.7   7:00p  28.9   0.0  0.00   1.9  12.0   2:00p    NW
29  39.0  46.5   4:00p  32.4   3:00a  26.0   0.0  0.00   7.0  26.0   8:00p     N
30  48.9  59.1   3:00p  41.1  12:00m  16.1   0.0  0.00   9.8  31.0   4:00a    NW
31  52.0  64.8   3:00p  39.3   6:00a  13.0   0.0  0.00   6.3  20.0  11:00a     W
-------------------------------------------------------------------------------------
    49.9  78.1     4    31.7    28   486.2  18.5 10.33   5.7  43.0    16      NW

Max >=  90.0:  0
Max <=  32.0:  0
Min <=  32.0:  1
Min <=   0.0:  0
Max Rain: 1.88 ON 10/08/05
Days of Rain: 16 (>.01 in) 13 (>.1 in) 4 (>1 in)
Heat Base:  65.0  Cool Base:  65.0  Method: Integration