NOAA-Style Climate Report Archive

for Hessville, NY - Since March 2004

(Reports Generated by WeatherLink)

Report for 2005 September
                   MONTHLY CLIMATOLOGICAL SUMMARY for SEP. 2005

NAME: Indian Trail Weather   CITY: Hessville   STATE: New York 
ELEV:  1041 ft  LAT:  42° 51' 52" N  LONG:  74° 43' 15" W

                   TEMPERATURE (°F), RAIN  (in), WIND SPEED (mph)

                                      HEAT  COOL        AVG
    MEAN                              DEG   DEG         WIND                 DOM
DAY TEMP  HIGH   TIME   LOW    TIME   DAYS  DAYS  RAIN  SPEED HIGH   TIME    DIR
------------------------------------------------------------------------------------
 1  67.7  74.9   5:00p  60.0  12:00m   0.6   3.2  0.01   8.1  24.0  12:00p    NW
 2  69.4  81.2   3:00p  58.7   5:00a   1.5   5.9  0.00   7.6  25.0   3:00p     W
 3  65.5  74.0   4:00p  58.4   6:00a   2.0   2.5  0.00   7.7  21.0  12:00p   WNW
 4  63.8  71.9   3:00p  55.7  12:00m   3.0   1.8  0.00   6.3  19.0   4:00p     N
 5  61.3  76.3   6:00p  47.8   7:00a   6.2   2.5  0.00   2.1  10.0  11:00a     W
 6  64.0  78.4   5:00p  48.4   7:00a   4.9   4.0  0.00   2.0  12.0   1:00p   ENE
 7  66.7  81.2   5:00p  51.4   7:00a   3.6   5.3  0.00   2.9  20.0   4:00p     W
 8  66.1  78.6   2:00p  52.7   7:00a   2.9   4.0  0.00   4.9  21.0   2:00p     W
 9  64.2  74.9   4:00p  54.0  12:00m   3.6   2.8  0.01   4.0  18.0   3:00p    NW
10  58.5  69.6   3:00p  47.8   7:00a   7.3   0.8  0.00   4.0  19.0   6:00p     N
11  59.7  79.9   2:00p  41.6   7:00a   8.2   3.0  0.01   3.3  19.0  12:00m    NW
12  72.2  85.1   4:00p  60.0   5:00a   0.7   7.9  0.00   7.1  22.0   1:00a     W
13  73.5  86.3   5:00p  63.5   7:00a   0.0   8.6  0.00   4.4  19.0   3:00p     W
14  74.2  88.0   4:00p  57.9   7:00a   0.7   9.9  0.00   6.0  26.0  12:00p   WSW
15  70.1  77.5   5:00p  65.1  12:00m   0.0   5.1  0.66   2.3  24.0   2:00a     N
16  66.5  69.9   5:00p  62.7   2:00a   0.3   1.8  0.12   3.9  18.0   5:00p   ESE
17  65.3  68.9   2:00p  61.6   9:00p   0.6   0.9  0.06   4.5  20.0   6:00p   WNW
18  64.8  73.0   6:00p  59.6  11:00p   2.0   1.8  0.00   6.4  19.0   7:00a     N
19  65.7  77.9   5:00p  57.0   5:00a   2.7   3.4  0.00   3.8  13.0   2:00a     W
20  67.8  78.1   3:00p  59.3   1:00a   0.7   3.5  0.08   9.7  35.0   8:00a   WSW
21  66.6  79.2   4:00p  54.9   7:00a   2.4   4.0  0.00   8.8  31.0   3:00p     W
22  70.5  82.4   3:00p  54.9   6:00a   1.8   7.3  0.00   7.5  30.0  11:00a     W
23  66.1  74.0   1:00a  49.6  12:00m   1.9   3.1  0.02   7.4  24.0   4:00p     N
24  53.5  67.2   4:00p  39.9   7:00a  11.7   0.2  0.00   3.0  17.0   1:00p    SW
25  58.6  67.9   5:00p  46.3   2:00a   7.0   0.6  0.04   3.8  31.0  11:00p    SW
26  67.2  68.6   3:00p  64.1  12:00m   0.0   2.2  1.13  13.0  34.0   1:00a   WSW
27  56.8  64.1   1:00a  48.1  12:00m   8.2   0.0  0.02   8.1  29.0   3:00a    NW
28  56.5  72.1   3:00p  41.3   7:00a   9.6   1.2  0.00   3.8  19.0   5:00p    SW
29  56.9  66.7   9:00a  42.7  12:00m   8.2   0.1  0.50  13.3  46.0  11:00a    NW
30  49.9  62.2   5:00p  41.0   2:00a  15.1   0.0  0.00   5.0  19.0   7:00a     W
-------------------------------------------------------------------------------------
    64.3  88.0    14    39.9    24   117.4  97.4  2.66   5.8  46.0    29       W

Max >=  90.0:  0
Max <=  32.0:  0
Min <=  32.0:  0
Min <=   0.0:  0
Max Rain: 1.13 ON 09/26/05
Days of Rain: 9 (>.01 in) 4 (>.1 in) 1 (>1 in)
Heat Base:  65.0  Cool Base:  65.0  Method: Integration