NOAA-Style Climate Report Archive

for Hessville, NY - Since March 2004

(Reports Generated by WeatherLink)

Report for 2005 August
                   MONTHLY CLIMATOLOGICAL SUMMARY for AUG. 2005

NAME: Indian Trail Weather   CITY: Hessville   STATE: New York 
ELEV:  1041 ft  LAT:  42° 51' 52" N  LONG:  74° 43' 15" W

                   TEMPERATURE (°F), RAIN  (in), WIND SPEED (mph)

                                      HEAT  COOL        AVG
    MEAN                              DEG   DEG         WIND                 DOM
DAY TEMP  HIGH   TIME   LOW    TIME   DAYS  DAYS  RAIN  SPEED HIGH   TIME    DIR
------------------------------------------------------------------------------------
 1  72.9  87.4   5:00p  64.3   5:00a   0.0   8.0  0.01   4.3  21.0   5:00p     W
 2  76.6  85.9   4:00p  67.9   2:00a   0.0  11.6  0.01   6.2  21.0   5:00p    NW
 3  77.8  89.7   4:00p  67.4   6:00a   0.0  12.8  0.00   5.9  20.0   4:00p    NW
 4  79.3  93.4   3:00p  64.3   6:00a   0.0  14.3  0.00   4.6  19.0   2:00p   WSW
 5  76.1  83.6  10:00a  64.8  12:00m   0.0  11.1  0.01   9.8  31.0   5:00p    NW
 6  70.4  82.4   5:00p  61.1   7:00a   0.7   6.1  0.00   3.5  13.0   3:00p     W
 7  74.2  88.8   4:00p  57.1   6:00a   1.2  10.4  0.00   4.0  19.0   4:00p   WSW
 8  73.7  88.0   3:00p  61.9   7:00a   0.1   8.8  0.00   3.5  25.0   5:00p   WSW
 9  76.4  88.2   4:00p  64.6   6:00a   0.0  11.4  0.00   4.9  19.0   9:00a     W
10  79.1  91.2   5:00p  67.7   6:00a   0.0  14.1  0.00   6.2  20.0   1:00a   WSW
11  76.7  87.6   4:00p  67.2  12:00m   0.0  11.7  0.00   6.2  29.0   2:00p    NW
12  74.2  89.7   2:00p  64.5   7:00a   0.0   9.2  0.42   3.5  26.0  12:00m     W
13  76.1  84.1   4:00p  70.1   2:00a   0.0  11.1  0.06   5.6  19.0  12:00p     W
14  73.4  82.4   3:00p  65.4  12:00m   0.0   8.4  0.00   2.9  19.0   6:00p     N
15  71.7  82.4   5:00p  62.9   6:00a   0.2   6.9  0.01   2.7  13.0   1:00p     N
16  69.5  81.8   3:00p  62.2   5:00a   0.5   5.0  0.37   4.8  22.0   3:00p     W
17  68.8  81.0   4:00p  58.4  12:00m   1.3   5.1  0.00   7.2  26.0   3:00p    NW
18  64.3  79.4   5:00p  49.9   7:00a   4.5   3.9  0.00   2.8  16.0   3:00p     W
19  64.4  75.6   1:00p  56.0   7:00a   2.8   2.3  0.00   4.0  21.0   1:00p    SE
20  73.2  85.5   4:00p  62.4   4:00a   0.5   8.6  0.59   5.0  21.0  10:00a   WSW
21  73.8  82.6   3:00p  63.8  10:00p   0.0   8.8  0.20   6.1  30.0   3:00p     W
22  65.6  72.1   1:00p  59.0  11:00p   1.2   1.9  0.00   7.3  24.0   1:00p    NW
23  63.7  74.0   4:00p  56.4   2:00a   3.2   1.9  0.00   5.7  20.0   1:00p    NW
24  64.2  74.5   5:00p  55.8   4:00a   3.3   2.5  0.00   5.7  21.0   2:00p     N
25  65.2  80.1   4:00p  50.9   6:00a   4.1   4.4  0.00   4.3  17.0  12:00p     W
26  67.5  81.6   5:00p  53.3   7:00a   2.7   5.2  0.00   3.4  14.0   4:00p     W
27  70.6  83.2   5:00p  56.0   7:00a   1.4   7.0  0.00   5.1  21.0   3:00p    SW
28  71.5  80.3   4:00p  64.3  12:00m   0.0   6.5  0.00   5.8  21.0   5:00a    SW
29  72.0  82.4   2:00p  61.9   6:00a   0.4   7.5  0.00   2.2  12.0   2:00p     W
30  70.4  77.0   3:00p  65.1   8:00a   0.0   5.4  1.75   2.8  14.0   8:00a   SSW
31  70.7  83.8   1:00p  64.5   8:00p   0.0   5.8  0.62   8.0  36.0   2:00p    SE
-------------------------------------------------------------------------------------
    71.7  93.4     4    49.9    18    28.1 237.7  4.05   5.0  36.0    31       W

Max >=  90.0:  2
Max <=  32.0:  0
Min <=  32.0:  0
Min <=   0.0:  0
Max Rain: 1.75 ON 08/30/05
Days of Rain: 7 (>.01 in) 6 (>.1 in) 1 (>1 in)
Heat Base:  65.0  Cool Base:  65.0  Method: Integration