NOAA-Style Climate Report Archive

for Hessville, NY - Since March 2004

(Reports Generated by WeatherLink)

Report for 2005 July
                   MONTHLY CLIMATOLOGICAL SUMMARY for JUL. 2005

NAME: Indian Trail Weather   CITY: Hessville   STATE: New York 
ELEV:  1041 ft  LAT:  42° 51' 52" N  LONG:  74° 43' 15" W

                   TEMPERATURE (°F), RAIN  (in), WIND SPEED (mph)

                                      HEAT  COOL        AVG
    MEAN                              DEG   DEG         WIND                 DOM
DAY TEMP  HIGH   TIME   LOW    TIME   DAYS  DAYS  RAIN  SPEED HIGH   TIME    DIR
------------------------------------------------------------------------------------
 1  74.3  87.7   3:00p  64.5   6:00a   0.0   9.3  0.52   5.0  31.0   7:00p    SW
 2  65.7  74.6   6:00p  57.9  12:00m   1.8   2.5  0.00   8.1  22.0   7:00a     N
 3  66.7  79.4   4:00p  49.7   6:00a   3.6   5.3  0.00   4.8  19.0   2:00p   ESE
 4  72.7  85.0   4:00p  58.2   6:00a   0.8   8.5  0.00   4.6  25.0  12:00m   WSW
 5  73.7  83.1   4:00p  67.6   8:00a   0.0   8.7  0.03   5.5  25.0   1:00a   WSW
 6  69.6  76.7   3:00p  64.5  12:00m   0.0   4.6  0.03   3.1  13.0   7:00p     N
 7  64.9  70.3   4:00p  61.0   6:00a   1.1   1.0  0.15   3.8  12.0   8:00a   ESE
 8  62.1  64.3   1:00a  59.7  12:00m   2.9   0.0  0.49   4.9  17.0   7:00a     E
 9  63.6  71.3  12:00p  59.3   3:00a   2.3   0.9  0.08   6.3  32.0  10:00p    NW
10  73.9  83.5   4:00p  62.1   1:00a   0.0   9.0  0.00  10.1  28.0   3:00a    NW
11  76.0  86.2   5:00p  65.0   6:00a   0.0  11.0  0.00   8.1  26.0   3:00a    NW
12  77.0  89.6   3:00p  66.9   6:00a   0.0  12.0  0.00   4.0  17.0   2:00p   WSW
13  72.6  83.5   3:00p  63.7   9:00a   0.1   7.6  0.20   2.0  11.0   4:00p   ESE
14  71.3  85.3   2:00p  65.8   4:00a   0.0   6.3  0.05   2.2  17.0   3:00p   ESE
15  74.8  85.1   4:00p  64.1   4:00a   0.0   9.8  0.01   3.3  14.0   3:00p    SW
16  73.6  79.9   5:00p  66.6   6:00a   0.0   8.6  0.09   1.7  12.0   5:00p   SSE
17  75.3  84.5   4:00p  68.9   7:00a   0.0  10.3  0.08   2.0  16.0   5:00p    SW
18  79.4  88.6   3:00p  72.1   1:00a   0.0  14.4  0.00   3.3  16.0  11:00a     W
19  78.6  87.4   2:00p  71.1   6:00a   0.0  13.6  0.00   5.3  28.0   3:00p     W
20  72.9  81.2   4:00p  63.8  11:00p   0.0   7.9  0.00   7.4  20.0  11:00a    NW
21  72.6  84.5   4:00p  58.8   7:00a   1.0   8.7  0.00   5.1  17.0   3:00p     W
22  72.6  85.3   3:00p  65.4   4:00a   0.0   7.6  0.14   5.5  29.0   6:00p     W
23  70.2  79.4   4:00p  60.3   6:00a   0.4   5.6  0.00   7.4  28.0  12:00p     N
24  71.6  84.5   5:00p  58.4   7:00a   1.3   7.9  0.00   4.2  20.0   3:00p   WSW
25  77.9  87.8   4:00p  71.3   1:00a   0.0  12.9  0.00  11.3  32.0   2:00p     W
26  79.3  91.9   4:00p  60.5   5:00a   0.2  14.4  0.01   7.4  30.0  11:00p     W
27  72.8  87.8   3:00p  58.7  12:00m   0.5   8.3  0.02   9.0  32.0   4:00p     W
28  64.5  78.1   6:00p  53.6   6:00a   3.9   3.4  0.00   3.8  20.0  12:00p   WNW
29  68.1  80.7   4:00p  53.9   2:00a   2.8   5.9  0.00   5.1  22.0  12:00p    NW
30  70.7  83.4   4:00p  57.8   5:00a   1.2   7.0  0.00   3.6  19.0   4:00p     N
31  68.0  80.7   5:00p  59.6   8:00a   0.9   3.8  0.14   3.5  31.0   6:00p   SSE
-------------------------------------------------------------------------------------
    71.8  91.9    26    49.7     3    24.8 236.8  2.04   5.2  32.0     9       W

Max >=  90.0:  1
Max <=  32.0:  0
Min <=  32.0:  0
Min <=   0.0:  0
Max Rain: 0.52 ON 07/01/05
Days of Rain: 13 (>.01 in) 6 (>.1 in) 0 (>1 in)
Heat Base:  65.0  Cool Base:  65.0  Method: Integration