NOAA-Style Climate Report Archive

for Hessville, NY - Since March 2004

(Reports Generated by WeatherLink)

Report for 2005 June
                   MONTHLY CLIMATOLOGICAL SUMMARY for JUN. 2005

NAME: Indian Trail Weather   CITY: Hessville   STATE: New York 
ELEV:  1041 ft  LAT:  42° 51' 52" N  LONG:  74° 43' 15" W

                   TEMPERATURE (°F), RAIN  (in), WIND SPEED (mph)

                                      HEAT  COOL        AVG
    MEAN                              DEG   DEG         WIND                 DOM
DAY TEMP  HIGH   TIME   LOW    TIME   DAYS  DAYS  RAIN  SPEED HIGH   TIME    DIR
------------------------------------------------------------------------------------
 1  64.2  77.6   3:00p  48.3   4:00a   4.2   3.4  0.00   3.1  17.0   3:00p   ENE
 2  66.8  79.3   3:00p  52.0   6:00a   2.8   4.6  0.00   3.3  18.0  12:00m   WSW
 3  67.7  77.8   3:00p  54.3   6:00a   1.5   4.2  0.00   3.3  19.0   2:00a     W
 4  69.4  82.1   5:00p  56.5   6:00a   1.7   6.1  0.00   4.5  14.0   8:00p     N
 5  70.9  82.3   5:00p  59.6   5:00a   0.9   6.8  0.00   5.4  19.0  12:00p     W
 6  71.2  88.1   2:00p  61.3   6:00a   0.3   6.5  0.94   6.6  52.0   3:00p   WSW
 7  72.4  81.9   5:00p  64.3   4:00a   0.0   7.4  0.00   9.5  30.0  12:00p     W
 8  73.7  88.8   5:00p  58.5   6:00a   0.6   9.3  0.00   4.7  21.0   3:00p     W
 9  73.9  89.2   3:00p  62.7   5:00a   0.2   9.2  0.15   5.1  32.0   6:00p    SW
10  75.3  86.5   3:00p  67.4  12:00m   0.0  10.3  0.00   4.9  20.0   5:00p   WSW
11  77.2  87.3   3:00p  65.9   5:00a   0.0  12.2  0.00   3.2  16.0   2:00a     W
12  76.7  86.2   2:00p  72.2   5:00a   0.0  11.7  0.04   4.9  18.0  10:00p     W
13  78.7  89.6   6:00p  71.3   7:00a   0.0  13.7  0.11   3.5  29.0  12:00m     W
14  72.3  78.9   6:00p  66.4  12:00m   0.0   7.3  0.09   7.3  30.0   3:00p     W
15  70.7  79.8   1:00p  64.2  10:00p   0.0   5.7  0.19   7.1  29.0   3:00p     W
16  62.5  67.9  11:00a  55.7  12:00m   2.7   0.2  0.31   6.4  21.0  12:00m     W
17  57.4  63.5  11:00a  54.0   6:00a   7.6   0.0  0.28   8.2  25.0  11:00a     W
18  58.7  66.4   5:00p  53.7   8:00a   6.3   0.0  0.18   5.4  19.0   5:00p    NW
19  59.8  69.4   4:00p  53.3   6:00a   5.8   0.6  0.01   1.7  11.0   2:00p    SE
20  64.8  78.0   6:00p  50.3   6:00a   4.2   4.0  0.00   2.9  13.0   5:00p   WNW
21  68.6  79.6   3:00p  55.5   6:00a   2.0   5.7  0.00   6.0  20.0   2:00p     W
22  66.6  75.5   3:00p  53.0  12:00m   1.3   2.9  0.15   7.0  27.0   4:00p     N
23  62.1  76.2   6:00p  45.7   5:00a   5.8   2.9  0.00   4.0  16.0   2:00p   WNW
24  71.0  84.8   5:00p  55.2   1:00a   2.4   8.4  0.00   6.8  22.0   3:00p     W
25  79.2  90.5   4:00p  68.6   6:00a   0.0  14.2  0.00   8.2  21.0   3:00a     W
26  79.3  90.9   5:00p  68.3   6:00a   0.0  14.3  0.00   4.3  16.0   2:00p     W
27  74.3  86.9   1:00p  62.2   6:00a   0.1   9.4  0.00   3.0  17.0   2:00p    SW
28  74.9  87.9   5:00p  64.8   4:00a   0.0   9.9  0.00   1.7  11.0  11:00p    SW
29  75.3  85.8   5:00p  68.4  11:00p   0.0  10.4  0.00   3.4  24.0   3:00a     N
30  75.7  86.9   5:00p  66.9   6:00a   0.0  10.7  0.00   2.7  20.0   1:00p    SW
-------------------------------------------------------------------------------------
    70.4  90.9    26    45.7    23    50.4 212.0  2.45   4.9  52.0     6       W

Max >=  90.0:  2
Max <=  32.0:  0
Min <=  32.0:  0
Min <=   0.0:  0
Max Rain: 0.94 ON 06/06/05
Days of Rain: 10 (>.01 in) 8 (>.1 in) 0 (>1 in)
Heat Base:  65.0  Cool Base:  65.0  Method: Integration