NOAA-Style Climate Report Archive

for Hessville, NY - Since March 2004

(Reports Generated by WeatherLink)

Report for 2005 May
                   MONTHLY CLIMATOLOGICAL SUMMARY for MAY. 2005

NAME: Indian Trail Weather   CITY: Hessville   STATE: New York 
ELEV:  1041 ft  LAT:  42° 51' 52" N  LONG:  74° 43' 15" W

                   TEMPERATURE (°F), RAIN  (in), WIND SPEED (mph)

                                      HEAT  COOL        AVG
    MEAN                              DEG   DEG         WIND                 DOM
DAY TEMP  HIGH   TIME   LOW    TIME   DAYS  DAYS  RAIN  SPEED HIGH   TIME    DIR
------------------------------------------------------------------------------------
 1  44.4  53.7   3:00p  37.3  12:00m  20.6   0.0  0.05   9.5  34.0   6:00p    NW
 2  42.7  53.4   1:00p  33.6   5:00a  22.3   0.0  0.01   9.9  31.0   2:00p     W
 3  40.5  47.7   6:00p  34.1   6:00a  24.5   0.0  0.00   7.7  27.0  12:00p     W
 4  40.7  49.4   4:00p  31.6   5:00a  24.3   0.0  0.00   5.9  20.0   6:00p     W
 5  45.3  57.0   6:00p  30.2   6:00a  19.7   0.0  0.00   3.3  14.0   2:00p   WSW
 6  49.2  61.5   4:00p  35.8   6:00a  15.8   0.0  0.00   4.0  19.0   3:00p   SSE
 7  50.3  63.0   5:00p  36.7   6:00a  14.7   0.0  0.00   4.7  19.0  11:00a   ESE
 8  51.3  58.7   3:00p  41.8   6:00a  13.7   0.0  0.00  10.3  30.0   1:00p   NNE
 9  55.2  70.8   6:00p  36.8   6:00a  10.8   1.0  0.00   2.8  17.0   1:00p    SE
10  63.3  78.5   5:00p  46.3   6:00a   5.6   3.8  0.00   3.9  18.0   4:00p     E
11  67.9  80.6   2:00p  54.0   7:00a   1.8   4.7  0.00   7.3  30.0   7:00p    NW
12  48.6  61.6   1:00a  39.1  12:00m  16.4   0.0  0.00  10.8  29.0   3:00p     N
13  47.5  62.4   5:00p  28.2   6:00a  17.5   0.0  0.00   3.2  13.0   1:00p     N
14  57.2  69.9   5:00p  45.2   7:00a   8.6   0.7  0.05   2.5  13.0   2:00p     E
15  60.9  68.3   5:00p  51.5  12:00m   4.4   0.3  0.15   7.1  28.0  10:00a     N
16  50.0  58.4  12:00p  41.3  12:00m  15.0   0.0  0.00   7.4  22.0   4:00p    NW
17  46.6  56.0   2:00p  36.1   6:00a  18.4   0.0  0.00   6.0  21.0  11:00a     N
18  49.8  60.2   6:00p  36.5   4:00a  15.2   0.0  0.00   5.7  20.0   3:00p     N
19  52.6  64.7   5:00p  39.7   5:00a  12.4   0.0  0.00   3.9  18.0  12:00p     W
20  55.5  66.8   3:00p  43.8   6:00a   9.5   0.0  0.00   3.6  18.0   2:00p   ENE
21  52.4  64.2  12:00p  42.6   5:00a  12.6   0.0  0.11   3.8  26.0   3:00p   WNW
22  46.8  50.9   1:00p  42.1  10:00p  18.1   0.0  0.34   3.1  18.0   1:00p   NNW
23  49.6  57.8   2:00p  43.3   4:00a  15.4   0.0  0.06   2.5  18.0   3:00p     E
24  46.3  49.0   1:00a  44.4   9:00p  18.7   0.0  0.32   7.3  28.0  10:00a     E
25  49.5  57.1   5:00p  45.3   1:00a  15.5   0.0  0.19   4.5  24.0   1:00p     E
26  54.3  60.7   5:00p  51.1  11:00a  10.7   0.0  0.16   3.0  17.0  10:00p     N
27  58.1  70.3   4:00p  49.7   7:00a   7.5   0.7  0.00   7.1  25.0   7:00p    NW
28  59.7  71.1   2:00p  50.5   2:00a   6.3   1.0  0.00   6.8  29.0   6:00p     W
29  58.6  68.3   5:00p  50.2  12:00m   6.7   0.3  0.00   7.5  26.0   5:00p   WNW
30  58.4  70.4   6:00p  46.8   4:00a   7.4   0.8  0.00   6.0  21.0   3:00p     W
31  60.4  72.8   3:00p  48.6   7:00a   5.7   1.2  0.00   4.1  20.0   4:00p     W
-------------------------------------------------------------------------------------
    52.1  80.6    11    28.2    13   415.8  14.5  1.44   5.7  34.0     1       N

Max >=  90.0:  0
Max <=  32.0:  0
Min <=  32.0:  3
Min <=   0.0:  0
Max Rain: 0.34 ON 05/22/05
Days of Rain: 9 (>.01 in) 6 (>.1 in) 0 (>1 in)
Heat Base:  65.0  Cool Base:  65.0  Method: Integration