NOAA-Style Climate Report Archive

for Hessville, NY - Since March 2004

(Reports Generated by WeatherLink)

Report for 2005 April
                   MONTHLY CLIMATOLOGICAL SUMMARY for APR. 2005

NAME: Indian Trail Weather   CITY: Hessville   STATE: New York 
ELEV:  1041 ft  LAT:  42° 51' 52" N  LONG:  74° 43' 15" W

                   TEMPERATURE (°F), RAIN  (in), WIND SPEED (mph)

                                      HEAT  COOL        AVG
    MEAN                              DEG   DEG         WIND                 DOM
DAY TEMP  HIGH   TIME   LOW    TIME   DAYS  DAYS  RAIN  SPEED HIGH   TIME    DIR
------------------------------------------------------------------------------------
 1  45.5  58.8   3:00p  37.0   6:00a  19.5   0.0  0.01   3.0  20.0   2:00p     N
 2  41.8  51.5  12:00m  37.4  12:00p  23.2   0.0  1.87  11.3  34.0  10:00a   ESE
 3  42.6  50.9   3:00a  36.3  11:00p  21.5   0.0  0.16   9.6  36.0   6:00a    SE
 4  36.3  38.0   5:00p  33.8   7:00a  28.7   0.0  0.03  12.8  32.0   4:00p    NW
 5  44.6  56.1   4:00p  34.1   7:00a  20.4   0.0  0.00   8.9  29.0   5:00a    NW
 6  53.3  68.9   5:00p  40.8   5:00a  12.1   0.4  0.00   1.4  11.0   4:00p   ENE
 7  51.9  67.9   3:00p  43.8  12:00m  13.1   0.0  0.10   4.2  27.0  12:00m   SSE
 8  45.3  57.5   4:00p  36.7   7:00a  19.7   0.0  0.00   8.0  28.0   5:00p     N
 9  46.7  60.5   5:00p  29.9   7:00a  18.3   0.0  0.00   2.9  13.0  11:00a   WNW
10  51.5  65.9   4:00p  34.8   6:00a  13.5   0.0  0.00   8.3  25.0   4:00p     N
11  41.5  51.7   5:00p  30.5   7:00a  23.5   0.0  0.00   6.6  28.0   3:00p     N
12  38.7  50.2   5:00p  26.1   7:00a  26.3   0.0  0.00   6.9  31.0   4:00p    NW
13  42.9  53.1   5:00p  28.6   7:00a  22.1   0.0  0.00   5.9  22.0   6:00p     N
14  46.6  60.2   4:00p  34.4   6:00a  18.4   0.0  0.00   6.7  24.0   7:00p     N
15  44.3  57.0   6:00p  31.9   7:00a  20.7   0.0  0.00   4.6  19.0   3:00p    SE
16  49.9  66.3   5:00p  31.6   7:00a  15.1   0.1  0.00   2.2  12.0   5:00p   ENE
17  56.0  69.1   3:00p  38.3   7:00a   9.7   0.7  0.00   8.3  28.0   7:00p     W
18  57.1  69.3   5:00p  43.6   7:00a   8.6   0.7  0.00   6.7  22.0   2:00p   WNW
19  59.3  75.8   5:00p  36.4   6:00a   8.6   2.9  0.00   6.1  20.0   2:00p     W
20  65.8  78.0   2:00p  49.6  12:00m   2.6   3.5  0.21  11.3  33.0   1:00p     W
21  44.0  53.0   6:00p  35.0  12:00m  21.0   0.0  0.01   9.2  27.0   2:00a     N
22  45.4  63.4   4:00p  28.0   6:00a  19.6   0.0  0.16   5.6  30.0   6:00p    SW
23  45.2  53.6  12:00m  38.4   3:00a  19.8   0.0  1.01   6.9  20.0   2:00a   ESE
24  48.0  53.9   1:00a  35.4  12:00m  17.0   0.0  0.17   8.5  33.0   3:00p   ESE
25  39.0  46.5   5:00p  32.0   4:00a  26.0   0.0  0.07   8.6  28.0   3:00p     W
26  52.5  68.8   5:00p  35.1   3:00a  12.7   0.3  0.00   7.5  29.0   5:00p    SW
27  48.1  53.4   1:00a  42.4  12:00m  16.9   0.0  0.54   6.2  24.0   4:00p   ESE
28  43.3  53.0   2:00p  36.5  11:00p  21.7   0.0  0.13   9.8  36.0   3:00p   WNW
29  46.6  58.7   5:00p  36.0   6:00a  18.4   0.0  0.00   9.2  26.0   3:00a   WNW
30  47.0  50.3   6:00p  43.7   9:00a  18.0   0.0  0.28   3.2  20.0  11:00p   ESE
-------------------------------------------------------------------------------------
    47.4  78.0    20    26.1    12   536.7   8.6  4.75   7.0  36.0     3      NW

Max >=  90.0:  0
Max <=  32.0:  0
Min <=  32.0:  8
Min <=   0.0:  0
Max Rain: 1.87 ON 04/02/05
Days of Rain: 12 (>.01 in) 9 (>.1 in) 2 (>1 in)
Heat Base:  65.0  Cool Base:  65.0  Method: Integration