NOAA-Style Climate Report Archive

for Hessville, NY - Since March 2004

(Reports Generated by WeatherLink)

Report for 2005 March
                   MONTHLY CLIMATOLOGICAL SUMMARY for MAR. 2005

NAME: Indian Trail Weather   CITY: Hessville   STATE: New York 
ELEV:  1041 ft  LAT:  42° 51' 52" N  LONG:  74° 43' 15" W

                   TEMPERATURE (°F), RAIN  (in), WIND SPEED (mph)

                                      HEAT  COOL        AVG
    MEAN                              DEG   DEG         WIND                 DOM
DAY TEMP  HIGH   TIME   LOW    TIME   DAYS  DAYS  RAIN  SPEED HIGH   TIME    DIR
------------------------------------------------------------------------------------
 1  23.6  28.6  12:00p  19.7  12:00m  41.4   0.0  0.19   4.8  20.0  11:00p   ESE
 2  21.3  25.5   2:00p  17.5  12:00m  43.7   0.0  0.00  17.9  41.0   3:00p    NW
 3  15.1  20.1   4:00p  10.0   7:00a  49.9   0.0  0.00  15.4  34.0   6:00p    NW
 4  19.8  27.7   3:00p  11.6   6:00a  45.2   0.0  0.00  11.3  27.0   5:00p    NW
 5  24.1  32.2   2:00p  16.8   7:00a  40.9   0.0  0.00   9.6  27.0   4:00p    NW
 6  29.6  35.7   8:00p  20.8   5:00a  35.4   0.0  0.05  14.0  33.0  11:00a     W
 7  42.2  53.1   3:00p  31.1   7:00a  22.8   0.0  0.01  10.5  38.0   6:00p   WSW
 8  18.1  49.3   1:00a   6.5  12:00m  46.9   0.0  0.17  13.4  38.0  11:00p   NNW
 9   9.5  15.7   3:00p   2.9   5:00a  55.5   0.0  0.00  17.0  39.0   3:00a   NNW
10  15.5  24.0   3:00p   5.8   6:00a  49.5   0.0  0.00   8.4  24.0   3:00a   WNW
11  20.8  28.8   5:00p  11.2   6:00a  44.2   0.0  0.01   3.3  16.0   2:00p   ESE
12  27.0  35.4   4:00p  21.4  11:00p  38.0   0.0  0.14   5.8  18.0   3:00a    NW
13  26.1  32.4   2:00p  19.2  12:00m  38.9   0.0  0.00   8.0  24.0  10:00a    NW
14  23.5  30.8   3:00p  17.3   4:00a  41.5   0.0  0.00  11.7  29.0   4:00p    NW
15  27.2  34.2   4:00p  21.1   7:00a  37.8   0.0  0.00  15.0  37.0   3:00p    NW
16  27.5  33.5   3:00p  22.5  12:00m  37.5   0.0  0.00  13.1  31.0   4:00a    NW
17  29.7  39.8   3:00p  18.4   6:00a  35.3   0.0  0.00   5.9  21.0  10:00p     W
18  28.6  35.5   3:00p  22.0   7:00a  36.4   0.0  0.00   8.3  20.0   2:00p    NW
19  29.9  41.3   4:00p  20.1   6:00a  35.1   0.0  0.00   4.9  13.0   6:00a   WNW
20  30.7  36.4   3:00p  22.7   3:00a  34.3   0.0  0.00   1.8  10.0   9:00a     E
21  34.5  41.1   3:00p  30.1  11:00p  30.5   0.0  0.11   7.7  27.0   6:00p   WNW
22  35.0  44.0   5:00p  26.4   6:00a  30.0   0.0  0.00   5.7  20.0  10:00a    NW
23  30.9  34.5  12:00p  26.4   6:00a  34.1   0.0  0.00   5.9  19.0  12:00p    SE
24  33.0  40.1   6:00p  26.7   2:00a  32.0   0.0  0.17   2.7  14.0  10:00p     E
25  34.4  39.8   3:00p  24.9  12:00m  30.6   0.0  0.00   8.6  22.0   7:00a    NW
26  31.6  43.4   4:00p  17.2   6:00a  33.4   0.0  0.00   2.9  12.0   9:00a   ENE
27  36.0  44.9   4:00p  25.9   3:00a  29.0   0.0  0.01   2.5  11.0   4:00a   ENE
28  34.6  37.8  11:00p  31.0   7:00a  30.4   0.0  1.72   5.5  18.0  10:00a   ESE
29  42.8  53.7   5:00p  35.7  10:00p  22.2   0.0  0.01   6.2  26.0   5:00p   WNW
30  44.0  55.1   5:00p  30.2   6:00a  21.0   0.0  0.00   4.0  14.0   2:00p    SE
31  45.0  59.1   1:00p  31.3   6:00a  20.0   0.0  0.04   6.5  24.0   4:00p    SE
-------------------------------------------------------------------------------------
    28.8  59.1    31     2.9     9  1123.4   0.0  2.63   8.3  41.0     2      NW

Max >=  90.0:  0
Max <=  32.0:  8
Min <=  32.0: 30
Min <=   0.0:  0
Max Rain: 1.72 ON 03/28/05
Days of Rain: 8 (>.01 in) 6 (>.1 in) 1 (>1 in)
Heat Base:  65.0  Cool Base:  65.0  Method: Integration