NOAA-Style Climate Report Archive

for Hessville, NY - Since March 2004

(Reports Generated by WeatherLink)

Report for 2005 February
                   MONTHLY CLIMATOLOGICAL SUMMARY for FEB. 2005

NAME: Indian Trail Weather   CITY: Hessville   STATE: New York 
ELEV:  1041 ft  LAT:  42° 51' 52" N  LONG:  74° 43' 15" W

                   TEMPERATURE (°F), RAIN  (in), WIND SPEED (mph)

                                      HEAT  COOL        AVG
    MEAN                              DEG   DEG         WIND                 DOM
DAY TEMP  HIGH   TIME   LOW    TIME   DAYS  DAYS  RAIN  SPEED HIGH   TIME    DIR
------------------------------------------------------------------------------------
 1  19.3  37.3   3:00p   4.7   6:00a  45.7   0.0  0.00   3.3  13.0  11:00p     W
 2  19.0  35.4   4:00p   5.1   7:00a  46.0   0.0  0.00   1.3   8.0   1:00a    SW
 3  23.3  34.8   1:00p  11.9   3:00a  41.7   0.0  0.00   1.2   7.0  11:00a     W
 4  29.5  42.1   2:00p  19.5   6:00a  35.5   0.0  0.00   5.8  19.0  10:00p   WNW
 5  30.0  45.5   2:00p  20.5   8:00a  35.0   0.0  0.00   5.4  20.0   1:00a     W
 6  32.4  47.5   3:00p  20.1   7:00a  32.6   0.0  0.00   1.6   8.0   4:00p    NW
 7  37.3  46.5   4:00p  26.5   8:00a  27.7   0.0  0.00   1.0   7.0   3:00a   SSW
 8  38.2  42.6   2:00p  35.4   6:00a  26.8   0.0  0.01   4.2  21.0   3:00p     W
 9  34.3  38.0   1:00a  32.2  10:00p  30.7   0.0  0.44   3.3  18.0   1:00a    SE
10  26.0  32.7   3:00a  20.8   7:00p  39.0   0.0  0.06  10.4  31.0   7:00p    NW
11  22.2  27.0   4:00p  14.4   7:00a  42.8   0.0  0.00  15.1  35.0   8:00p    NW
12  29.0  32.7   1:00p  24.2   1:00a  36.0   0.0  0.02  13.1  29.0  12:00p   WNW
13  19.7  27.9   1:00a  12.1  12:00m  45.3   0.0  0.00   8.9  30.0   1:00a    NW
14  24.0  36.4   6:00p  10.6   6:00a  41.0   0.0  0.12   6.7  24.0   1:00p   ESE
15  39.3  50.6   3:00p  33.8   1:00a  25.7   0.0  0.09   4.4  27.0   7:00a    NW
16  33.7  43.7  11:00a  27.3  12:00m  31.3   0.0  0.24   8.2  30.0   7:00p   WNW
17  24.6  30.4  12:00p  18.4   7:00a  40.4   0.0  0.00   7.3  22.0  12:00m   WNW
18  14.2  21.3   1:00a   5.1  12:00m  50.8   0.0  0.01  12.3  35.0  11:00a    NW
19  13.8  23.6   3:00p   2.5   7:00a  51.2   0.0  0.00   9.9  26.0   3:00p     W
20  18.6  23.7   2:00p   8.5   7:00a  46.4   0.0  0.00   5.5  24.0   2:00a    SE
21  21.5  25.5   4:00p  14.7   3:00a  43.6   0.0  0.00   6.3  19.0   6:00a   ESE
22  28.9  35.3   2:00p  24.2   1:00a  36.1   0.0  0.11   3.5  17.0  12:00m     W
23  20.4  26.4   1:00a  10.9  11:00p  44.6   0.0  0.00  10.2  30.0   2:00p    NW
24  14.4  22.0   2:00p   5.3   6:00a  50.6   0.0  0.00   4.1  14.0   6:00p   ESE
25  16.1  22.8   4:00p  10.9   5:00a  48.9   0.0  0.01   4.3  17.0   2:00p    NW
26  18.2  29.6   1:00p   9.0   6:00a  46.8   0.0  0.02   5.8  31.0   4:00p    NW
27  18.1  24.5   3:00p  11.8  12:00m  46.9   0.0  0.00   7.1  21.0   1:00p    NW
28  21.1  29.6   3:00p  11.4   1:00a  43.9   0.0  0.00   6.7  26.0  11:00p   ESE
-------------------------------------------------------------------------------------
    24.5  50.6    15     2.5    19  1133.0   0.0  1.13   6.3  35.0    11      NW

Max >=  90.0:  0
Max <=  32.0: 13
Min <=  32.0: 25
Min <=   0.0:  0
Max Rain: 0.44 ON 02/09/05
Days of Rain: 8 (>.01 in) 4 (>.1 in) 0 (>1 in)
Heat Base:  65.0  Cool Base:  65.0  Method: Integration