NOAA-Style Climate Report Archive

for Hessville, NY - Since March 2004

(Reports Generated by WeatherLink)

Report for 2005 January
                   MONTHLY CLIMATOLOGICAL SUMMARY for JAN. 2005

NAME: Indian Trail Weather   CITY: Hessville   STATE: New York 
ELEV:  1041 ft  LAT:  42° 51' 52" N  LONG:  74° 43' 15" W

                   TEMPERATURE (°F), RAIN  (in), WIND SPEED (mph)

                                      HEAT  COOL        AVG
    MEAN                              DEG   DEG         WIND                 DOM
DAY TEMP  HIGH   TIME   LOW    TIME   DAYS  DAYS  RAIN  SPEED HIGH   TIME    DIR
------------------------------------------------------------------------------------
 1  37.3  50.0   4:00a  29.0  12:00m  27.7   0.0  0.03  11.2  35.0   5:00a    NW
 2  27.7  42.8  12:00m  21.7   7:00a  37.3   0.0  0.63   4.6  27.0  11:00p    SE
 3  39.0  42.7   1:00a  34.5  11:00p  26.1   0.0  0.26   6.0  29.0   3:00a     N
 4  33.8  37.4  10:00a  31.9  12:00m  31.2   0.0  0.19   5.4  20.0   3:00p    NW
 5  27.6  31.9   1:00a  20.9  12:00m  37.4   0.0  0.00   5.5  16.0   1:00a    NW
 6  22.0  32.2  12:00m  17.0   8:00a  43.0   0.0  0.00   5.1  19.0  10:00p    SE
 7  25.5  32.2   1:00a  19.5   7:00p  39.5   0.0  0.00  10.5  38.0   5:00a    NW
 8  24.1  28.6   8:00p  21.6   5:00a  40.9   0.0  0.00   3.8  24.0  11:00p   SSE
 9  25.6  29.7   2:00p  23.3  12:00m  39.4   0.0  0.00   2.5  17.0   1:00a   SSE
10  31.4  36.8   2:00p  23.3   1:00a  33.6   0.0  0.00  11.2  34.0   9:00p    NW
11  24.7  30.2   1:00a  21.6  12:00m  40.3   0.0  0.00   5.1  24.0   1:00a   ESE
12  28.3  31.6   3:00p  21.4   1:00a  36.7   0.0  0.32   3.0  12.0  10:00a   ESE
13  39.5  59.3  12:00m  31.6   1:00a  25.5   0.0  0.28   3.8  32.0  12:00m    SW
14  31.7  60.0   3:00a  17.8  12:00m  33.3   0.0  0.42  13.4  44.0   4:00a    NW
15  16.2  23.1   3:00p  11.1   7:00a  48.8   0.0  0.00   7.0  22.0   1:00p   WNW
16  16.1  20.6   3:00p   9.0   8:00a  48.9   0.0  0.00   2.0  11.0  12:00m     E
17  12.0  17.2   1:00a   1.5  12:00m  53.0   0.0  0.00   8.5  27.0  12:00p     N
18  -3.2   1.5   1:00a  -7.7   8:00a  68.2   0.0  0.00   8.2  25.0  11:00a    NW
19   3.4  13.5   8:00p  -5.7   1:00a  61.6   0.0  0.00   3.3  18.0   5:00p   ESE
20   9.4  18.7   5:00a  -3.6  12:00m  55.6   0.0  0.00   8.5  27.0  12:00p    NW
21  -7.5  -1.7   3:00p -13.0   8:00a  72.5   0.0  0.00   9.5  22.0  11:00a   WNW
22  -6.6   4.7  12:00m -17.4   3:00a  71.6   0.0  0.00   6.0  19.0   5:00p    SE
23   3.0  10.0   7:00a  -8.2  12:00m  62.0   0.0  0.00  11.5  31.0   5:00p   NNW
24   6.8  16.7   3:00p -10.1   2:00a  58.2   0.0  0.00   9.6  24.0   9:00p     W
25  15.2  18.6   3:00a  12.4   9:00a  49.8   0.0  0.00   7.0  26.0   5:00a   NNW
26  12.9  18.1   3:00p   4.7  12:00m  52.1   0.0  0.00   3.5  12.0   9:00p    SE
27  -1.2   6.0   3:00p -10.1   7:00a  66.2   0.0  0.00   8.5  24.0   6:00p    NW
28   3.2  15.6   3:00p  -7.5   6:00a  61.8   0.0  0.05   6.3  21.0  10:00a   WNW
29  12.7  22.5   3:00p  -0.2   6:00a  52.3   0.0  0.00   1.9  11.0   4:00a   WNW
30  23.3  34.2   4:00p  15.4  11:00p  41.7   0.0  0.02   4.5  17.0   5:00a   WNW
31  19.2  37.7   3:00p   4.7   7:00a  45.8   0.0  0.04   1.5   7.0   2:00a     W
-------------------------------------------------------------------------------------
    17.8  60.0    14   -17.4    22  1462.0   0.0  2.24   6.4  44.0    14      NW

Max >=  90.0:  0
Max <=  32.0: 20
Min <=  32.0: 30
Min <=   0.0: 10
Max Rain: 0.63 ON 01/02/05
Days of Rain: 10 (>.01 in) 6 (>.1 in) 0 (>1 in)
Heat Base:  65.0  Cool Base:  65.0  Method: Integration