NOAA-Style Climate Report Archive

for Hessville, NY - Since March 2004

(Reports Generated by WeatherLink)

Report for 2005
                            ANNUAL CLIMATOLOGICAL SUMMARY

NAME: Indian Trail Weather  CITY: Hessville   STATE: New York  
ELEV:  1041 ft  LAT:  42° 51' 52" N  LONG:  74° 43' 15" W

               TEMPERATURE (°F), HEAT BASE 65.0, COOL BASE 65.0
                          DEP.  HEAT  COOL                                          
        MEAN  MEAN        FROM  DEG   DEG                        MAX  MAX  MIN  MIN 
 YR MO  MAX   MIN   MEAN  NORM  DAYS  DAYS  HI  DATE  LOW  DATE  >=90 <=32 <=32 <=0 
------------------------------------------------------------------------------------
 05  1  26.5  10.0  17.8  -2.7  1462     0  60.0  14 -17.4   22    0   20   30   10
 05  2  33.4  16.1  24.5   1.2  1133     0  50.6  15   2.5   19    0   13   25    0
 05  3  37.2  20.8  28.8  -2.6  1123     0  59.1  31   2.9    9    0    8   30    0
 05  4  58.7  35.9  47.4   3.1   537     9  78.0  20  26.1   12    0    0    8    0
 05  5  62.4  41.7  52.1  -3.2   416    15  80.6  11  28.2   13    0    0    3    0
 05  6  81.5  60.0  70.4   6.4    50   212  90.9  26  45.7   23    2    0    0    0
 05  7  82.3  62.3  71.8   3.9    25   237  91.9  26  49.7    3    1    0    0    0
 05  8  83.2  61.6  71.7   5.3    28   238  93.4   4  49.9   18    2    0    0    0
 05  9  75.0  53.5  64.3   5.1   117    97  88.0  14  39.9   24    0    0    0    0
 05 10  57.7  43.2  49.9   2.0   486    19  78.1   4  31.7   28    0    0    1    0
 05 11  49.6  31.7  40.4   2.8   739     2  71.5   6  12.7   23    0    4   12    0
 05 12  30.1  18.9  24.8  -1.3  1245     0  42.4  29  -6.3   14    0   18   29    3
------------------------------------------------------------------------------------
        56.6  38.1  47.1   1.7  7363   827  93.4 AUG -17.4  JAN    5   63  138   13

                                PRECIPITATION (in)

               DEP.   MAX        DAYS OF RAIN 
               FROM   OBS.          OVER
 YR MO  TOTAL  NORM   DAY  DATE .01   .1   1
---------------------------------------------
 05  1  2.24  -0.98  0.63    2   10    6    0
 05  2  1.13  -1.79  0.44    9    8    4    0
 05  3  2.63  -1.48  1.72   28    8    6    1
 05  4  4.75   0.77  1.87    2   12    9    2
 05  5  1.44  -2.88  0.34   22    9    6    0
 05  6  2.45  -2.16  0.94    6   10    8    0
 05  7  2.04  -2.34  0.52    1   13    6    0
 05  8  4.05  -0.25  1.75   30    7    6    1
 05  9  2.66  -1.29  1.13   26    9    4    1
 05 10 10.33   6.24  1.88    8   16   13    4
 05 11  4.89   1.02  1.43    9   12    8    1
 05 12  1.89  -1.45  0.83   25    7    4    0
---------------------------------------------
       40.50 -6.59  1.88  OCT  121   80   10

                                WIND SPEED (mph)
                          DOM
 YR MO   AVG.  HI   DATE  DIR
---------------------------------
 05  1   6.4  44.0   14    NW
 05  2   6.3  35.0   11    NW
 05  3   8.3  41.0    2    NW
 05  4   7.0  36.0    3    NW
 05  5   5.7  34.0    1     N
 05  6   4.9  52.0    6     W
 05  7   5.2  32.0    9     W
 05  8   5.0  36.0   31     W
 05  9   5.8  46.0   29     W
 05 10   5.7  43.0   16    NW
 05 11   7.4  41.0    3     W
 05 12   7.5  44.0    2     W
---------------------------------
         6.3  52.0  JUN    W