NOAA-Style Climate Report Archive

for Hessville, NY - Since March 2004

(Reports Generated by WeatherLink)

Report for 2004 December
                   MONTHLY CLIMATOLOGICAL SUMMARY for DEC. 2004

NAME: Indian Trail Weather   CITY: Hessville   STATE: New York 
ELEV:  1041 ft  LAT:  42° 51' 52" N  LONG:  74° 43' 15" W

                   TEMPERATURE (°F), RAIN  (in), WIND SPEED (mph)

                                      HEAT  COOL        AVG
    MEAN                              DEG   DEG         WIND                 DOM
DAY TEMP  HIGH   TIME   LOW    TIME   DAYS  DAYS  RAIN  SPEED HIGH   TIME    DIR
------------------------------------------------------------------------------------
 1  38.0  48.3  12:00p  33.6   3:00a  27.0   0.0  0.86  13.0  45.0   5:00p    NW
 2  34.0  39.4  11:00a  27.6  10:00p  31.0   0.0  0.00   8.8  30.0  10:00a   WNW
 3  30.1  36.8  11:00a  24.3  12:00m  34.9   0.0  0.02   9.6  36.0   2:00p   WNW
 4  30.4  39.7  11:00p  15.4   7:00a  34.6   0.0  0.00   9.4  38.0   9:00p   WSW
 5  33.5  40.6   6:00a  19.5  12:00m  31.6   0.0  0.02  10.7  32.0  10:00a    NW
 6  20.0  22.7  12:00m  17.6  11:00a  45.0   0.0  0.00   5.5  18.0   9:00a   ESE
 7  29.3  35.3   8:00p  22.7   1:00a  35.7   0.0  0.32   3.3  16.0   8:00p   ESE
 8  40.0  46.5   3:00a  33.5   1:00a  25.0   0.0  0.04  15.1  42.0   5:00a    NW
 9  33.4  36.5   1:00p  29.5   8:00a  31.6   0.0  0.14   3.1  12.0   2:00a   ESE
10  35.0  35.8   3:00p  33.3   1:00a  30.0   0.0  0.81   9.1  21.0   7:00p   ESE
11  35.6  39.6   2:00p  32.4  12:00m  29.4   0.0  0.19   3.7  20.0   3:00p    SE
12  31.1  33.3  12:00m  29.5   8:00p  33.9   0.0  0.00   7.9  30.0  12:00p    NW
13  34.2  39.4  12:00p  29.9  12:00m  30.8   0.0  0.02  11.3  29.0   4:00a   WNW
14  18.8  30.2   1:00a  13.6   8:00a  46.2   0.0  0.01   9.7  31.0   2:00a    NW
15  15.6  23.9  12:00m   6.4   8:00a  49.4   0.0  0.00   5.4  20.0   2:00p   WNW
16  30.4  39.8   2:00p  19.2   6:00a  34.6   0.0  0.00   9.5  34.0   7:00p     W
17  25.7  35.5   3:00a  12.3  12:00m  39.3   0.0  0.00  13.4  40.0   8:00a   WNW
18  18.0  28.3   3:00p   7.8   7:00a  47.0   0.0  0.00   1.7  10.0   3:00p   SSW
19  21.6  37.5  12:00p   4.2  12:00m  43.4   0.0  0.00   7.0  29.0   5:00p    NW
20  -3.2   4.2   1:00a -11.5   8:00a  68.2   0.0  0.00  10.5  28.0   5:00a    NW
21   4.1  11.1   4:00p  -4.0   1:00a  60.9   0.0  0.00   2.0  12.0   2:00a    SW
22  20.4  28.2  12:00m   9.9   4:00a  44.6   0.0  0.00   1.0   6.0  10:00a    SW
23  37.7  57.3   3:00p  24.8  12:00m  27.3   0.0  0.53   9.2  45.0   4:00p    NW
24  20.4  24.8   1:00a  13.6  10:00p  44.6   0.0  0.00   8.5  28.0   1:00a   WNW
25  15.0  19.7   1:00a  11.1   7:00p  50.0   0.0  0.00   4.8  18.0   3:00a     N
26  17.4  20.8   2:00p  12.6   1:00a  47.6   0.0  0.00   4.3  13.0   2:00p    SE
27   8.8  17.3   1:00a   3.6  12:00m  56.2   0.0  0.00  12.1  28.0   5:00a    NW
28  14.0  25.6  12:00m   4.0   1:00a  51.0   0.0  0.00   5.6  20.0  10:00a     W
29  31.4  34.2   2:00p  17.2   1:00a  33.6   0.0  0.02   8.9  32.0   4:00a     W
30  30.2  35.3   3:00p  25.9   7:00p  34.8   0.0  0.00   2.0  10.0   1:00a    SE
31  41.4  49.4  10:00p  27.3   1:00a  23.6   0.0  0.03  12.6  39.0   7:00p   WSW
-------------------------------------------------------------------------------------
    25.6  57.3    23   -11.5    20  1222.8   0.0  3.01   7.7  45.0     1      NW

Max >=  90.0:  0
Max <=  32.0: 12
Min <=  32.0: 27
Min <=   0.0:  2
Max Rain: 0.86 ON 12/01/04
Days of Rain: 12 (>.01 in) 6 (>.1 in) 0 (>1 in)
Heat Base:  65.0  Cool Base:  65.0  Method: Integration