NOAA-Style Climate Report Archive

for Hessville, NY - Since March 2004

(Reports Generated by WeatherLink)

Report for 2004 November
                   MONTHLY CLIMATOLOGICAL SUMMARY for NOV. 2004

NAME: Indian Trail Weather   CITY: Hessville   STATE: New York 
ELEV:  1041 ft  LAT:  42° 51' 52" N  LONG:  74° 43' 15" W

                   TEMPERATURE (°F), RAIN  (in), WIND SPEED (mph)

                                      HEAT  COOL        AVG
    MEAN                              DEG   DEG         WIND                 DOM
DAY TEMP  HIGH   TIME   LOW    TIME   DAYS  DAYS  RAIN  SPEED HIGH   TIME    DIR
------------------------------------------------------------------------------------
 1  41.9  46.8   2:00p  34.5  12:00m  23.1   0.0  0.01  10.3  28.0   2:00a    NW
 2  40.9  49.6  12:00m  32.7   1:00a  24.1   0.0  0.21   3.1  20.0  12:00m    SE
 3  38.0  49.4   1:00a  28.5  12:00m  27.0   0.0  0.03  10.5  35.0   3:00a     N
 4  32.5  45.6  12:00m  23.3   8:00a  32.5   0.0  0.36   4.6  30.0  12:00m    SE
 5  38.5  45.0   1:00a  33.5   8:00a  26.5   0.0  0.54  19.1  44.0   4:00p   WNW
 6  44.8  54.3   4:00p  36.8   2:00a  20.2   0.0  0.01  12.1  31.0   9:00a     W
 7  50.3  60.8  12:00p  38.3  12:00m  14.7   0.0  0.00  10.6  34.0   8:00p     W
 8  32.6  40.3  12:00p  27.3  12:00m  32.4   0.0  0.01   9.0  31.0   2:00p    NW
 9  24.7  30.2   2:00p  17.9  12:00m  40.3   0.0  0.00   6.2  20.0  12:00p     N
10  27.2  39.6  12:00m  16.8   2:00a  37.8   0.0  0.00   2.8  20.0  12:00m   WSW
11  39.9  54.0   1:00p  28.6  12:00m  25.1   0.0  0.00   6.3  31.0   4:00p     W
12  28.5  30.2  12:00p  22.5  12:00m  36.5   0.0  0.00   3.9  17.0   9:00a   ESE
13  26.9  36.0   1:00p  19.4   7:00a  38.1   0.0  0.00   6.9  27.0   3:00p   NNW
14  32.3  42.6   3:00p  19.4   1:00a  32.7   0.0  0.00   9.5  29.0   1:00p   WNW
15  40.0  50.5   2:00p  34.4   1:00a  25.0   0.0  0.00   7.8  25.0   2:00p    NW
16  39.5  48.4   1:00p  34.4   5:00a  25.5   0.0  0.00   6.3  17.0   1:00a   WNW
17  42.1  46.9   2:00p  36.0   3:00a  22.9   0.0  0.00   5.5  18.0   8:00a     W
18  46.8  51.7  12:00p  36.8   5:00a  18.2   0.0  0.00   4.7  17.0   2:00p     W
19  46.4  52.7   2:00p  35.0  12:00m  18.6   0.0  0.00   5.0  19.0   4:00a   WNW
20  37.8  41.6  12:00p  36.0   7:00a  27.2   0.0  0.24   4.0  17.0  10:00a   ESE
21  42.2  51.2   2:00p  35.7  12:00m  22.8   0.0  0.04   3.7  18.0   3:00p   ESE
22  38.1  46.3   1:00p  31.4  12:00m  26.9   0.0  0.00   6.2  17.0  12:00p     W
23  36.6  48.3   3:00p  25.8   5:00a  28.4   0.0  0.01   2.4   8.0   2:00a    SW
24  46.2  49.7  12:00m  39.8   1:00a  18.8   0.0  0.22   3.3  17.0   8:00p   ESE
25  40.3  54.8   7:00a  25.8  12:00m  24.7   0.0  0.52  11.0  36.0   4:00p    NW
26  27.2  34.1   1:00p  20.6   6:00a  37.8   0.0  0.01   5.0  30.0   1:00a    NW
27  33.7  43.1   5:00p  23.6   6:00a  31.3   0.0  0.00   4.2  20.0  11:00p    SE
28  43.9  51.2   2:00p  38.4  12:00m  21.1   0.0  0.62  12.2  35.0   8:00p    SE
29  33.8  38.4   1:00a  28.3   6:00p  31.2   0.0  0.00   7.8  33.0   3:00a   NNW
30  36.0  42.8  12:00p  30.5   8:00a  29.0   0.0  0.00   1.5   8.0   5:00a    SE
-------------------------------------------------------------------------------------
    37.7  60.8     7    16.8    10   820.4   0.0  2.83   6.8  44.0     5       W

Max >=  90.0:  0
Max <=  32.0:  2
Min <=  32.0: 16
Min <=   0.0:  0
Max Rain: 0.62 ON 11/28/04
Days of Rain: 9 (>.01 in) 7 (>.1 in) 0 (>1 in)
Heat Base:  65.0  Cool Base:  65.0  Method: Integration