NOAA-Style Climate Report Archive

for Hessville, NY - Since March 2004

(Reports Generated by WeatherLink)

Report for 2004 October
                   MONTHLY CLIMATOLOGICAL SUMMARY for OCT. 2004

NAME: Indian Trail Weather   CITY: Hessville   STATE: New York 
ELEV:  1041 ft  LAT:  42° 51' 52" N  LONG:  74° 43' 15" W

                   TEMPERATURE (°F), RAIN  (in), WIND SPEED (mph)

                                      HEAT  COOL        AVG
    MEAN                              DEG   DEG         WIND                 DOM
DAY TEMP  HIGH   TIME   LOW    TIME   DAYS  DAYS  RAIN  SPEED HIGH   TIME    DIR
------------------------------------------------------------------------------------
 1  55.9  68.1   3:00p  44.6   8:00a   9.6   0.4  0.00   3.0  14.0   1:00a     W
 2  56.4  67.6   1:00p  46.1   5:00a   8.6   0.1  0.16   7.2  28.0   6:00p    SW
 3  50.5  62.3   5:00p  41.3   7:00a  14.5   0.0  0.00   2.8  11.0   3:00p   WNW
 4  52.1  68.9   3:00p  36.9   7:00a  13.3   0.4  0.00   6.5  27.0   6:00p    NW
 5  43.0  52.5   3:00p  33.7   7:00a  22.0   0.0  0.00   5.8  19.0   1:00p     N
 6  49.0  62.9   5:00p  36.0   6:00a  16.0   0.0  0.00   7.8  22.0  11:00a     W
 7  58.3  73.0   4:00p  47.1   6:00a   8.0   1.4  0.00   4.8  18.0  11:00a   WSW
 8  61.6  76.7   3:00p  48.2   8:00a   5.7   2.4  0.00   3.3  22.0  12:00m   WSW
 9  63.3  71.3   3:00p  50.4  12:00m   2.9   1.3  0.00  10.2  27.0   5:00a   WSW
10  47.8  52.2   1:00p  44.8  11:00p  17.2   0.0  0.01   8.2  25.0   5:00p     W
11  46.5  54.1   4:00p  43.1   8:00a  18.5   0.0  0.00   7.6  25.0   5:00p     N
12  46.5  55.6   5:00p  41.6   6:00a  18.5   0.0  0.00  10.1  26.0   2:00p   WNW
13  51.8  66.6   3:00p  42.6   7:00a  13.2   0.1  0.00   4.0  19.0   9:00a   ENE
14  51.1  59.3   3:00p  43.8   2:00a  13.9   0.0  0.00   2.3  11.0  11:00a    SW
15  53.5  61.2   2:00p  47.7   6:00a  11.5   0.0  0.12   4.9  26.0  11:00p    SE
16  48.4  57.6   3:00p  41.9  10:00p  16.6   0.0  0.16   9.3  33.0   4:00p     W
17  42.4  48.6   3:00p  39.9   7:00a  22.6   0.0  0.04  12.2  32.0  11:00a     W
18  43.2  48.2   3:00p  40.5   8:00a  21.8   0.0  0.05   7.0  26.0   1:00a   WNW
19  40.4  41.8  11:00p  37.9   8:00a  24.6   0.0  0.49   5.7  17.0   7:00a   ESE
20  44.0  48.5   3:00p  40.9   7:00a  21.0   0.0  0.01   4.1  17.0   1:00p    SE
21  41.5  45.5   2:00a  39.2   8:00a  23.5   0.0  0.33   4.2  16.0   3:00p    SE
22  42.8  51.0   5:00p  39.3   6:00a  22.3   0.0  0.00   2.7  14.0  11:00a   ESE
23  42.4  51.7   4:00p  36.5  12:00m  22.6   0.0  0.00   2.9  16.0   1:00p    SE
24  39.2  49.8   2:00p  31.8   4:00a  25.8   0.0  0.00   3.2  18.0   2:00p    SE
25  43.4  47.4   9:00p  39.2   4:00a  21.6   0.0  0.00   1.0   7.0  11:00a   SSE
26  49.4  53.9  12:00p  44.2   5:00a  15.6   0.0  0.00   4.7  19.0  12:00p     N
27  48.3  56.7   4:00p  38.2  12:00m  16.7   0.0  0.00   4.9  16.0   7:00p     N
28  40.7  51.0   3:00p  32.8   7:00a  24.3   0.0  0.00   2.3  13.0  11:00a   ESE
29  45.6  59.2   4:00p  35.0   1:00a  19.4   0.0  0.00   1.0   8.0   1:00p   WSW
30  52.4  63.5  11:00p  46.2   4:00a  12.6   0.0  0.16   3.3  36.0  11:00p   SSE
31  53.3  64.3   2:00a  46.3  12:00m  11.7   0.0  0.09  10.4  31.0   1:00a    NW
-------------------------------------------------------------------------------------
    48.5  76.7     8    31.8    24   516.1   6.1  1.62   5.4  36.0    30       W

Max >=  90.0:  0
Max <=  32.0:  0
Min <=  32.0:  1
Min <=   0.0:  0
Max Rain: 0.49 ON 10/19/04
Days of Rain: 9 (>.01 in) 6 (>.1 in) 0 (>1 in)
Heat Base:  65.0  Cool Base:  65.0  Method: Integration