NOAA-Style Climate Report Archive

for Hessville, NY - Since March 2004

(Reports Generated by WeatherLink)

Report for 2004 September
                   MONTHLY CLIMATOLOGICAL SUMMARY for SEP. 2004

NAME: Indian Trail Weather   CITY: Hessville   STATE: New York 
ELEV:  1041 ft  LAT:  42° 51' 52" N  LONG:  74° 43' 15" W

                   TEMPERATURE (°F), RAIN  (in), WIND SPEED (mph)

                                      HEAT  COOL        AVG
    MEAN                              DEG   DEG         WIND                 DOM
DAY TEMP  HIGH   TIME   LOW    TIME   DAYS  DAYS  RAIN  SPEED HIGH   TIME    DIR
------------------------------------------------------------------------------------
 1  64.6  73.3   5:00p  57.2  12:00m   2.6   2.2  0.00   6.5  21.0  11:00a    NW
 2  61.5  73.2   5:00p  53.5   7:00a   5.1   1.6  0.00   2.1  12.0   1:00p   WNW
 3  66.5  80.3   5:00p  51.4   7:00a   3.7   5.2  0.01   4.8  21.0  11:00a     W
 4  70.2  80.5   4:00p  61.6   7:00a   0.4   5.6  0.04   4.6  17.0   1:00a     N
 5  62.6  69.9   4:00p  57.0  12:00m   2.9   0.5  0.00   3.8  16.0   3:00p   ESE
 6  62.6  73.2   3:00p  54.5   4:00a   4.2   1.8  0.00   2.9  16.0   4:00p     E
 7  68.1  80.3   5:00p  56.2   8:00a   1.8   4.8  0.00   4.1  22.0   1:00p    SW
 8  64.9  67.9  12:00p  61.3  11:00p   1.0   0.9  0.60   4.7  17.0  12:00m   ESE
 9  66.7  83.0   4:00p  59.6  12:00m   2.0   3.7  0.89   9.7  33.0   3:00p   ESE
10  62.9  72.1   4:00p  56.0  12:00m   3.4   1.3  0.01   9.6  30.0   3:00a    NW
11  62.8  74.0   5:00p  52.6   6:00a   4.4   2.2  0.00   2.5  13.0   1:00p    SE
12  65.5  75.6   4:00p  56.3   7:00a   2.5   3.0  0.00   4.8  17.0   3:00p     W
13  65.0  73.7   4:00p  53.5  12:00m   2.5   2.5  0.00   4.4  17.0   4:00p     N
14  60.2  73.2   4:00p  48.0   7:00a   6.2   1.4  0.00   2.3  11.0  12:00p     S
15  64.3  76.1   3:00p  55.9   6:00a   3.3   2.6  0.00   2.0  17.0   1:00p   WNW
16  66.0  77.6   4:00p  54.8   5:00a   2.7   3.7  0.00   3.5  18.0   3:00p   WSW
17  61.2  68.4   1:00a  55.3  10:00p   4.6   0.8  1.61   4.4  16.0   5:00a     W
18  55.4  64.5   5:00p  48.5  12:00m   9.6   0.0  1.14   5.6  22.0   6:00p     N
19  49.3  58.6   5:00p  40.3   7:00a  15.7   0.0  0.00   8.2  26.0  12:00p    NW
20  53.9  65.6   4:00p  40.9   4:00a  11.1   0.0  0.00   4.4  17.0  10:00p   WNW
21  62.1  73.9   3:00p  54.7   7:00a   4.6   1.7  0.00   6.1  20.0  12:00m     W
22  65.4  75.8   3:00p  56.2   6:00a   2.7   3.2  0.00   9.1  24.0  12:00p    NW
23  67.4  78.1   3:00p  58.3   6:00a   1.6   4.0  0.00   5.5  18.0   1:00p    NW
24  61.9  75.8   4:00p  54.2   5:00a   7.1   2.5  0.00   1.3   8.0  11:00a   WNW
25  65.4  77.6   3:00p  55.1   6:00a   2.8   3.2  0.27   4.5  28.0   7:00p     W
26  61.2  70.3   4:00p  51.9  12:00m   4.8   1.0  0.00   6.1  18.0   2:00a   WNW
27  59.0  73.7   3:00p  44.1   7:00a   7.6   1.6  0.00   2.5  11.0   2:00p     W
28  60.0  63.4   4:00p  55.7   2:00a   5.0   0.0  0.13   1.0  17.0  11:00p   WNW
29  56.0  65.2   4:00p  49.5  12:00m   9.0   0.0  0.00   2.2  12.0   3:00a   ENE
30  52.2  58.1   3:00p  47.7   3:00a  12.8   0.0  0.08   2.7  16.0   5:00p     W
-------------------------------------------------------------------------------------
    62.2  83.0     9    40.3    19   147.7  61.0  4.78   4.5  33.0     9       W

Max >=  90.0:  0
Max <=  32.0:  0
Min <=  32.0:  0
Min <=   0.0:  0
Max Rain: 1.61 ON 09/17/04
Days of Rain: 8 (>.01 in) 6 (>.1 in) 2 (>1 in)
Heat Base:  65.0  Cool Base:  65.0  Method: Integration