NOAA-Style Climate Report Archive

for Hessville, NY - Since March 2004

(Reports Generated by WeatherLink)

Report for 2004 August
                   MONTHLY CLIMATOLOGICAL SUMMARY for AUG. 2004

NAME: Indian Trail Weather   CITY: Hessville   STATE: New York 
ELEV:  1041 ft  LAT:  42° 51' 52" N  LONG:  74° 43' 15" W

                   TEMPERATURE (°F), RAIN  (in), WIND SPEED (mph)

                                      HEAT  COOL        AVG
    MEAN                              DEG   DEG         WIND                 DOM
DAY TEMP  HIGH   TIME   LOW    TIME   DAYS  DAYS  RAIN  SPEED HIGH   TIME    DIR
------------------------------------------------------------------------------------
 1  74.5  82.4   4:00p  63.9  12:00m   0.0   9.5  0.00   5.7  25.0   2:00a     W
 2  71.0  83.8   5:00p  58.6   4:00a   1.1   7.1  0.00   2.5  14.0   1:00a     W
 3  72.2  84.9   5:00p  61.5   5:00a   0.2   7.4  0.27   4.2  20.0   8:00p     W
 4  68.7  77.2   2:00p  62.6  11:00p   0.3   3.9  0.03   3.1  12.0   3:00p     N
 5  64.7  71.8   1:00p  56.3  12:00m   2.0   1.7  0.00   6.0  24.0   3:00p     N
 6  56.5  63.9   1:00p  47.3   5:00a   8.5   0.0  0.00   5.5  24.0   1:00p     N
 7  57.6  66.6   2:00p  52.2   6:00a   7.5   0.0  0.25   6.1  22.0   7:00p   NNW
 8  60.9  71.6   6:00p  50.8   4:00a   5.4   1.4  0.01   6.5  24.0   2:00p    NW
 9  66.8  78.6   4:00p  55.6   7:00a   2.6   4.4  0.00   4.8  20.0   2:00p    NW
10  69.0  81.8   4:00p  57.8   7:00a   1.4   5.4  0.06   4.5  26.0   2:00p   WSW
11  72.2  82.2   4:00p  65.2   6:00a   0.0   7.2  0.00   5.6  19.0   3:00p     W
12  65.7  70.4   2:00p  62.1   6:00a   0.7   1.3  0.64   1.9  17.0   2:00p   SSE
13  65.8  71.5   3:00p  61.2  10:00p   0.7   1.5  0.62   3.1  19.0   6:00p   WNW
14  65.6  73.9   3:00p  58.9   7:00a   1.7   2.3  0.00   3.5  14.0  12:00p     N
15  64.1  72.3   4:00p  59.5   1:00a   1.9   1.0  0.20   0.5   7.0   2:00p     W
16  63.4  68.1   2:00p  57.0  12:00m   1.9   0.3  0.16   2.8  17.0   5:00p   WNW
17  65.1  77.0   5:00p  54.1   7:00a   3.5   3.6  0.00   3.6  13.0   2:00a     W
18  70.1  79.9   3:00p  59.8   4:00a   0.8   5.9  0.00   4.8  18.0  11:00p    SW
19  70.4  78.1   2:00p  65.6   9:00p   0.0   5.4  0.38   8.1  26.0   2:00p   WSW
20  66.9  77.9   4:00p  62.1   7:00a   0.7   2.5  0.03   1.4  14.0   3:00p   WNW
21  60.2  66.4   5:00p  53.8  12:00m   4.9   0.0  0.65   5.7  21.0   3:00p    NW
22  59.9  73.5   4:00p  48.2   4:00a   6.5   1.7  0.00   3.2  17.0   1:00a   WNW
23  66.7  79.6   2:00p  53.6   2:00a   2.8   4.4  0.00   6.3  21.0  11:00a     W
24  61.8  70.8   5:00p  53.5  12:00m   4.3   1.1  0.00   2.7  13.0  12:00p     N
25  61.8  73.0   6:00p  50.4   2:00a   5.2   1.9  0.00   1.6  11.0   3:00p     S
26  66.8  77.9   4:00p  55.7   6:00a   2.4   4.2  0.00   3.8  22.0  12:00p   SSW
27  72.6  82.4   3:00p  63.5   4:00a   0.2   7.8  0.11   5.7  22.0  11:00a   WSW
28  75.3  87.6   3:00p  67.1  12:00m   0.0   9.9  0.07   5.1  21.0   2:00a     W
29  74.6  88.2   2:00p  64.5   7:00a   0.0   8.8  0.03   4.2  29.0   7:00p   WSW
30  72.4  81.4   2:00p  66.4   7:00a   0.0   7.4  0.43   2.6  18.0  11:00a     N
31  67.8  73.7   2:00p  59.3  12:00m   0.6   3.4  0.07   7.4  26.0   7:00p    NW
-------------------------------------------------------------------------------------
    66.8  88.2    29    47.3     6    67.8 122.4  4.01   4.3  29.0    29       W

Max >=  90.0:  0
Max <=  32.0:  0
Min <=  32.0:  0
Min <=   0.0:  0
Max Rain: 0.65 ON 08/21/04
Days of Rain: 16 (>.01 in) 10 (>.1 in) 0 (>1 in)
Heat Base:  65.0  Cool Base:  65.0  Method: Integration