NOAA-Style Climate Report Archive

for Hessville, NY - Since March 2004

(Reports Generated by WeatherLink)

Report for 2004 July
                   MONTHLY CLIMATOLOGICAL SUMMARY for JUL. 2004

NAME: Indian Trail Weather   CITY: Hessville   STATE: New York 
ELEV:  1041 ft  LAT:  42° 51' 52" N  LONG:  74° 43' 15" W

                   TEMPERATURE (°F), RAIN  (in), WIND SPEED (mph)

                                      HEAT  COOL        AVG
    MEAN                              DEG   DEG         WIND                 DOM
DAY TEMP  HIGH   TIME   LOW    TIME   DAYS  DAYS  RAIN  SPEED HIGH   TIME    DIR
------------------------------------------------------------------------------------
 1  69.9  81.8   5:00p  56.3   4:00a   2.2   7.1  0.25   5.3  29.0  11:00p   WSW
 2  67.0  75.6   5:00p  59.6   4:00a   1.4   3.5  0.00   6.6  22.0   1:00p    NW
 3  68.0  80.1   5:00p  55.7   6:00a   2.6   5.6  0.00   3.6  14.0  12:00p     W
 4  69.7  80.7   3:00p  55.6   5:00a   2.3   6.9  0.00   3.2  20.0   2:00p    SW
 5  72.4  84.9   5:00p  61.5  12:00m   0.2   7.6  0.33   6.8  28.0   2:00p   WSW
 6  64.5  72.1   5:00p  59.6  11:00p   2.3   1.8  0.00   7.8  28.0   1:00a    NW
 7  66.2  77.7   1:00p  54.7   4:00a   2.5   3.7  0.74   2.7  24.0  11:00p     E
 8  69.7  80.9   2:00p  59.2  12:00m   0.5   5.2  0.41   4.3  28.0   5:00p     W
 9  62.4  67.6   4:00p  57.6   3:00a   2.8   0.2  0.01   7.4  27.0   1:00p    NW
10  68.2  77.6   4:00p  59.8   4:00a   1.2   4.3  0.00   6.4  20.0   4:00p    NW
11  70.5  81.8   5:00p  58.9   6:00a   1.1   6.6  0.00   2.4  10.0   5:00a     W
12  66.8  74.7   1:00p  60.7   6:00a   0.9   2.8  0.02   3.1  17.0   5:00p   ESE
13  63.8  70.4   4:00p  61.5   4:00a   1.7   0.6  0.00   5.5  16.0   1:00p   ESE
14  64.6  73.9  12:00p  61.2   8:00p   1.7   1.3  0.65   4.0  31.0   1:00p   ESE
15  65.1  73.9   3:00p  59.3   5:00a   1.5   1.6  0.18   4.0  22.0   5:00p     W
16  66.8  76.1   6:00p  61.2   3:00a   1.2   3.0  0.03   7.0  24.0   4:00p     W
17  67.8  76.0   4:00p  60.5   6:00a   0.8   3.6  0.00   3.4  17.0   4:00p     W
18  66.5  74.2   2:00p  58.9   6:00a   1.4   2.8  0.00   2.2  12.0  12:00p   ESE
19  69.4  79.6   4:00p  60.5   6:00a   1.0   5.4  0.08   1.4  12.0  11:00p     N
20  70.6  79.6   5:00p  61.5   5:00a   0.3   6.0  0.05   4.8  14.0   3:00a     W
21  73.0  84.0   5:00p  61.8   6:00a   0.5   8.5  0.00   3.6  13.0   1:00a     W
22  75.5  86.1   2:00p  63.9   7:00a   0.1  10.6  0.00   3.8  21.0   2:00p   WSW
23  71.0  81.6   3:00p  62.6  12:00m   0.1   6.1  0.24   3.8  20.0   7:00p    NW
24  63.1  73.0   5:00p  55.4  12:00m   3.4   1.5  0.00   4.2  14.0   9:00a     N
25  62.4  72.8   4:00p  49.1   6:00a   4.7   2.0  0.00   1.8  11.0   1:00p   ENE
26  65.5  72.7  12:00p  59.5   6:00a   1.5   2.1  0.12   0.9  10.0   1:00p   SSW
27  59.5  62.6   1:00a  56.2   6:00p   5.5   0.0  1.99   5.3  17.0  12:00p   ESE
28  62.8  74.6   5:00p  56.6   3:00a   3.8   1.6  0.79   2.3  18.0   7:00p   ESE
29  69.3  80.5   5:00p  60.7   3:00a   1.1   5.4  0.00   3.8  16.0  11:00a     N
30  72.9  84.9   3:00p  59.5   7:00a   0.9   8.8  0.00   3.7  20.0  11:00p    SW
31  76.0  84.9   2:00p  72.8  11:00p   0.0  11.0  0.05  11.5  32.0  10:00a   WSW
-------------------------------------------------------------------------------------
    67.8  86.1    22    49.1    25    51.2 137.2  5.94   4.4  32.0    31       W

Max >=  90.0:  0
Max <=  32.0:  0
Min <=  32.0:  0
Min <=   0.0:  0
Max Rain: 1.99 ON 07/27/04
Days of Rain: 15 (>.01 in) 10 (>.1 in) 1 (>1 in)
Heat Base:  65.0  Cool Base:  65.0  Method: Integration