NOAA-Style Climate Report Archive

for Hessville, NY - Since March 2004

(Reports Generated by WeatherLink)

Report for 2004 June
                   MONTHLY CLIMATOLOGICAL SUMMARY for JUN. 2004

NAME: Indian Trail Weather   CITY: Hessville   STATE: New York 
ELEV:  1041 ft  LAT:  42° 51' 52" N  LONG:  74° 43' 15" W

                   TEMPERATURE (°F), RAIN  (in), WIND SPEED (mph)

                                      HEAT  COOL        AVG
    MEAN                              DEG   DEG         WIND                 DOM
DAY TEMP  HIGH   TIME   LOW    TIME   DAYS  DAYS  RAIN  SPEED HIGH   TIME    DIR
------------------------------------------------------------------------------------
 1  57.3  72.5   3:00p  49.8   2:00a   8.2   0.5  0.31   5.5  26.0   3:00p   WSW
 2  59.3  66.3   4:00p  54.1   1:00a   5.7   0.0  0.02   7.5  28.0  10:00a    NW
 3  58.6  67.1   2:00p  49.4   6:00a   6.7   0.2  0.00   8.2  32.0   3:00p    NW
 4  57.3  71.1   6:00p  44.3   5:00a   8.7   1.0  0.00   4.3  14.0  12:00p     N
 5  57.9  67.4   1:00p  45.8   5:00a   7.3   0.2  0.00   3.3  17.0  11:00a     W
 6  55.4  58.1   5:00p  53.2   6:00a   9.6   0.0  0.00   3.1  16.0   5:00p    SE
 7  67.2  79.6   4:00p  54.4   6:00a   3.1   5.3  0.00   4.2  20.0   4:00p     W
 8  74.1  84.3   5:00p  63.1   3:00a   0.2   9.3  0.00   6.3  20.0   2:00p     W
 9  76.6  89.0   4:00p  68.4   8:00p   0.0  11.6  1.19  10.0  38.0   8:00p     W
10  62.3  69.1   1:00a  54.2  12:00m   3.1   0.4  0.02   5.0  19.0   8:00p     N
11  57.8  69.1   5:00p  44.2   6:00a   7.7   0.6  0.00   4.7  20.0   7:00p    NW
12  59.9  73.7   6:00p  45.5   4:00a   7.1   1.9  0.00   3.4  17.0   1:00p   WNW
13  62.1  75.3   2:00p  47.0   6:00a   5.0   2.1  0.00   5.4  26.0   3:00p    SW
14  69.2  79.2   4:00p  61.6   4:00a   0.8   5.0  0.00   8.0  27.0   1:00a   WSW
15  72.9  80.5   3:00p  65.6  12:00m   0.0   7.9  0.00   7.7  24.0   1:00a     N
16  69.9  80.3   4:00p  59.5   6:00a   0.9   5.8  0.00   4.6  18.0  12:00p   WNW
17  66.4  73.2   2:00p  63.2   6:00a   0.3   1.7  0.22   2.0  11.0   9:00a     W
18  70.1  79.4   6:00p  63.5   6:00a   0.3   5.4  0.00   2.3  18.0  12:00m     N
19  63.9  71.1  11:00a  52.5  12:00m   2.2   1.1  0.00  12.2  36.0   3:00p    NW
20  57.1  67.1   4:00p  46.5   6:00a   8.1   0.2  0.00   8.3  26.0   4:00p   WNW
21  63.3  74.9   5:00p  50.5   6:00a   4.5   2.7  0.00   6.8  19.0   3:00a     W
22  63.7  73.7   4:00p  56.9   6:00a   2.6   1.3  0.23   4.5  25.0   4:00p   WNW
23  64.7  73.3   5:00p  54.8  12:00m   2.7   2.4  0.00   7.3  25.0  12:00p    NW
24  67.6  82.2   5:00p  48.8   5:00a   4.4   7.0  0.00   5.8  22.0  11:00p   WSW
25  59.3  71.3   1:00a  54.5   8:00a   6.1   0.4  0.00   5.6  28.0   4:00a     N
26  59.2  68.4   3:00p  53.6  12:00m   6.0   0.2  0.00   7.4  28.0   5:00p    NW
27  61.1  70.1   6:00p  47.4   5:00a   5.1   1.2  0.00  10.2  32.0   5:00p     W
28  61.5  71.5   3:00p  52.2   7:00a   4.3   0.8  0.27   4.4  18.0  12:00p     W
29  62.2  73.3   5:00p  54.7   5:00a   4.3   1.5  0.19   5.8  24.0   7:00p     W
30  64.9  74.7   5:00p  55.1   6:00a   3.2   3.1  0.00   6.0  19.0   1:00p     W
-------------------------------------------------------------------------------------
    63.4  89.0     9    44.2    11   128.2  80.8  2.45   6.0  38.0     9       W

Max >=  90.0:  0
Max <=  32.0:  0
Min <=  32.0:  0
Min <=   0.0:  0
Max Rain: 1.19 ON 06/09/04
Days of Rain: 8 (>.01 in) 6 (>.1 in) 1 (>1 in)
Heat Base:  65.0  Cool Base:  65.0  Method: Integration