NOAA-Style Climate Report Archive

for Hessville, NY - Since March 2004

(Reports Generated by WeatherLink)

Report for 2004 May
                   MONTHLY CLIMATOLOGICAL SUMMARY for MAY. 2004

NAME: Indian Trail Weather   CITY: Hessville   STATE: New York 
ELEV:  1041 ft  LAT:  42° 51' 52" N  LONG:  74° 43' 15" W

                   TEMPERATURE (°F), RAIN  (in), WIND SPEED (mph)

                                      HEAT  COOL        AVG
    MEAN                              DEG   DEG         WIND                 DOM
DAY TEMP  HIGH   TIME   LOW    TIME   DAYS  DAYS  RAIN  SPEED HIGH   TIME    DIR
------------------------------------------------------------------------------------
 1  70.4  80.3   4:00p  61.6   7:00a   0.5   5.9  0.00  10.1  28.0   5:00a   WSW
 2  66.7  78.6   3:00p  47.7  12:00m   2.3   4.1  0.31   7.8  32.0   7:00p   SSW
 3  43.0  47.7   6:00p  38.6   9:00a  22.0   0.0  0.06   9.5  30.0   1:00a    NW
 4  40.8  48.9   5:00p  33.5   7:00a  24.2   0.0  0.06  11.3  31.0   1:00p    NW
 5  43.6  55.4   3:00p  34.9   1:00a  21.4   0.0  0.12   3.6  19.0   2:00p   WSW
 6  54.2  69.8   5:00p  38.0   5:00a  11.4   0.5  0.01   5.7  25.0  10:00p     W
 7  58.0  65.5   1:00p  44.2  12:00m   7.0   0.0  0.14  11.3  30.0   5:00p    NW
 8  45.5  53.8   1:00p  35.3   6:00a  19.5   0.0  0.00   4.5  20.0  12:00p    SE
 9  48.7  56.9   6:00p  43.1  10:00a  16.3   0.0  0.25   1.1   7.0   2:00a   ESE
10  57.9  70.8   6:00p  46.5   3:00a   8.0   1.0  0.07   3.6  29.0  10:00p     E
11  67.5  76.7   4:00p  57.8  12:00m   1.1   3.6  0.00   9.9  29.0   6:00a     W
12  66.0  80.3   1:00p  51.6   6:00a   3.1   4.1  0.11   4.4  22.0   3:00p     W
13  67.4  80.9   3:00p  58.4   6:00a   0.9   3.3  0.55   2.8  22.0   6:00p   ESE
14  69.8  83.6   4:00p  58.9   8:00a   1.8   6.7  0.00   4.1  22.0  12:00m   WSW
15  67.4  80.5   2:00p  51.1  12:00m   2.9   5.3  0.23  10.2  33.0   5:00p     W
16  55.6  65.0   5:00p  46.5  12:00m   9.4   0.0  0.00   6.7  22.0   3:00p   WNW
17  60.4  74.2   5:00p  42.5   6:00a   7.0   2.4  0.00   5.3  24.0  10:00p    SW
18  69.3  79.6   4:00p  63.1  11:00p   0.1   4.4  0.10  11.2  32.0   2:00p   WSW
19  60.6  68.9   5:00p  50.2  12:00m   4.9   0.5  0.00   4.3  21.0   2:00a    SE
20  61.9  75.8   4:00p  44.3   6:00a   6.1   2.9  0.19   8.0  37.0  11:00p    SW
21  67.6  75.4   3:00p  58.9  12:00m   0.8   3.4  0.01   6.4  27.0   1:00a     N
22  59.0  65.2   6:00p  56.0   6:00a   6.0   0.0  0.28   2.4  26.0  11:00p     E
23  63.2  75.4   4:00p  55.6   2:00a   3.8   2.0  0.20   5.0  24.0  11:00a     N
24  64.8  79.9   4:00p  56.5   2:00a   2.8   2.6  1.66   5.1  32.0   1:00a     N
25  59.6  63.9   7:00p  55.0   7:00a   5.4   0.0  0.02   5.3  25.0   4:00a    NW
26  58.9  65.3   6:00p  54.4  11:00a   6.1   0.0  0.07   2.1  19.0   1:00a     N
27  63.3  74.7   6:00p  51.9   6:00a   4.1   2.4  0.20   3.3  13.0   9:00a   WNW
28  60.7  66.1  11:00a  51.0  10:00p   4.3   0.0  0.26   7.7  26.0  11:00a    NW
29  49.7  58.3   3:00p  40.1   6:00a  15.3   0.0  0.00   9.7  29.0  12:00p    NW
30  55.2  66.8   6:00p  43.6   6:00a   9.9   0.1  0.00   6.9  27.0   1:00p    NW
31  53.8  65.8  12:00p  40.8   6:00a  11.2   0.0  0.22   4.7  20.0  12:00p   ESE
-------------------------------------------------------------------------------------
    59.0  83.6    14    33.5     4   239.6  55.2  5.12   6.3  37.0    20      NW

Max >=  90.0:  0
Max <=  32.0:  0
Min <=  32.0:  0
Min <=   0.0:  0
Max Rain: 1.66 ON 05/24/04
Days of Rain: 20 (>.01 in) 14 (>.1 in) 1 (>1 in)
Heat Base:  65.0  Cool Base:  65.0  Method: Integration