NOAA-Style Climate Report Archive

for Hessville, NY - Since March 2004

(Reports Generated by WeatherLink)

Report for 2004 April
                   MONTHLY CLIMATOLOGICAL SUMMARY for APR. 2004

NAME: Indian Trail Weather   CITY: Hessville   STATE: New York 
ELEV:  1041 ft  LAT:  42° 51' 52" N  LONG:  74° 43' 15" W

                   TEMPERATURE (°F), RAIN  (in), WIND SPEED (mph)

                                      HEAT  COOL        AVG
    MEAN                              DEG   DEG         WIND                 DOM
DAY TEMP  HIGH   TIME   LOW    TIME   DAYS  DAYS  RAIN  SPEED HIGH   TIME    DIR
------------------------------------------------------------------------------------
 1  42.4  46.0   5:00p  39.8   7:00a  22.6   0.0  0.82   6.7  20.0   6:00p     E
 2  40.3  42.5   5:00p  37.9  12:00m  24.7   0.0  0.01   5.5  20.0   3:00a   ENE
 3  40.7  47.1  12:00p  36.6   6:00a  24.3   0.0  0.01   1.1  10.0   4:00p     N
 4  34.9  47.9  12:00p  22.9  11:00p  28.8   0.0  0.01   7.6  32.0   5:00p   WNW
 5  22.6  29.7   7:00p  17.0   7:00a  42.4   0.0  0.00  14.0  34.0   3:00p   WNW
 6  31.9  42.2   3:00p  21.1   6:00a  33.1   0.0  0.00  10.8  31.0   3:00p   WNW
 7  36.2  41.1   1:00p  31.0   9:00a  28.8   0.0  0.01   4.3  25.0   6:00p   WNW
 8  41.0  53.1   3:00p  34.0   7:00a  24.0   0.0  0.00   3.3  16.0   3:00a   WSW
 9  42.0  51.0   2:00p  35.0  12:00m  23.0   0.0  0.00   8.2  30.0   3:00p   WNW
10  39.9  51.6   4:00p  30.0   7:00a  25.1   0.0  0.00   8.6  27.0   1:00p     W
11  38.7  49.1   3:00p  30.0   7:00a  26.3   0.0  0.00   4.5  18.0   1:00p   WNW
12  40.8  50.5   4:00p  29.4   4:00a  24.2   0.0  0.13   3.9  17.0  10:00p     E
13  39.3  42.9  11:00p  35.6   7:00a  25.7   0.0  0.71   6.8  20.0   3:00a     E
14  42.4  44.2   3:00a  40.3  12:00m  22.6   0.0  0.15   5.5  19.0   7:00p   WNW
15  43.8  53.3   5:00p  36.9   7:00a  21.2   0.0  0.00   6.5  26.0   3:00p   WNW
16  45.3  61.3   6:00p  28.4   7:00a  19.7   0.0  0.00   2.6  13.0   8:00p     N
17  55.6  75.8   2:00p  37.5   7:00a  11.1   1.7  0.00   3.3  22.0   3:00p   WSW
18  54.5  63.2   1:00p  45.1   7:00a  10.5   0.0  0.12   3.1  28.0   5:00p    NE
19  65.7  82.2   3:00p  41.9   6:00a   6.0   6.7  0.17  13.6  51.0  10:00p    SW
20  48.2  58.3   6:00p  41.1   7:00a  16.8   0.0  0.00   9.5  35.0   1:00a   WSW
21  53.1  70.1   4:00p  40.5   7:00a  12.2   0.3  0.00   5.7  27.0   2:00p    NE
22  54.9  70.3  12:00p  43.9   6:00a  10.3   0.2  0.21   7.5  28.0   1:00p   SSW
23  45.5  49.5   1:00a  42.6  10:00a  19.5   0.0  0.28   3.6  16.0   9:00a    NE
24  48.0  54.5   5:00p  39.6  12:00m  17.0   0.0  0.00  12.1  39.0   2:00p     N
25  38.8  45.2   1:00p  30.4   6:00a  26.2   0.0  0.48   6.5  22.0  10:00a    SE
26  44.2  56.9   4:00p  38.3   5:00a  20.8   0.0  0.33   3.2  21.0   5:00p    SE
27  45.7  57.2   2:00p  35.9  12:00m  19.3   0.0  0.00   9.7  36.0   2:00p    NW
28  39.1  48.2   5:00p  31.8   7:00a  25.9   0.0  0.00  10.8  30.0   4:00p    NW
29  59.2  80.5   4:00p  34.6   6:00a  11.1   5.3  0.01   7.9  34.0   4:00p   WSW
30  70.7  81.6   5:00p  58.6   7:00a   0.8   6.5  0.00   9.3  28.0  12:00m   WSW
-------------------------------------------------------------------------------------
    44.8  82.2    19    17.0     5   624.0  20.7  3.45   6.9  51.0    19     WNW

Max >=  90.0:  0
Max <=  32.0:  1
Min <=  32.0: 10
Min <=   0.0:  0
Max Rain: 0.82 ON 04/01/04
Days of Rain: 10 (>.01 in) 10 (>.1 in) 0 (>1 in)
Heat Base:  65.0  Cool Base:  65.0  Method: Integration