NOAA-Style Climate Report Archive

for Hessville, NY - Since March 2004

(Reports Generated by WeatherLink)

Report for 2004 March
                   MONTHLY CLIMATOLOGICAL SUMMARY for MAR. 2004

NAME: Indian Trail Weather   CITY: Hessville   STATE: New York 
ELEV:  1041 ft  LAT:  42° 51' 52" N  LONG:  74° 43' 15" W

                   TEMPERATURE (°F), RAIN  (in), WIND SPEED (mph)

                                      HEAT  COOL        AVG
    MEAN                              DEG   DEG         WIND                 DOM
DAY TEMP  HIGH   TIME   LOW    TIME   DAYS  DAYS  RAIN  SPEED HIGH   TIME    DIR
------------------------------------------------------------------------------------
 1
 2
 3
 4
 5
 6
 7
 8
 9
10
11
12
13
14
15
16
17
18
19
20  38.9  39.5  10:00p  38.3  12:00m   3.3   0.0  0.03   6.7  14.0  11:00p   WSW
21  30.7  38.5   1:00a  16.9  12:00m  34.3   0.0  0.02  11.3  35.0   1:00p   WNW
22  14.9  20.5   4:00p   8.4   7:00a  50.2   0.0  0.00   9.8  28.0   2:00a   WNW
23  26.6  36.0   2:00p  14.8   2:00a  38.4   0.0  0.00   8.8  26.0   1:00p   WSW
24  38.3  49.8   4:00p  23.9   6:00a  26.7   0.0  0.08   2.5  19.0   9:00p    SW
25  43.4  48.5   4:00p  39.5   9:00p  21.6   0.0  0.00   2.1  27.0   1:00a   SSW
26  51.0  64.0   1:00p  39.3   5:00a  14.0   0.0  0.09   1.0  14.0  12:00m     E
27  51.0  55.7  11:00a  42.3  12:00m  14.0   0.0  0.14   4.9  18.0   1:00a   WNW
28  46.8  57.0   4:00p  38.3   6:00a  18.3   0.0  0.00   4.0  16.0   3:00p     E
29  45.4  59.2   3:00p  29.4   6:00a  19.6   0.0  0.00   5.0  17.0  11:00a     E
30  42.2  57.2   3:00p  29.4   6:00a  22.8   0.0  0.00   4.2  18.0   2:00p     E
31  39.5  43.6   3:00p  34.4   1:00a  25.4   0.0  0.05   3.3  13.0   9:00a     E
-------------------------------------------------------------------------------------
    39.1  64.0    26     8.4    22   288.6   0.0  0.41   5.3  35.0    21       E

Max >=  90.0:  0
Max <=  32.0:  1
Min <=  32.0:  6
Min <=   0.0:  0
Max Rain: 0.14 ON 03/27/04
Days of Rain: 6 (>.01 in) 1 (>.1 in) 0 (>1 in)
Heat Base:  65.0  Cool Base:  65.0  Method: Integration