NOAA-Style Climate Report Archive

for Hessville, NY - Since March 2004

(Reports Generated by WeatherLink)

Report for 2004
                            ANNUAL CLIMATOLOGICAL SUMMARY

NAME: Indian Trail Weather  CITY: Hessville   STATE: New York  
ELEV:  1041 ft  LAT:  42° 51' 52" N  LONG:  74° 43' 15" W

               TEMPERATURE (°F), HEAT BASE 65.0, COOL BASE 65.0
                          DEP.  HEAT  COOL                                          
        MEAN  MEAN        FROM  DEG   DEG                        MAX  MAX  MIN  MIN 
 YR MO  MAX   MIN   MEAN  NORM  DAYS  DAYS  HI  DATE  LOW  DATE  >=90 <=32 <=32 <=0 
------------------------------------------------------------------------------------
 04  1
 04  2
 04  3  47.5  29.6  39.1   7.7   289     0  64.0  26   8.4   22    0    1    6    0
 04  4  54.9  35.6  44.8   0.5   624    21  82.2  19  17.0    5    0    1   10    0
 04  5  69.4  48.8  59.0   3.7   240    55  83.6  14  33.5    4    0    0    0    0
 04  6  73.6  53.8  63.4  -0.6   128    81  89.0   9  44.2   11    0    0    0    0
 04  7  77.3  59.4  67.8  -0.1    51   137  86.1  22  49.1   25    0    0    0    0
 04  8  76.4  58.3  66.8   0.4    68   122  88.2  29  47.3    6    0    0    0    0
 04  9  72.4  53.4  62.2   3.0   148    61  83.0   9  40.3   19    0    0    0    0
 04 10  57.8  41.2  48.5   0.6   516     6  76.7   8  31.8   24    0    0    1    0
 04 11  45.9  29.7  37.7   0.1   820     0  60.8   7  16.8   10    0    2   16    0
 04 12  32.8  17.6  25.6  -0.5  1223     0  57.3  23 -11.5   20    0   12   27    2
------------------------------------------------------------------------------------
        61.7  43.6  52.3   1.5  4106   483  89.0 JUN -11.5  DEC    0   16   60    2

                                PRECIPITATION (in)

               DEP.   MAX        DAYS OF RAIN 
               FROM   OBS.          OVER
 YR MO  TOTAL  NORM   DAY  DATE .01   .1   1
---------------------------------------------
 04  1
 04  2
 04  3  0.41  -3.70  0.14   27    6    1    0
 04  4  3.45  -0.53  0.82    1   10   10    0
 04  5  5.12   0.80  1.66   24   20   14    1
 04  6  2.45  -2.16  1.19    9    8    6    1
 04  7  5.94   1.56  1.99   27   15   10    1
 04  8  4.01  -0.29  0.65   21   16   10    0
 04  9  4.78   0.83  1.61   17    8    6    2
 04 10  1.62  -2.47  0.49   19    9    6    0
 04 11  2.83  -1.04  0.62   28    9    7    0
 04 12  3.01  -0.33  0.86    1   12    6    0
---------------------------------------------
       33.62 -7.33  1.99  JUL  113   76    5

                                WIND SPEED (mph)
                          DOM
 YR MO   AVG.  HI   DATE  DIR
---------------------------------
 04  1
 04  2
 04  3   5.3  35.0   21     E
 04  4   6.9  51.0   19   WNW
 04  5   6.3  37.0   20    NW
 04  6   6.0  38.0    9     W
 04  7   4.4  32.0   31     W
 04  8   4.3  29.0   29     W
 04  9   4.5  33.0    9     W
 04 10   5.4  36.0   30     W
 04 11   6.8  44.0    5     W
 04 12   7.7  45.0    1    NW
---------------------------------
         5.8  51.0  APR    W