NOAA-Style Climate Report Archive

for Hessville, NY - Since March 2004

(Reports Generated by WeatherLink)
Select a Year or Month report / some data is missing due to maintenance requirements ...

2022: Jan Feb Mar Apr May Jun Jul Aug Sep Oct Nov Dec
2021: Jan Feb Mar Apr May Jun Jul Aug Sep Oct Nov Dec
2020: Jan Feb Mar Apr May Jun Jul Aug Sep Oct Nov Dec
2019: Jan Feb Mar Apr May Jun Jul Aug Sep Oct Nov Dec
2018: Jan Feb Mar Apr May Jun Jul Aug Sep Oct Nov Dec
2017: Jan Feb Mar Apr May Jun Jul Aug Sep Oct Nov Dec
2016: Jan Feb Mar Apr May Jun Jul Aug Sep Oct Nov Dec
2015: Jan Feb Mar Apr May Jun Jul Aug Sep Oct Nov Dec
2014: Jan Feb Mar Apr May Jun Jul Aug Sep Oct Nov Dec
2013: Jan Feb Mar Apr May Jun Jul Aug Sep Oct Nov Dec
2012: Jan Feb Mar Apr May Jun Jul Aug Sep Oct Nov Dec
2011: Jan Feb Mar Apr May Jun Jul Aug Sep Oct Nov Dec
2010: Jan Feb Mar Apr May Jun Jul Aug Sep Oct Nov Dec
2009: Jan Feb Mar Apr May Jun Jul Aug Sep Oct Nov Dec
2008: Jan Feb Mar Apr May Jun Jul Aug Sep Oct Nov Dec
2007: Jan Feb Mar Apr May Jun Jul Aug Sep Oct Nov Dec
2006: Jan Feb Mar Apr May Jun Jul Aug Sep Oct Nov Dec
2005: Jan Feb Mar Apr May Jun Jul Aug Sep Oct Nov Dec
2004: Jan Feb Mar Apr May Jun Jul Aug Sep Oct Nov Dec

Report for 2022 June
                   MONTHLY CLIMATOLOGICAL SUMMARY for JUN. 2022

NAME: Indian Trail Weather   CITY: Hessville   STATE: New York 
ELEV:  1041 ft  LAT:  42° 51' 52" N  LONG:  74° 43' 15" W

                   TEMPERATURE (°F), RAIN  (in), WIND SPEED (mph)

                                      HEAT  COOL        AVG
    MEAN                              DEG   DEG         WIND                 DOM
DAY TEMP  HIGH   TIME   LOW    TIME   DAYS  DAYS  RAIN  SPEED HIGH   TIME    DIR
------------------------------------------------------------------------------------
 1  63.0  71.6  12:30a  58.8   6:30a   2.3   0.3  1.12   0.0   0.0     ---   ---
 2  66.8  73.6   2:00p  61.4  11:30p   0.6   2.4  0.00   0.0   0.0     ---   ---
 3  63.2  70.6   4:00p  53.5  12:00m   3.2   1.4  0.00   0.0   0.0     ---   ---
 4  59.6  69.4   1:30p  51.1   3:00a   6.3   0.9  0.00   0.0   0.0     ---   ---
 5  60.3  72.0   4:30p  48.6   6:00a   6.2   1.6  0.00   0.0   0.0     ---   ---
 6  64.3  74.1   3:00p  52.1   4:30a   3.5   2.8  0.00   0.0   0.0     ---   ---
 7  67.8  75.9   2:00p  63.1  12:00m   0.2   3.1  0.12   0.0   0.0     ---   ---
 8  62.7  72.4   4:00p  56.2   6:00a   3.6   1.3  0.23   0.0   0.0     ---   ---
 9  59.0  67.0   2:30p  55.0   7:00a   6.0   0.0  0.64   0.0   0.0     ---   ---
10  60.9  69.2   4:30p  54.2   3:30a   4.8   0.7  0.00   0.0   0.0     ---   ---
11  63.1  73.6   5:00p  50.5   4:30a   4.6   2.6  0.00   0.0   0.0     ---   ---
12  64.8  75.0   1:00p  55.5   3:00a   2.8   2.6  0.17   0.0   0.0     ---   ---
13  66.7  74.0   3:30p  59.6  12:00m   1.4   3.1  0.00   0.0   0.0     ---   ---
14  67.0  78.2   5:00p  54.2   3:00a   2.6   4.7  0.00   0.0   0.0     ---   ---
15  70.5  81.5   5:30p  58.2   6:00a   1.3   6.8  0.00   0.0   0.0     ---   ---
16  69.3  77.3   5:00p  62.0   5:30a   0.4   4.6  1.04   0.0   0.0     ---   ---
17  71.7  76.1   1:00p  63.0  12:00m   0.1   6.8  0.00   0.0   0.0     ---   ---
18  52.7  63.2  12:30a  48.6   6:00a  12.3   0.0  0.02   0.0   0.0     ---   ---
19  55.2  65.2   5:00p  44.8   5:30a   9.8   0.0  0.00   0.0   0.0     ---   ---
20  57.5  69.7   1:30p  50.4   6:00a   4.6   0.4  0.00   0.0   0.0     ---   ---
21
22
23
24
25
26
27
28
29
30
-------------------------------------------------------------------------------------
    63.3  81.5    15    44.8    19    76.6  46.1  3.34   0.0   0.0     ---   ---

Max >=  90.0:  0
Max <=  32.0:  0
Min <=  32.0:  0
Min <=   0.0:  0
Max Rain: 1.12 ON 06/01/22
Days of Rain: 7 (>.01 in) 6 (>.1 in) 2 (>1 in)
Heat Base:  65.0  Cool Base:  65.0  Method: Integration