NOAA-Style Climate Report Archive

for Hessville, NY - Since March 2004

(Reports Generated by WeatherLink)
Select a Year or Month report / some data is missing due to maintenance requirements ...

2021: Jan Feb Mar Apr May Jun Jul Aug Sep Oct Nov Dec
2020: Jan Feb Mar Apr May Jun Jul Aug Sep Oct Nov Dec
2019: Jan Feb Mar Apr May Jun Jul Aug Sep Oct Nov Dec
2018: Jan Feb Mar Apr May Jun Jul Aug Sep Oct Nov Dec
2017: Jan Feb Mar Apr May Jun Jul Aug Sep Oct Nov Dec
2016: Jan Feb Mar Apr May Jun Jul Aug Sep Oct Nov Dec
2015: Jan Feb Mar Apr May Jun Jul Aug Sep Oct Nov Dec
2014: Jan Feb Mar Apr May Jun Jul Aug Sep Oct Nov Dec
2013: Jan Feb Mar Apr May Jun Jul Aug Sep Oct Nov Dec
2012: Jan Feb Mar Apr May Jun Jul Aug Sep Oct Nov Dec
2011: Jan Feb Mar Apr May Jun Jul Aug Sep Oct Nov Dec
2010: Jan Feb Mar Apr May Jun Jul Aug Sep Oct Nov Dec
2009: Jan Feb Mar Apr May Jun Jul Aug Sep Oct Nov Dec
2008: Jan Feb Mar Apr May Jun Jul Aug Sep Oct Nov Dec
2007: Jan Feb Mar Apr May Jun Jul Aug Sep Oct Nov Dec
2006: Jan Feb Mar Apr May Jun Jul Aug Sep Oct Nov Dec
2005: Jan Feb Mar Apr May Jun Jul Aug Sep Oct Nov Dec
2004: Jan Feb Mar Apr May Jun Jul Aug Sep Oct Nov Dec

Report for 2021 June
                   MONTHLY CLIMATOLOGICAL SUMMARY for JUN. 2021

NAME: Indian Trail Weather   CITY: Hessville   STATE: New York 
ELEV:  1041 ft  LAT:  42° 51' 52" N  LONG:  74° 43' 15" W

                   TEMPERATURE (°F), RAIN  (in), WIND SPEED (mph)

                                      HEAT  COOL        AVG
    MEAN                              DEG   DEG         WIND                 DOM
DAY TEMP  HIGH   TIME   LOW    TIME   DAYS  DAYS  RAIN  SPEED HIGH   TIME    DIR
------------------------------------------------------------------------------------
 1  60.9  73.3   4:30p  49.6   3:00a   6.1   2.0  0.00   0.0   0.0     ---   ---
 2  61.0  73.9   1:30p  49.9   4:30a   5.5   1.4  0.55   0.0   0.0     ---   ---
 3  64.3  74.2   5:30p  57.7   3:00a   2.9   2.2  0.69   0.0   0.0     ---   ---
 4  68.3  79.0   5:30p  61.6   1:30a   1.1   4.4  0.61   0.0   0.0     ---   ---
 5  74.1  84.9   4:30p  61.9  12:30a   0.2   9.3  0.00   0.0   0.0     ---   ---
 6  76.7  87.2   4:30p  67.3   1:00a   0.0  11.7  0.00   0.0   0.0     ---   ---
 7  78.3  88.8   4:00p  67.9   4:30a   0.0  13.3  0.00   0.0   0.0     ---   ---
 8  74.4  80.5   3:00p  68.8  11:30p   0.0   9.4  0.11   0.0   0.0     ---   ---
 9  74.5  83.5   4:00p  67.8  12:00m   0.0   9.5  0.00   0.0   0.0     ---   ---
10  66.8  76.0   5:00p  54.6   5:30a   1.6   3.4  0.00   0.0   0.0     ---   ---
11  61.6  69.0  11:30a  51.5   6:00a   3.8   0.4  0.00   0.0   0.0     ---   ---
12  63.7  75.1   7:00p  56.8   5:30a   3.6   2.3  0.26   0.0   0.0     ---   ---
13  68.7  80.6   4:30p  55.9   2:30a   2.0   5.7  0.00   0.0   0.0     ---   ---
14  63.4  71.6   3:00p  55.2  12:00m   2.5   0.9  0.90   0.0   0.0     ---   ---
15  59.6  67.9   3:00p  54.2   1:00a   5.5   0.1  0.05   0.0   0.0     ---   ---
16  55.3  61.9  11:00a  51.0   5:30a   4.4   0.0  0.00   0.0   0.0     ---   ---
17
18
19
20
21
22
23
24
25
26
27
28
29
30
-------------------------------------------------------------------------------------
    67.0  88.8     7    49.6     1    39.2  76.0  3.17   0.0   0.0     ---   ---

Max >=  90.0:  0
Max <=  32.0:  0
Min <=  32.0:  0
Min <=   0.0:  0
Max Rain: 0.90 ON 06/14/21
Days of Rain: 7 (>.01 in) 6 (>.1 in) 0 (>1 in)
Heat Base:  65.0  Cool Base:  65.0  Method: Integration