NOAA-Style Climate Report Archive

for Hessville, NY - Since March 2004

(Reports Generated by WeatherLink)

Report for 2019 June
                   MONTHLY CLIMATOLOGICAL SUMMARY for JUN. 2019

NAME: Indian Trail Weather   CITY: Hessville   STATE: New York 
ELEV:  1041 ft  LAT:  42° 51' 52" N  LONG:  74° 43' 15" W

                   TEMPERATURE (°F), RAIN  (in), WIND SPEED (mph)

                                      HEAT  COOL        AVG
    MEAN                              DEG   DEG         WIND                 DOM
DAY TEMP  HIGH   TIME   LOW    TIME   DAYS  DAYS  RAIN  SPEED HIGH   TIME    DIR
------------------------------------------------------------------------------------
 1  62.5  78.2   3:30p  48.8   4:00a   5.5   3.0  0.03   3.2  25.0  11:30p   SSW
 2  60.8  69.7   3:00p  48.7  11:30p   4.5   0.3  0.10   5.0  25.0   2:30p    SW
 3  51.1  57.2   4:00p  44.3   5:30a  13.9   0.0  0.00   6.5  30.0   3:00p   WSW
 4  52.6  63.3   1:30p  43.2   6:00a  12.4   0.0  0.04   4.4  21.0   2:30p   WSW
 5  65.3  75.2   2:00p  50.6   2:00a   2.1   2.4  0.25   5.3  26.0   3:30a   WSW
 6  65.3  74.3   5:30p  57.8  12:00m   1.8   2.1  0.00   4.4  17.0   7:00a   WNW
 7  65.7  76.5   6:00p  52.4   5:30a   3.4   4.1  0.00   3.1  16.0   3:00p   WNW
 8  64.9  76.9   4:30p  51.3   5:30a   3.8   3.7  0.00   3.3  13.0   2:30p   ESE
 9  66.1  78.8   5:00p  49.7   6:00a   3.4   4.6  0.00   4.5  16.0   2:00p   ESE
10  61.9  73.8   2:30p  50.1   5:30a   4.0   1.0  0.32   3.9  19.0   2:30p     E
11  60.1  66.0   4:00p  54.7  12:00m   4.9   0.0  0.17   6.3  35.0   3:00p   WNW
12  63.2  76.0   4:30p  47.4   6:00a   4.7   3.0  0.00   3.8  19.0   7:30p   SSW
13  54.8  60.2  12:30a  50.6  10:30a   5.3   0.0  0.19   4.6  21.0  11:30a   ESE
14
15
16
17
18
19
20
21
22
23
24
25
26
27
28
29
30
-------------------------------------------------------------------------------------
    61.1  78.8     9    43.2     4    69.7  24.2  1.10   4.5  35.0    11     WSW

Max >=  90.0:  0
Max <=  32.0:  0
Min <=  32.0:  0
Min <=   0.0:  0
Max Rain: 0.32 ON 06/10/19
Days of Rain: 7 (>.01 in) 4 (>.1 in) 0 (>1 in)
Heat Base:  65.0  Cool Base:  65.0  Method: Integration