NOAA-Style Climate Report Archive

for Hessville, NY - Since March 2004

(Reports Generated by WeatherLink)
Select a Year or Month report / some data is missing due to maintenance requirements ...

2021: Jan Feb Mar Apr May Jun Jul Aug Sep Oct Nov Dec
2020: Jan Feb Mar Apr May Jun Jul Aug Sep Oct Nov Dec
2019: Jan Feb Mar Apr May Jun Jul Aug Sep Oct Nov Dec
2018: Jan Feb Mar Apr May Jun Jul Aug Sep Oct Nov Dec
2017: Jan Feb Mar Apr May Jun Jul Aug Sep Oct Nov Dec
2016: Jan Feb Mar Apr May Jun Jul Aug Sep Oct Nov Dec
2015: Jan Feb Mar Apr May Jun Jul Aug Sep Oct Nov Dec
2014: Jan Feb Mar Apr May Jun Jul Aug Sep Oct Nov Dec
2013: Jan Feb Mar Apr May Jun Jul Aug Sep Oct Nov Dec
2012: Jan Feb Mar Apr May Jun Jul Aug Sep Oct Nov Dec
2011: Jan Feb Mar Apr May Jun Jul Aug Sep Oct Nov Dec
2010: Jan Feb Mar Apr May Jun Jul Aug Sep Oct Nov Dec
2009: Jan Feb Mar Apr May Jun Jul Aug Sep Oct Nov Dec
2008: Jan Feb Mar Apr May Jun Jul Aug Sep Oct Nov Dec
2007: Jan Feb Mar Apr May Jun Jul Aug Sep Oct Nov Dec
2006: Jan Feb Mar Apr May Jun Jul Aug Sep Oct Nov Dec
2005: Jan Feb Mar Apr May Jun Jul Aug Sep Oct Nov Dec
2004: Jan Feb Mar Apr May Jun Jul Aug Sep Oct Nov Dec

Report for 2021 November
                   MONTHLY CLIMATOLOGICAL SUMMARY for NOV. 2021

NAME: Indian Trail Weather   CITY: Hessville   STATE: New York 
ELEV:  1041 ft  LAT:  42° 51' 52" N  LONG:  74° 43' 15" W

                   TEMPERATURE (°F), RAIN  (in), WIND SPEED (mph)

                                      HEAT  COOL        AVG
    MEAN                              DEG   DEG         WIND                 DOM
DAY TEMP  HIGH   TIME   LOW    TIME   DAYS  DAYS  RAIN  SPEED HIGH   TIME    DIR
------------------------------------------------------------------------------------
 1  46.0  51.0  12:30a  38.0  11:30p  19.0   0.0  0.00   0.0   0.0     ---   ---
 2  40.9  49.1   1:00p  33.3  10:00p  24.1   0.0  0.00   0.0   0.0     ---   ---
 3  36.4  45.0   2:30p  31.3  11:30p  28.6   0.0  0.00   0.0   0.0     ---   ---
 4  34.1  43.6   1:00p  27.9   4:30a  30.9   0.0  0.00   0.0   0.0     ---   ---
 5  34.6  46.7   3:30p  25.4   8:00a  30.4   0.0  0.00   0.0   0.0     ---   ---
 6  36.7  52.5   4:00p  27.1   7:00a  28.3   0.0  0.00   0.0   0.0     ---   ---
 7  39.9  55.1   3:00p  25.8   7:00a  25.1   0.0  0.00   0.0   0.0     ---   ---
 8  45.6  57.4   4:00p  37.4   1:30a  19.4   0.0  0.00   0.0   0.0     ---   ---
 9  51.3  60.1   1:30p  45.7   7:00a  13.7   0.0  0.00   0.0   0.0     ---   ---
10  46.0  52.5   1:30p  34.1   9:30p  19.0   0.0  0.21   0.0   0.0     ---   ---
11  41.3  50.2   1:30p  30.3   5:30a  23.7   0.0  0.00   0.0   0.0     ---   ---
12  46.7  52.5   6:30a  36.1  10:00p  18.3   0.0  0.77   0.0   0.0     ---   ---
13  38.4  49.7  11:00a  34.3   6:30p  26.6   0.0  0.31   0.0   0.0     ---   ---
14  39.2  44.2   1:00p  35.2  12:30a  25.8   0.0  0.05   0.0   0.0     ---   ---
15  36.3  40.8  12:00p  32.4  10:30p  28.7   0.0  0.02   0.0   0.0     ---   ---
16  34.7  36.9   1:00p  31.7   4:30a  30.3   0.0  0.01   0.0   0.0     ---   ---
17  37.2  46.6  12:00m  30.0   6:00a  27.8   0.0  0.00   0.0   0.0     ---   ---
18  46.6  66.3  12:00p  38.6  12:00m  18.4   0.0  0.35   0.0   0.0     ---   ---
19  34.6  38.6  12:30a  29.6  12:00m  30.4   0.0  0.02   0.0   0.0     ---   ---
20  34.1  43.7   2:00p  24.9   7:00a  30.9   0.0  0.00   0.0   0.0     ---   ---
21  40.7  45.3   7:30p  35.1   7:30a  24.3   0.0  0.03   0.0   0.0     ---   ---
22  36.4  43.7   1:30a  29.2  11:00p  28.6   0.0  0.01   0.0   0.0     ---   ---
23  27.4  31.4   1:30p  23.4  12:00m  37.6   0.0  0.00   0.0   0.0     ---   ---
24  30.1  40.1   4:00p  20.2   6:30a  34.9   0.0  0.00   0.0   0.0     ---   ---
25  38.1  42.5   3:00p  32.2   4:00a  26.9   0.0  0.00   0.0   0.0     ---   ---
26  38.7  41.3   1:30a  36.5   3:00a   4.4   0.0  0.00   0.0   0.0     ---   ---
27
28
29
30
-------------------------------------------------------------------------------------
    38.9  66.3    18    20.2    24   656.1   0.0  1.78   0.0   0.0     ---   ---

Max >=  90.0:  0
Max <=  32.0:  1
Min <=  32.0: 13
Min <=   0.0:  0
Max Rain: 0.77 ON 11/12/21
Days of Rain: 8 (>.01 in) 4 (>.1 in) 0 (>1 in)
Heat Base:  65.0  Cool Base:  65.0  Method: Integration