NOAA-Style Climate Report Archive

for Hessville, NY - Since March 2004

(Reports Generated by WeatherLink)

Report for 2019 May
                   MONTHLY CLIMATOLOGICAL SUMMARY for MAY. 2019

NAME: Indian Trail Weather   CITY: Hessville   STATE: New York 
ELEV:  1041 ft  LAT:  42° 51' 52" N  LONG:  74° 43' 15" W

                   TEMPERATURE (°F), RAIN  (in), WIND SPEED (mph)

                                      HEAT  COOL        AVG
    MEAN                              DEG   DEG         WIND                 DOM
DAY TEMP  HIGH   TIME   LOW    TIME   DAYS  DAYS  RAIN  SPEED HIGH   TIME    DIR
------------------------------------------------------------------------------------
 1  44.8  50.5   6:30p  39.6   3:00a  20.2   0.0  0.17   5.3  21.0  10:00p   ESE
 2  54.3  60.9   7:00p  46.1  12:30a  10.7   0.0  0.07   3.8  20.0   5:00a   WNW
 3  54.8  68.3   3:00p  47.5   7:30a  10.3   0.1  0.36   2.2  15.0   4:00p    NE
 4  56.3  63.7   6:00p  50.7   6:00a   8.7   0.0  0.02   3.0  13.0   7:00p    NW
 5  52.7  54.2  12:30a  50.6   6:30a  12.3   0.0  0.06   4.0  15.0  11:00a     E
 6  56.2  67.5   6:00p  50.4   6:00a   9.0   0.2  0.10   2.9  12.0   5:00p   ESE
 7  53.3  60.6   1:30p  42.3  12:00m  11.8   0.0  0.10   4.6  18.0   5:00p   WNW
 8  50.5  62.0   6:00p  40.2   3:30a  14.5   0.0  0.00   5.1  17.0   2:30p   WSW
 9  52.3  63.0   5:00p  41.3   6:00a  12.7   0.0  0.01   7.1  25.0   2:00p   ESE
10  54.6  72.9   3:00p  47.6   5:00a  11.2   0.7  0.28   5.7  26.0   2:00p    NE
11  49.5  58.9   4:30p  42.4   6:30a  15.5   0.0  0.00   7.2  24.0  12:30a   WNW
12  41.4  47.2  12:30a  38.5   5:00p  23.6   0.0  0.38   6.9  27.0   7:00a   ESE
13  41.2  45.4   1:30p  39.0   1:30a  23.8   0.0  0.64   6.1  20.0  10:30a     E
14  40.4  43.7   6:00p  36.9   5:00a  24.6   0.0  0.27   5.8  16.0  11:30p     E
15  50.8  63.8   5:00p  37.4   6:00a  14.2   0.0  0.00   6.8  25.0   6:30p   WNW
16  54.0  62.3   3:30p  46.4   6:00a  11.0   0.0  0.06   5.4  21.0   1:30p   WNW
17  55.9  68.8   1:30p  47.8   6:30a   9.3   0.2  0.17   5.9  27.0   3:30p     W
18  55.6  67.1   5:30p  42.9   6:00a   9.6   0.1  0.00   4.8  18.0  11:30a   WNW
19  65.5  87.3   5:00p  49.5   5:00a   5.1   5.7  0.06   5.2  29.0  12:00m   SSW
20  65.7  75.7   1:00p  50.6  12:00m   2.4   3.1  0.29   9.3  31.0   9:00p    SW
21  51.7  60.6   5:30p  44.7   5:30a  13.3   0.0  0.00  10.8  31.0   1:30a   WNW
22  57.4  69.0   5:00p  44.1   5:30a   8.0   0.4  0.00   4.3  20.0  12:30a   ESE
23  63.1  74.1  12:30p  53.1   6:30a   3.5   1.7  0.39   4.8  33.0   9:30p     S
24  56.7  60.6  12:30a  49.7  12:00m   8.3   0.0  0.00   8.0  28.0   5:30a   WNW
25  59.8  71.5   3:30p  45.1   4:30a   6.6   1.4  0.27   5.2  34.0  12:00m   SSW
26  64.7  70.3   9:30a  62.1   2:30a   0.5   0.4  0.05   9.7  25.0   1:00a   WSW
27
28
29
30
31
-------------------------------------------------------------------------------------
    54.0  87.3    19    36.9    14   300.7  14.0  3.75   5.8  34.0    25     WNW

Max >=  90.0:  0
Max <=  32.0:  0
Min <=  32.0:  0
Min <=   0.0:  0
Max Rain: 0.64 ON 05/13/19
Days of Rain: 18 (>.01 in) 10 (>.1 in) 0 (>1 in)
Heat Base:  65.0  Cool Base:  65.0  Method: Integration