NOAA-Style Climate Report Archive

for Hessville, NY - Since March 2004

(Reports Generated by WeatherLink)

Report for 2019 February
                   MONTHLY CLIMATOLOGICAL SUMMARY for FEB. 2019

NAME: Indian Trail Weather   CITY: Hessville   STATE: New York 
ELEV:  1041 ft  LAT:  42° 51' 52" N  LONG:  74° 43' 15" W

                   TEMPERATURE (°F), RAIN  (in), WIND SPEED (mph)

                                      HEAT  COOL        AVG
    MEAN                              DEG   DEG         WIND                 DOM
DAY TEMP  HIGH   TIME   LOW    TIME   DAYS  DAYS  RAIN  SPEED HIGH   TIME    DIR
------------------------------------------------------------------------------------
 1   5.3  15.0   2:00p  -3.7   6:30a  59.7   0.0  0.00   5.0  22.0   1:30a   WSW
 2  19.1  32.9   7:00p   1.8   2:30a  45.9   0.0  0.00   7.0  24.0   5:00p   WSW
 3  34.3  45.5  12:00m  27.7   6:00a  30.7   0.0  0.00   4.4  28.0  11:30p   SSE
 4  48.3  58.2   1:30p  42.3   2:30a  16.7   0.0  0.00   4.5  30.0  12:00m    SW
 5  41.1  50.2  11:30a  26.8  12:00m  23.9   0.0  0.05   8.8  29.0   3:30a   WNW
 6  28.6  33.2  11:00p  23.8   6:30a  36.4   0.0  0.26   4.0  16.0  11:00a   ENE
 7  35.8  38.5   9:00p  32.5  12:30a  29.2   0.0  0.22   0.1  11.0  11:00p     E
 8  32.3  50.1   7:00a  19.7  12:00m  32.7   0.0  0.13  11.9  44.0   9:30p     W
 9  19.4  24.5   3:00p  15.8   6:30a  45.6   0.0  0.00  13.4  43.0   4:00a     W
10  21.8  27.2   3:30p  17.7  12:30a  43.2   0.0  0.00   3.7  17.0  11:30a   WNW
11  23.2  30.7   4:30p  17.0  12:00m  41.8   0.0  0.00   2.3  14.0  12:00m     E
12  14.8  19.4  12:00m  12.7   8:00a  50.2   0.0  0.09  10.3  29.0   4:00p     E
13  26.4  34.0  11:00a  19.4  12:30a  38.6   0.0  0.25   7.8  31.0  12:00m   WSW
14  26.6  36.2   4:00p  22.9  10:30p  38.4   0.0  0.00   7.4  33.0   3:30a   WSW
15  34.9  51.9   3:00p  23.6   1:30a  30.1   0.0  0.09   6.0  34.0   3:30p     W
16  24.2  27.7  12:30a  17.8  11:30p  40.8   0.0  0.00   7.2  32.0   3:00p   WNW
17  21.1  29.8   2:00p  12.6   7:00a  43.9   0.0  0.00   2.9  13.0  10:30p     E
18  20.0  25.3   1:30p  17.4   3:00a  34.7   0.0  0.05   5.9  25.0   3:00p     E
19
20
21
22
23
24
25
26
27
28
-------------------------------------------------------------------------------------
    26.5  58.2     4    -3.7     1   682.5   0.0  1.14   6.3  44.0     8     WSW

Max >=  90.0:  0
Max <=  32.0:  8
Min <=  32.0: 16
Min <=   0.0:  1
Max Rain: 0.26 ON 02/06/19
Days of Rain: 8 (>.01 in) 4 (>.1 in) 0 (>1 in)
Heat Base:  65.0  Cool Base:  65.0  Method: Integration