NOAA-Style Climate Report Archive

for Hessville, NY - Since March 2004

(Reports Generated by WeatherLink)
Select a Year or Month report / some data is missing due to maintenance requirements ...

2022: Jan Feb Mar Apr May Jun Jul Aug Sep Oct Nov Dec
2021: Jan Feb Mar Apr May Jun Jul Aug Sep Oct Nov Dec
2020: Jan Feb Mar Apr May Jun Jul Aug Sep Oct Nov Dec
2019: Jan Feb Mar Apr May Jun Jul Aug Sep Oct Nov Dec
2018: Jan Feb Mar Apr May Jun Jul Aug Sep Oct Nov Dec
2017: Jan Feb Mar Apr May Jun Jul Aug Sep Oct Nov Dec
2016: Jan Feb Mar Apr May Jun Jul Aug Sep Oct Nov Dec
2015: Jan Feb Mar Apr May Jun Jul Aug Sep Oct Nov Dec
2014: Jan Feb Mar Apr May Jun Jul Aug Sep Oct Nov Dec
2013: Jan Feb Mar Apr May Jun Jul Aug Sep Oct Nov Dec
2012: Jan Feb Mar Apr May Jun Jul Aug Sep Oct Nov Dec
2011: Jan Feb Mar Apr May Jun Jul Aug Sep Oct Nov Dec
2010: Jan Feb Mar Apr May Jun Jul Aug Sep Oct Nov Dec
2009: Jan Feb Mar Apr May Jun Jul Aug Sep Oct Nov Dec
2008: Jan Feb Mar Apr May Jun Jul Aug Sep Oct Nov Dec
2007: Jan Feb Mar Apr May Jun Jul Aug Sep Oct Nov Dec
2006: Jan Feb Mar Apr May Jun Jul Aug Sep Oct Nov Dec
2005: Jan Feb Mar Apr May Jun Jul Aug Sep Oct Nov Dec
2004: Jan Feb Mar Apr May Jun Jul Aug Sep Oct Nov Dec

Report for 2022 September
                   MONTHLY CLIMATOLOGICAL SUMMARY for SEP. 2022

NAME: Indian Trail Weather   CITY: Hessville   STATE: New York 
ELEV:  1041 ft  LAT:  42° 51' 52" N  LONG:  74° 43' 15" W

                   TEMPERATURE (°F), RAIN  (in), WIND SPEED (mph)

                                      HEAT  COOL        AVG
    MEAN                              DEG   DEG         WIND                 DOM
DAY TEMP  HIGH   TIME   LOW    TIME   DAYS  DAYS  RAIN  SPEED HIGH   TIME    DIR
------------------------------------------------------------------------------------
 1  60.7  67.2  12:30a  51.8  10:30p   4.5   0.2  0.10   0.0   0.0     ---   ---
 2  60.1  74.6   4:00p  46.0   7:00a   7.2   2.2  0.00   0.0   0.0     ---   ---
 3  65.4  78.9   4:00p  51.7   5:00a   4.0   4.4  0.00   0.0   0.0     ---   ---
 4  70.0  80.7   1:30p  62.3   5:00a   0.3   5.4  0.21   0.0   0.0     ---   ---
 5  62.0  66.0  12:30a  60.2   9:00a   3.0   0.0  1.32   0.0   0.0     ---   ---
 6  61.5  62.9   3:00p  60.7   8:00a   3.5   0.0  0.25   0.0   0.0     ---   ---
 7  63.3  68.3   4:00p  60.1   5:00a   2.2   0.5  0.00   0.0   0.0     ---   ---
 8  65.5  75.9   4:30p  58.7   6:00a   2.4   2.9  0.00   0.0   0.0     ---   ---
 9  65.6  78.1   4:30p  53.8   7:00a   3.2   3.8  0.00   0.0   0.0     ---   ---
10  68.6  81.9   4:30p  56.4   7:30a   1.5   5.1  0.00   0.0   0.0     ---   ---
11  66.4  73.9   2:00p  59.9   7:00a   0.9   2.3  0.06   0.0   0.0     ---   ---
12  66.9  74.8   3:30p  62.6   1:00a   0.8   2.7  0.04   0.0   0.0     ---   ---
13  64.0  68.9   1:30p  57.5  12:00m   1.7   0.8  0.33   0.0   0.0     ---   ---
14  63.4  72.5   2:30p  55.7   3:30a   3.5   1.9  0.00   0.0   0.0     ---   ---
15  55.1  64.3   3:30p  46.9   7:00a   9.9   0.0  0.00   0.0   0.0     ---   ---
16  54.5  64.0  12:00p  44.0   4:30a  10.5   0.0  0.00   0.0   0.0     ---   ---
17  58.0  68.3   4:30p  49.0   6:30a   7.4   0.4  0.00   0.0   0.0     ---   ---
18  68.2  78.4   1:00p  55.1  12:30a   0.7   3.8  0.17   0.0   0.0     ---   ---
19  68.2  75.7  12:30p  64.7   7:00a   0.0   1.7  0.01   0.0   0.0     ---   ---
20
21
22
23
24
25
26
27
28
29
30
-------------------------------------------------------------------------------------
    63.5  81.9    10    44.0    16    67.2  38.1  2.49   0.0   0.0     ---   ---

Max >=  90.0:  0
Max <=  32.0:  0
Min <=  32.0:  0
Min <=   0.0:  0
Max Rain: 1.32 ON 09/05/22
Days of Rain: 8 (>.01 in) 5 (>.1 in) 1 (>1 in)
Heat Base:  65.0  Cool Base:  65.0  Method: Integration