NOAA-Style Climate Report Archive

for Hessville, NY - Since March 2004

(Reports Generated by WeatherLink)
Select a Year or Month report / some data is missing due to maintenance requirements ...

2021: Jan Feb Mar Apr May Jun Jul Aug Sep Oct Nov Dec
2020: Jan Feb Mar Apr May Jun Jul Aug Sep Oct Nov Dec
2019: Jan Feb Mar Apr May Jun Jul Aug Sep Oct Nov Dec
2018: Jan Feb Mar Apr May Jun Jul Aug Sep Oct Nov Dec
2017: Jan Feb Mar Apr May Jun Jul Aug Sep Oct Nov Dec
2016: Jan Feb Mar Apr May Jun Jul Aug Sep Oct Nov Dec
2015: Jan Feb Mar Apr May Jun Jul Aug Sep Oct Nov Dec
2014: Jan Feb Mar Apr May Jun Jul Aug Sep Oct Nov Dec
2013: Jan Feb Mar Apr May Jun Jul Aug Sep Oct Nov Dec
2012: Jan Feb Mar Apr May Jun Jul Aug Sep Oct Nov Dec
2011: Jan Feb Mar Apr May Jun Jul Aug Sep Oct Nov Dec
2010: Jan Feb Mar Apr May Jun Jul Aug Sep Oct Nov Dec
2009: Jan Feb Mar Apr May Jun Jul Aug Sep Oct Nov Dec
2008: Jan Feb Mar Apr May Jun Jul Aug Sep Oct Nov Dec
2007: Jan Feb Mar Apr May Jun Jul Aug Sep Oct Nov Dec
2006: Jan Feb Mar Apr May Jun Jul Aug Sep Oct Nov Dec
2005: Jan Feb Mar Apr May Jun Jul Aug Sep Oct Nov Dec
2004: Jan Feb Mar Apr May Jun Jul Aug Sep Oct Nov Dec

Report for 2021 September
                   MONTHLY CLIMATOLOGICAL SUMMARY for SEP. 2021

NAME: Indian Trail Weather   CITY: Hessville   STATE: New York 
ELEV:  1041 ft  LAT:  42° 51' 52" N  LONG:  74° 43' 15" W

                   TEMPERATURE (°F), RAIN  (in), WIND SPEED (mph)

                                      HEAT  COOL        AVG
    MEAN                              DEG   DEG         WIND                 DOM
DAY TEMP  HIGH   TIME   LOW    TIME   DAYS  DAYS  RAIN  SPEED HIGH   TIME    DIR
------------------------------------------------------------------------------------
 1  60.3  63.4  12:30a  57.5  12:00m   4.7   0.0  0.41   0.0   0.0     ---   ---
 2  58.3  64.3  12:30p  54.8   2:30a   6.7   0.0  0.00   0.0   0.0     ---   ---
 3  60.2  69.4   4:30p  54.4   2:00a   5.5   0.7  0.00   0.0   0.0     ---   ---
 4  62.6  74.5   5:30p  54.1   6:00a   4.6   2.2  0.00   0.0   0.0     ---   ---
 5  63.4  69.2  11:00a  57.0   7:00a   2.9   1.3  0.08   0.0   0.0     ---   ---
 6  63.9  71.4  11:30a  57.9   2:30a   2.6   1.5  0.00   0.0   0.0     ---   ---
 7  64.1  74.9   4:00p  56.9   6:00a   3.0   2.1  0.00   0.0   0.0     ---   ---
 8  69.5  81.4   3:00p  58.9   6:00a   0.3   4.8  0.46   0.0   0.0     ---   ---
 9  64.0  71.5   3:30p  59.4  11:30p   2.0   0.9  0.03   0.0   0.0     ---   ---
10  59.9  67.2   5:00p  53.7   7:00a   5.2   0.1  0.00   0.0   0.0     ---   ---
11  62.8  73.3   3:30p  51.1   6:30a   4.1   1.9  0.00   0.0   0.0     ---   ---
12  68.8  75.7   1:00p  64.1   3:00a   0.1   3.9  0.20   0.0   0.0     ---   ---
13  63.3  71.7   4:00p  54.6   4:00a   3.4   1.7  0.38   0.0   0.0     ---   ---
14  54.5  58.7  12:30a  50.9   7:00a   4.2   0.0  0.00   0.0   0.0     ---   ---
15
16
17
18
19
20
21
22
23
24
25
26
27
28
29
30
-------------------------------------------------------------------------------------
    62.5  81.4     8    50.9    14    49.3  21.1  1.56   0.0   0.0     ---   ---

Max >=  90.0:  0
Max <=  32.0:  0
Min <=  32.0:  0
Min <=   0.0:  0
Max Rain: 0.46 ON 09/08/21
Days of Rain: 6 (>.01 in) 4 (>.1 in) 0 (>1 in)
Heat Base:  65.0  Cool Base:  65.0  Method: Integration