NOAA-Style Climate Report Archive

for Hessville, NY - Since March 2004

(Reports Generated by WeatherLink)
Select a Year or Month report / some data is missing due to maintenance requirements ...

2021: Jan Feb Mar Apr May Jun Jul Aug Sep Oct Nov Dec
2020: Jan Feb Mar Apr May Jun Jul Aug Sep Oct Nov Dec
2019: Jan Feb Mar Apr May Jun Jul Aug Sep Oct Nov Dec
2018: Jan Feb Mar Apr May Jun Jul Aug Sep Oct Nov Dec
2017: Jan Feb Mar Apr May Jun Jul Aug Sep Oct Nov Dec
2016: Jan Feb Mar Apr May Jun Jul Aug Sep Oct Nov Dec
2015: Jan Feb Mar Apr May Jun Jul Aug Sep Oct Nov Dec
2014: Jan Feb Mar Apr May Jun Jul Aug Sep Oct Nov Dec
2013: Jan Feb Mar Apr May Jun Jul Aug Sep Oct Nov Dec
2012: Jan Feb Mar Apr May Jun Jul Aug Sep Oct Nov Dec
2011: Jan Feb Mar Apr May Jun Jul Aug Sep Oct Nov Dec
2010: Jan Feb Mar Apr May Jun Jul Aug Sep Oct Nov Dec
2009: Jan Feb Mar Apr May Jun Jul Aug Sep Oct Nov Dec
2008: Jan Feb Mar Apr May Jun Jul Aug Sep Oct Nov Dec
2007: Jan Feb Mar Apr May Jun Jul Aug Sep Oct Nov Dec
2006: Jan Feb Mar Apr May Jun Jul Aug Sep Oct Nov Dec
2005: Jan Feb Mar Apr May Jun Jul Aug Sep Oct Nov Dec
2004: Jan Feb Mar Apr May Jun Jul Aug Sep Oct Nov Dec

Report for 2021 April
                   MONTHLY CLIMATOLOGICAL SUMMARY for MAR. 2021

NAME: Indian Trail Weather   CITY: Hessville   STATE: New York 
ELEV:  1041 ft  LAT:  42° 51' 52" N  LONG:  74° 43' 15" W

                   TEMPERATURE (°F), RAIN  (in), WIND SPEED (mph)

                                      HEAT  COOL        AVG
    MEAN                              DEG   DEG         WIND                 DOM
DAY TEMP  HIGH   TIME   LOW    TIME   DAYS  DAYS  RAIN  SPEED HIGH   TIME    DIR
------------------------------------------------------------------------------------
 1  30.5  40.2   8:30a  13.9  12:00m  34.5   0.0  0.13   0.0  26.0  10:00a     W
 2  13.8  19.5   4:30p   6.1   7:00a  51.2   0.0  0.00   0.0   0.0     ---   ---
 3  32.0  39.2   4:00p  17.0   1:30a  33.0   0.0  0.00   0.0   0.0     ---   ---
 4  25.9  34.5   2:00a  19.5   7:30p  39.1   0.0  0.00   0.0   0.0     ---   ---
 5  19.6  25.5   5:00p  12.6   7:00a  45.4   0.0  0.00   0.0   0.0     ---   ---
 6  17.3  21.0   3:30p  12.6   5:30a  47.7   0.0  0.00   0.0   0.0     ---   ---
 7  18.6  25.4   4:00p  11.1   6:30a  46.4   0.0  0.00   0.0   0.0     ---   ---
 8  23.7  34.2   2:30p   9.6   5:30a  41.3   0.0  0.00   0.0   0.0     ---   ---
 9  38.3  44.1   3:30p  29.9  12:00m  26.7   0.0  0.00   0.0   0.0     ---   ---
10  38.9  51.2   5:30p  24.0   6:00a  26.1   0.0  0.00   0.0   0.0     ---   ---
11  48.9  63.8   3:30p  34.1   3:00a  16.1   0.0  0.00   0.0   0.0     ---   ---
12  43.2  55.1  12:30a  28.0  12:00m  21.8   0.0  0.00   0.0   0.0     ---   ---
13  29.2  35.3   3:30p  22.1   6:30a  35.8   0.0  0.00   0.0   0.0     ---   ---
14  28.5  35.4   3:00a  17.4  12:00m  34.9   0.0  0.02   0.0   0.0     ---   ---
15  17.3  25.5   6:00p   9.9   7:30a  47.7   0.0  0.00   0.0   0.0     ---   ---
16  23.4  31.3   3:00p  13.2   6:30a  41.6   0.0  0.00   0.0   0.0     ---   ---
17  34.2  43.8   5:00p  28.5   7:00a  30.8   0.0  0.00   0.0   0.0     ---   ---
18  35.6  38.6   5:30p  31.2   5:30a  29.4   0.0  0.29   0.0   0.0     ---   ---
19  28.4  34.4   5:00p  21.6   7:00a  36.6   0.0  0.00   0.0   0.0     ---   ---
20  36.8  51.0   5:00p  24.0   2:30a  28.2   0.0  0.00   0.0   0.0     ---   ---
21  44.6  60.5   5:30p  30.2   7:00a  20.4   0.0  0.00   0.0   0.0     ---   ---
22  47.0  63.7   4:00p  29.7   7:00a  18.0   0.0  0.00   0.0   0.0     ---   ---
23  49.6  64.8   5:00p  33.2   6:30a  15.4   0.0  0.00   0.0   0.0     ---   ---
24  45.7  51.5   4:30p  40.4   8:00a  19.3   0.0  0.08   0.0   0.0     ---   ---
25  58.7  73.3   4:30p  47.0  12:30a   8.0   1.7  0.00   0.0   0.0     ---   ---
26  60.9  71.7  12:00p  44.2   7:00p   3.9   0.7  0.12   0.0   0.0     ---   ---
27
28
29
30
31
-------------------------------------------------------------------------------------
    34.3  73.3    25     6.1     2   799.3   2.4  0.64   0.0  26.0     1       W

Max >=  90.0:  0
Max <=  32.0:  6
Min <=  32.0: 21
Min <=   0.0:  0
Max Rain: 0.29 ON 03/18/21
Days of Rain: 5 (>.01 in) 3 (>.1 in) 0 (>1 in)
Heat Base:  65.0  Cool Base:  65.0  Method: Integration