NOAA-Style Climate Report Archive

for Hessville, NY - Since March 2004

(Reports Generated by WeatherLink)
Select a Year or Month report / some data is missing due to maintenance requirements ...

2022: Jan Feb Mar Apr May Jun Jul Aug Sep Oct Nov Dec
2021: Jan Feb Mar Apr May Jun Jul Aug Sep Oct Nov Dec
2020: Jan Feb Mar Apr May Jun Jul Aug Sep Oct Nov Dec
2019: Jan Feb Mar Apr May Jun Jul Aug Sep Oct Nov Dec
2018: Jan Feb Mar Apr May Jun Jul Aug Sep Oct Nov Dec
2017: Jan Feb Mar Apr May Jun Jul Aug Sep Oct Nov Dec
2016: Jan Feb Mar Apr May Jun Jul Aug Sep Oct Nov Dec
2015: Jan Feb Mar Apr May Jun Jul Aug Sep Oct Nov Dec
2014: Jan Feb Mar Apr May Jun Jul Aug Sep Oct Nov Dec
2013: Jan Feb Mar Apr May Jun Jul Aug Sep Oct Nov Dec
2012: Jan Feb Mar Apr May Jun Jul Aug Sep Oct Nov Dec
2011: Jan Feb Mar Apr May Jun Jul Aug Sep Oct Nov Dec
2010: Jan Feb Mar Apr May Jun Jul Aug Sep Oct Nov Dec
2009: Jan Feb Mar Apr May Jun Jul Aug Sep Oct Nov Dec
2008: Jan Feb Mar Apr May Jun Jul Aug Sep Oct Nov Dec
2007: Jan Feb Mar Apr May Jun Jul Aug Sep Oct Nov Dec
2006: Jan Feb Mar Apr May Jun Jul Aug Sep Oct Nov Dec
2005: Jan Feb Mar Apr May Jun Jul Aug Sep Oct Nov Dec
2004: Jan Feb Mar Apr May Jun Jul Aug Sep Oct Nov Dec

Report for 2022 May
                   MONTHLY CLIMATOLOGICAL SUMMARY for MAY. 2022

NAME: Indian Trail Weather   CITY: Hessville   STATE: New York 
ELEV:  1041 ft  LAT:  42° 51' 52" N  LONG:  74° 43' 15" W

                   TEMPERATURE (°F), RAIN  (in), WIND SPEED (mph)

                                      HEAT  COOL        AVG
    MEAN                              DEG   DEG         WIND                 DOM
DAY TEMP  HIGH   TIME   LOW    TIME   DAYS  DAYS  RAIN  SPEED HIGH   TIME    DIR
------------------------------------------------------------------------------------
 1  51.6  66.5   5:30p  33.0   6:30a  13.5   0.1  0.00   0.0   0.0     ---   ---
 2  50.1  55.7   2:00a  46.8  12:00m  14.9   0.0  0.11   0.0   0.0     ---   ---
 3  54.1  65.0   4:30p  45.6   7:00a  10.9   0.0  0.03   0.0   0.0     ---   ---
 4  51.1  54.1   6:00p  48.1   7:30a  13.9   0.0  0.56   0.0   0.0     ---   ---
 5  53.9  63.9   4:30p  43.2   6:30a  11.1   0.0  0.00   0.0   0.0     ---   ---
 6  52.3  58.9   5:00p  44.4   5:30a  12.7   0.0  0.00   0.0   0.0     ---   ---
 7  48.8  55.2   3:30p  44.2   6:30a  16.2   0.0  0.00   0.0   0.0     ---   ---
 8  50.3  61.7   4:00p  34.3   6:30a  14.7   0.0  0.00   0.0   0.0     ---   ---
 9  55.0  69.7   5:00p  35.9   6:00a  10.8   0.7  0.00   0.0   0.0     ---   ---
10  57.5  71.3   5:30p  40.0   6:00a   8.7   1.2  0.00   0.0   0.0     ---   ---
11  60.6  76.3   5:00p  40.9   6:00a   7.4   3.0  0.00   0.0   0.0     ---   ---
12  65.9  81.1   4:30p  43.7   5:30a   5.0   5.9  0.00   0.0   0.0     ---   ---
13  69.7  81.4   4:30p  54.8   6:00a   1.7   6.4  0.00   0.0   0.0     ---   ---
14  68.6  81.9   4:00p  59.6   5:30a   0.8   4.4  0.30   0.0   0.0     ---   ---
15  67.0  77.4   1:30p  59.2   5:30a   1.3   3.2  0.07   0.0   0.0     ---   ---
16  63.0  76.5   2:00p  52.3  12:00m   3.8   1.8  0.65   0.0   0.0     ---   ---
17  53.9  60.2  12:30p  49.1   4:30a  11.1   0.0  0.03   0.0   0.0     ---   ---
18  52.9  62.3   3:00p  43.5   6:00a  12.1   0.0  0.00   0.0   0.0     ---   ---
19  51.9  62.5   4:30p  47.1   4:00a  13.1   0.0  0.33   0.0   0.0     ---   ---
20  62.0  79.5   4:30p  44.3   3:30a   7.2   4.1  0.00   0.0   0.0     ---   ---
21  71.2  89.6   3:00p  58.2   3:30a   1.6   6.1  0.00   0.0   0.0     ---   ---
22
23
24
25
26
27
28
29
30
31
-------------------------------------------------------------------------------------
    57.7  89.6    21    33.0     1   192.5  36.9  2.08   0.0   0.0     ---   ---

Max >=  90.0:  0
Max <=  32.0:  0
Min <=  32.0:  0
Min <=   0.0:  0
Max Rain: 0.65 ON 05/16/22
Days of Rain: 8 (>.01 in) 5 (>.1 in) 0 (>1 in)
Heat Base:  65.0  Cool Base:  65.0  Method: Integration