NOAA-Style Climate Report Archive

for Hessville, NY - Since March 2004

(Reports Generated by WeatherLink)

Report for 2020 November
                   MONTHLY CLIMATOLOGICAL SUMMARY for SEP. 2020

NAME: Indian Trail Weather   CITY: Hessville   STATE: New York 
ELEV:  1041 ft  LAT:  42° 51' 52" N  LONG:  74° 43' 15" W

                   TEMPERATURE (°F), RAIN  (in), WIND SPEED (mph)

                                      HEAT  COOL        AVG
    MEAN                              DEG   DEG         WIND                 DOM
DAY TEMP  HIGH   TIME   LOW    TIME   DAYS  DAYS  RAIN  SPEED HIGH   TIME    DIR
------------------------------------------------------------------------------------
 1  63.7  70.7   3:00p  57.9   1:30a   2.6   1.3  0.00   0.0   7.0   3:00p     E
 2  68.6  76.0   4:30p  62.5   3:30a   0.8   4.4  0.06   0.6  17.0   1:30p   SSW
 3  67.8  76.1  12:30p  59.5   7:00a   0.9   3.7  0.00   0.0  14.0  12:30a    SW
 4  65.7  72.5   3:30p  57.6  10:00p   1.4   2.0  0.00   0.1  12.0   3:30a   WNW
 5  61.2  72.1   3:00p  51.9   6:30a   4.9   1.1  0.00   0.1  16.0   1:00p    SW
 6  63.1  72.9   4:00p  56.4   7:00a   3.7   1.8  0.00   0.0   7.0  12:00p    NW
 7  68.1  78.3   3:00p  54.8   2:30a   1.8   5.0  0.00   2.4  32.0  11:00a   SSW
 8  70.6  79.1   4:30p  63.0   7:00a   0.1   5.7  0.00   0.0  11.0   1:00a    SW
 9  71.6  84.4   3:30p  59.0   7:30a   0.8   7.4  0.00   0.0   3.0   2:30p   SSW
10  69.2  80.8   4:30p  59.2   7:00a   0.8   5.0  0.00   0.0  11.0   7:00p   WNW
11  60.9  68.9   4:30p  50.1  12:00m   4.5   0.5  0.00   0.0   9.0  11:00a   WNW
12  56.9  70.5   3:30p  43.0   5:00a   9.0   0.9  0.00   0.1   9.0  12:30p     E
13  61.5  71.7  12:30p  50.2   5:30a   4.6   1.1  0.03   0.5  20.0   2:00p    SW
14  58.8  65.1   1:30p  45.0  11:30p   6.2   0.0  0.00   0.1  13.0   4:30a   WNW
15  49.4  63.0   3:30p  37.5   6:30a  15.6   0.0  0.00   0.0   4.0  11:00a   ENE
16  59.9  72.7   3:00p  45.9   1:00a   6.5   1.4  0.00   0.8  28.0  10:30p    SW
17  57.6  63.6   1:00p  53.0   9:00p   7.4   0.0  0.02   0.5  15.0  12:30a    SW
18  53.2  62.0   3:30p  41.9  12:00m  11.8   0.0  0.01   0.1  13.0   5:00p   WNW
19  46.7  58.0   3:30p  37.5   7:00a  18.3   0.0  0.00   0.0  11.0  11:30a   NNW
20  46.1  61.2   4:30p  34.5   5:00a  18.9   0.0  0.00   0.0   5.0   1:30p    NE
21  46.6  61.6   4:00p  32.8   7:00a  18.4   0.0  0.00   0.0   2.0   1:00p   ENE
22  51.6  65.4   3:00p  35.6   4:30a  13.4   0.0  0.00   0.0  16.0   6:00p   WNW
23  60.1  71.1   3:30p  49.4  12:30a   5.9   1.0  0.00   0.4  16.0  11:30a   WNW
24  63.9  75.6   5:00p  56.6   4:00a   3.3   2.2  0.00   0.1  11.0   3:00a    SW
25  65.9  79.2   3:00p  55.4   7:30a   2.8   3.7  0.00   0.0   3.0   2:00p    SW
26  66.2  77.5   2:00p  53.3   7:30a   2.3   3.5  0.00   0.3  13.0   3:00p   SSW
27  68.8  77.2   4:00p  62.5   7:00a   0.4   4.1  0.00   0.4  16.0   4:00p   SSW
28  69.6  78.6   2:30p  63.5   7:00a   0.2   4.8  0.01   0.9  16.0   8:30p   SSW
29  60.6  72.7  10:00a  52.8  12:00m   5.5   1.1  0.68   0.1  14.0  10:00a   WNW
30  55.9  61.8   2:00p  51.2   6:00a   9.1   0.0  0.67   1.7  21.0  12:30p   SSW
-------------------------------------------------------------------------------------
    61.0  84.4     9    32.8    21   181.9  61.7  1.48   0.3  32.0     7     SSW

Max >=  90.0:  0
Max <=  32.0:  0
Min <=  32.0:  0
Min <=   0.0:  0
Max Rain: 0.68 ON 09/29/20
Days of Rain: 5 (>.01 in) 2 (>.1 in) 0 (>1 in)
Heat Base:  65.0  Cool Base:  65.0  Method: Integration