NOAA-Style Climate Report Archive

for Hessville, NY - Since March 2004

(Reports Generated by WeatherLink)

Report for 2019 March
                   MONTHLY CLIMATOLOGICAL SUMMARY for MAR. 2012

NAME: Indian Trail Weather   CITY: Hessville   STATE: New York 
ELEV:  1041 ft  LAT:  42° 51' 52" N  LONG:  74° 43' 15" W

                   TEMPERATURE (°F), RAIN  (in), WIND SPEED (mph)

                                      HEAT  COOL        AVG
    MEAN                              DEG   DEG         WIND                 DOM
DAY TEMP  HIGH   TIME   LOW    TIME   DAYS  DAYS  RAIN  SPEED HIGH   TIME    DIR
------------------------------------------------------------------------------------
 1  31.5  32.5   1:00p  29.5  12:00m  33.5   0.0  0.59   5.1  18.0   1:30a   ENE
 2  31.3  33.9   3:00p  28.6   6:00a  33.7   0.0  0.23   3.7  18.0   8:30p   ENE
 3  38.9  48.7   2:30p  32.6  12:00m  26.1   0.0  0.01  10.5  33.0   3:00p     W
 4  29.6  36.0  12:00p  20.6  12:00m  35.4   0.0  0.00   9.2  26.0   1:30a     W
 5  17.8  23.0   2:30p  12.7   7:00a  47.2   0.0  0.00  10.3  27.0   3:00a   WNW
 6  23.8  35.4   2:30p  12.0   6:30a  41.2   0.0  0.00   4.4  16.0  11:30a     W
 7  41.0  59.6   4:30p  21.1   4:00a  24.0   0.0  0.00   5.8  34.0  10:00p    SW
 8  52.5  62.8  12:00p  32.3  12:00m  12.5   0.0  0.73  19.3  44.0   6:30p    SW
 9  30.6  38.7   1:30p  23.7  12:00m  34.4   0.0  0.09  12.0  38.0   6:30p   WNW
10  24.5  31.3   5:00p  19.5   6:30a  40.5   0.0  0.01   6.6  26.0   5:00a   WNW
11  41.7  59.1   5:30p  20.7   3:00a  22.4   0.0  0.00   7.1  25.0  10:30a   WSW
12  53.5  66.7   3:00p  41.2   6:30a  11.5   0.0  0.00   6.0  25.0  10:30p   WSW
13  57.0  65.4   4:30p  48.6  11:30p   8.0   0.0  0.01   6.9  24.0  10:00a   WSW
14  47.7  56.0   4:00p  36.6  12:00m  17.3   0.0  0.00   7.5  27.0   1:00p   WSW
15  42.1  50.8   1:00p  34.2   3:30a  22.9   0.0  0.12   3.4  20.0   1:30p    NE
16  44.9  53.7   8:00p  38.1   7:00a  20.1   0.0  0.14   2.1  17.0  11:00p   ESE
17  51.5  62.1   5:00p  44.7   8:00a  13.2   0.0  0.00   2.5  16.0  12:30p     N
18  56.2  75.7   5:00p  39.6   8:00a  10.7   1.9  0.00   2.0  12.0   6:00p   ESE
19  63.7  73.8   3:30p  54.8   7:30a   3.3   1.9  0.00   4.0  17.0   9:30p   WSW
20  63.9  77.8   5:00p  50.6   7:00a   4.7   3.6  0.00   3.3  17.0   2:30p   WSW
21  64.5  78.0   4:00p  50.3   7:00a   4.0   3.5  0.00   3.9  17.0  10:30p   WSW
22  65.6  76.9   3:30p  54.2   6:30a   2.8   3.4  0.00   6.1  19.0   1:30a     W
23  62.1  71.7   4:00p  55.4  12:00m   3.9   1.0  0.00   3.5  14.0  11:00a   ESE
24  50.0  55.5  12:30a  42.0  12:00m  15.0   0.0  0.03   5.3  19.0  10:00a     E
25  44.6  51.1   5:00p  38.7   4:00a  20.4   0.0  0.13   3.0  13.0   6:00p     E
26  35.8  50.5   2:30a  25.8  12:00m  29.2   0.0  0.00  14.6  41.0   2:30p   NNW
27  30.3  43.0   5:00p  20.0   6:30a  34.7   0.0  0.00   7.5  25.0   2:30a   NNW
28  43.1  58.1   2:30p  32.3   3:30a  21.9   0.0  0.08   4.6  30.0   7:30p   WNW
29  38.4  44.6  12:30a  34.2  11:30p  26.6   0.0  0.02  10.0  27.0   2:00a    NW
30  36.9  47.1   4:30p  27.1   7:00a  28.1   0.0  0.00   5.6  24.0   1:00a   NNW
31  36.2  41.4   5:30p  29.9   7:00a  28.8   0.0  0.01   4.8  20.0   3:30a     E
-------------------------------------------------------------------------------------
    43.6  78.0    21    12.0     6   678.0  15.3  2.20   6.5  44.0     8       W

Max >=  90.0:  0
Max <=  32.0:  2
Min <=  32.0: 13
Min <=   0.0:  0
Max Rain: 0.73 ON 03/08/12
Days of Rain: 10 (>.01 in) 6 (>.1 in) 0 (>1 in)
Heat Base:  65.0  Cool Base:  65.0  Method: Integration