NOAA-Style Climate Report Archive

for Hessville, NY - Since March 2004

(Reports Generated by WeatherLink)

Report for 2024 May

Daily noaa report



                            MONTHLY CLIMATOLOGICAL SUMMARY for MAY. 2024

NAME:    CITY:  STATE: 
ELEV:  LAT:  LONG: 

                            TEMPERATURE ( °F), RAIN (in.), WIND SPEED (mph)

                                               HEAT     COOL           AVG
      MEAN                                     DEG      DEG            WIND                       DOM
DAY   TEMP    HIGH   TIME     LOW    TIME      DAYS     DAYS    RAIN   SPEED    HIGH    TIME      DIR
--------------------------------------------------------------------------------------------------------
01    58.6   068.6   18:06    52.7   04:37     06.3     00.0   00.00   01.9     12.7    15:58     WNW
05    51.1   057.4   00:07    50.0   23:39     13.9     00.0   00.07   01.3     08.1    15:15     ENE
06    57.5   070.9   15:05    49.5   04:15     07.4     00.0   00.01   03.5     25.3    13:56     WNW
07    59.5   072.7   16:25    45.1   05:58     05.5     00.0   00.00   03.6     16.1    16:01      W 
08    58.6   074.9   16:17    49.3   07:26     06.4     00.0   00.90   06.3     34.5    17:18      W 
09    53.9   062.9   15:47    47.2   06:23     11.1     00.0   00.00   03.9     23.0    00:29     WNW
10    50.7   055.6   17:33    47.4   23:55     14.2     00.0   00.03   02.4     12.7    10:23      SE
11    52.0   059.7   16:10    45.9   01:19     12.9     00.0   00.05   02.9     17.3    10:35      S 
12    49.4   055.9   17:02    44.3   00:00     15.5     00.0   00.03   02.1     10.3    18:44     SSW
13    55.7   067.6   14:19    41.3   05:57     09.2     00.0   00.03   03.9     14.9    11:19      SW
14    66.3   080.6   17:18    53.2   06:32     00.0     01.4   00.00   04.2     23.0    03:26     WSW
15    59.2   062.4   00:25    55.3   23:06     05.8     00.0   00.93   02.7     12.7    08:31      E 
16    61.0   066.8   18:45    53.4   23:50     03.9     00.0   00.01   03.2     24.1    15:54      E 
17    61.6   072.7   15:29    49.1   04:18     03.3     00.0   00.00   03.0     17.3    15:30     ESE
18    61.6   069.1   15:23    55.5   05:57     03.3     00.0   00.01   03.3     16.1    12:16     ESE
19    64.8   077.3   17:12    52.8   06:01     00.2     00.0   00.00   01.7     11.5    14:02      SE
20    68.4   083.7   18:16    53.2   06:04     00.0     03.5   00.00   01.7     11.5    17:11     WNW
--------------------------------------------------------------------------------------------------------
58.2 (58.9)   83.7  day 20     41.3  day 13   118.9    004.9   02.08   03.1     34.5   day 08     WSW
Min <  86: 17
Max Rain: 0.93 ON 15-05-24
Days of Rain: 10 (> .008in) 2 (> .08in) 2 (> 0.8in)