NOAA-Style Climate Report Archive

for Hessville, NY - Since March 2004

(Reports Generated by WeatherLink)

Report for 2019 July
                   MONTHLY CLIMATOLOGICAL SUMMARY for JUL. 2019

NAME: Indian Trail Weather   CITY: Hessville   STATE: New York 
ELEV:  1041 ft  LAT:  42° 51' 52" N  LONG:  74° 43' 15" W

                   TEMPERATURE (°F), RAIN  (in), WIND SPEED (mph)

                                      HEAT  COOL        AVG
    MEAN                              DEG   DEG         WIND                 DOM
DAY TEMP  HIGH   TIME   LOW    TIME   DAYS  DAYS  RAIN  SPEED HIGH   TIME    DIR
------------------------------------------------------------------------------------
 1  68.0  78.0   4:00p  57.0   5:30a   2.0   5.0  0.00   3.7  17.0   1:00p   WNW
 2  69.0  78.6   3:00p  61.3   2:00a   0.6   4.6  0.06   3.1  15.0   3:30p    SW
 3  73.9  85.8   5:00p  62.4   6:00a   0.2   9.1  0.00   3.1  13.0   6:00a     N
 4  75.8  86.3   4:00p  61.4   6:00a   0.3  11.2  0.00   3.4  16.0   6:00p     N
 5  78.4  87.5   3:30p  66.6   7:00a   0.0  13.4  0.00   4.3  19.0  10:30p     S
 6  75.9  86.2   2:00p  70.5  12:00m   0.0  10.9  0.16   5.1  23.0   1:30a    SW
 7  70.0  79.0   6:30p  61.6  12:00m   0.4   5.4  0.00   2.8  12.0   9:30a   NNE
 8  68.4  80.7   4:30p  53.4   6:00a   2.4   5.8  0.00   2.6  13.0   6:00p   NNE
 9  71.2  83.3   4:30p  59.0   3:30a   1.1   7.3  0.00   3.7  14.0   5:30p   WSW
10  72.0  86.2   5:30p  58.9   6:30a   1.2   8.2  0.00   2.9  11.0   2:00p   WSW
11  71.6  79.2   1:00p  65.8   3:30a   0.0   6.6  0.10   3.2  28.0   3:00p   NNW
12  68.5  71.2   7:30p  64.7  12:00m   0.0   3.5  0.02   4.3  23.0   7:30p   WNW
13  71.8  82.8   4:30p  61.4   2:30a   0.6   7.4  0.00   3.6  20.0  12:30a   WSW
14  72.1  78.7   3:00p  63.7  12:00m   0.1   7.1  0.00   5.2  25.0   4:30p   WNW
15  68.9  79.5   5:30p  56.3   4:30a   1.3   5.1  0.00   4.3  17.0  12:30p   WSW
16  73.1  87.2   4:00p  58.5   3:00a   1.1   9.2  0.11   4.2  21.0  11:30p    SW
17  71.0  72.4   1:30a  69.6   6:30a   0.0   1.9  0.09   4.7  19.0   1:00a   WSW
18
19
20
21
22
23
24
25
26
27
28
29
30
31
-------------------------------------------------------------------------------------
    71.7  87.5     5    53.4     8    11.3 121.7  0.54   3.8  28.0    11     WSW

Max >=  90.0:  0
Max <=  32.0:  0
Min <=  32.0:  0
Min <=   0.0:  0
Max Rain: 0.16 ON 07/06/19
Days of Rain: 6 (>.01 in) 2 (>.1 in) 0 (>1 in)
Heat Base:  65.0  Cool Base:  65.0  Method: Integration