NOAA-Style Climate Report Archive

for Hessville, NY - Since March 2004

(Reports Generated by WeatherLink)

Report for 2019 November
                   MONTHLY CLIMATOLOGICAL SUMMARY for NOV. 2019

NAME: Indian Trail Weather   CITY: Hessville   STATE: New York 
ELEV:  1041 ft  LAT:  42° 51' 52" N  LONG:  74° 43' 15" W

                   TEMPERATURE (°F), RAIN  (in), WIND SPEED (mph)

                                      HEAT  COOL        AVG
    MEAN                              DEG   DEG         WIND                 DOM
DAY TEMP  HIGH   TIME   LOW    TIME   DAYS  DAYS  RAIN  SPEED HIGH   TIME    DIR
------------------------------------------------------------------------------------
 1  41.7  59.4  12:30a  37.6  11:30p  23.3   0.0  0.29  16.2  56.0   1:00a     W
 2  39.6  48.4   3:30p  33.9   9:30p  25.4   0.0  0.00   2.8  15.0  11:30p   WSW
 3  37.8  45.2  11:00a  32.4   4:30a  27.2   0.0  0.00   6.8  27.0  12:30p   WSW
 4  41.3  48.5  11:00p  30.5   6:00a  23.7   0.0  0.00   4.1  25.0  12:00m     S
 5  45.6  52.7  12:00p  36.2  12:00m  19.4   0.0  0.05   7.8  35.0   2:30p   SSW
 6  38.5  44.3  11:30p  32.8   6:00p  26.5   0.0  0.00   5.4  29.0   9:00a     W
 7  36.9  45.5   8:00a  24.5  12:00m  28.1   0.0  0.12   5.1  29.0   8:30a   WSW
 8  23.5  28.0   2:00p  20.8   6:00a  41.5   0.0  0.00   7.2  24.0  10:00a   WNW
 9  28.0  36.5   3:30p  17.5   6:00a  37.0   0.0  0.00   5.3  23.0   2:00p   SSW
10  38.4  44.4   2:00p  31.6   5:00a  26.6   0.0  0.00   5.8  25.0  12:00p    SW
11  33.6  39.7  12:30a  28.0  12:00m  31.4   0.0  0.01   4.5  17.0   8:00p     E
12  21.6  30.0   4:00a  13.8  12:00m  43.4   0.0  0.11   8.4  28.0   3:00p   WNW
13  14.5  20.8   3:30p   8.8   7:00a  50.5   0.0  0.00   6.1  26.0  10:30a   WNW
14  24.2  32.9  12:00m  16.3   1:30a  40.8   0.0  0.00   3.0  23.0  11:30a   ESE
15  34.6  41.0   1:00p  28.7  12:00m  30.4   0.0  0.00   8.1  27.0  10:00a    SW
16  22.4  29.7   2:30p  15.6   7:00a  42.6   0.0  0.00   2.4  20.0  12:30a    NW
17  25.6  35.1   2:00p  15.4   7:00a  39.4   0.0  0.00   2.0  15.0   4:30p     E
18  32.6  35.5   2:00p  29.0   3:30a  32.4   0.0  0.15   1.3  10.0   3:30a   ESE
19  34.2  38.6  12:30p  29.3  12:00m  30.8   0.0  0.58   2.4  17.0   1:00p   WNW
20  33.0  38.6   3:00p  27.5   3:30a  32.0   0.0  0.00   6.5  22.0   9:30a   WNW
21  33.9  41.2   1:30p  29.9   7:00a  17.5   0.0  0.00   5.0  14.0   6:00a   WSW
22
23
24
25
26
27
28
29
30
-------------------------------------------------------------------------------------
    32.5  59.4     1     8.8    13   669.9   0.0  1.31   5.5  56.0     1     WSW

Max >=  90.0:  0
Max <=  32.0:  4
Min <=  32.0: 16
Min <=   0.0:  0
Max Rain: 0.58 ON 11/19/19
Days of Rain: 6 (>.01 in) 5 (>.1 in) 0 (>1 in)
Heat Base:  65.0  Cool Base:  65.0  Method: Integration