NOAA-Style Climate Report Archive
for Hessville, NY - Since March 2004
(Reports Generated by WeatherLink)
Select a Year or Month report
2024: Jan Feb Mar Apr May Jun Jul Aug Sep Oct Nov Dec
2023: Jan Feb Mar Apr May Jun Jul Aug Sep Oct Nov Dec
2022: Jan Feb Mar Apr May Jun Jul Aug Sep Oct Nov Dec
2021: Jan Feb Mar Apr May Jun Jul Aug Sep Oct Nov Dec
2020: Jan Feb Mar Apr May Jun Jul Aug Sep Oct Nov Dec
2019: Jan Feb Mar Apr May Jun Jul Aug Sep Oct Nov Dec
2018: Jan Feb Mar Apr May Jun Jul Aug Sep Oct Nov Dec
2017: Jan Feb Mar Apr May Jun Jul Aug Sep Oct Nov Dec
2016: Jan Feb Mar Apr May Jun Jul Aug Sep Oct Nov Dec
2015: Jan Feb Mar Apr May Jun Jul Aug Sep Oct Nov Dec
2014: Jan Feb Mar Apr May Jun Jul Aug Sep Oct Nov Dec
2013: Jan Feb Mar Apr May Jun Jul Aug Sep Oct Nov Dec
2012: Jan Feb Mar Apr May Jun Jul Aug Sep Oct Nov Dec
2011: Jan Feb Mar Apr May Jun Jul Aug Sep Oct Nov Dec
2010: Jan Feb Mar Apr May Jun Jul Aug Sep Oct Nov Dec
2009: Jan Feb Mar Apr May Jun Jul Aug Sep Oct Nov Dec
2008: Jan Feb Mar Apr May Jun Jul Aug Sep Oct Nov Dec
2007: Jan Feb Mar Apr May Jun Jul Aug Sep Oct Nov Dec
2006: Jan Feb Mar Apr May Jun Jul Aug Sep Oct Nov Dec
2005: Jan Feb Mar Apr May Jun Jul Aug Sep Oct Nov Dec
2004: Jan Feb Mar Apr May Jun Jul Aug Sep Oct Nov Dec
2024: Jan Feb Mar Apr May Jun Jul Aug Sep Oct Nov Dec
2023: Jan Feb Mar Apr May Jun Jul Aug Sep Oct Nov Dec
2022: Jan Feb Mar Apr May Jun Jul Aug Sep Oct Nov Dec
2021: Jan Feb Mar Apr May Jun Jul Aug Sep Oct Nov Dec
2020: Jan Feb Mar Apr May Jun Jul Aug Sep Oct Nov Dec
2019: Jan Feb Mar Apr May Jun Jul Aug Sep Oct Nov Dec
2018: Jan Feb Mar Apr May Jun Jul Aug Sep Oct Nov Dec
2017: Jan Feb Mar Apr May Jun Jul Aug Sep Oct Nov Dec
2016: Jan Feb Mar Apr May Jun Jul Aug Sep Oct Nov Dec
2015: Jan Feb Mar Apr May Jun Jul Aug Sep Oct Nov Dec
2014: Jan Feb Mar Apr May Jun Jul Aug Sep Oct Nov Dec
2013: Jan Feb Mar Apr May Jun Jul Aug Sep Oct Nov Dec
2012: Jan Feb Mar Apr May Jun Jul Aug Sep Oct Nov Dec
2011: Jan Feb Mar Apr May Jun Jul Aug Sep Oct Nov Dec
2010: Jan Feb Mar Apr May Jun Jul Aug Sep Oct Nov Dec
2009: Jan Feb Mar Apr May Jun Jul Aug Sep Oct Nov Dec
2008: Jan Feb Mar Apr May Jun Jul Aug Sep Oct Nov Dec
2007: Jan Feb Mar Apr May Jun Jul Aug Sep Oct Nov Dec
2006: Jan Feb Mar Apr May Jun Jul Aug Sep Oct Nov Dec
2005: Jan Feb Mar Apr May Jun Jul Aug Sep Oct Nov Dec
2004: Jan Feb Mar Apr May Jun Jul Aug Sep Oct Nov Dec
Report for 2024 March
Daily noaa report MONTHLY CLIMATOLOGICAL SUMMARY for MAR. 2024 NAME: CITY: STATE: ELEV: LAT: LONG: TEMPERATURE ( °F), RAIN (in.), WIND SPEED (mph) HEAT COOL AVG MEAN DEG DEG WIND DOM DAY TEMP HIGH TIME LOW TIME DAYS DAYS RAIN SPEED HIGH TIME DIR -------------------------------------------------------------------------------------------------------- 01 31.0 046.5 16:27 13.3 05:34 33.9 00.0 00.00 04.6 18.4 11:23 WSW 02 36.4 041.3 00:00 31.8 07:25 28.5 00.0 00.38 02.1 14.9 01:02 SSE 03 44.5 048.9 11:26 39.9 03:05 20.5 00.0 00.00 03.6 17.3 07:06 W 04 49.4 060.1 14:50 41.4 07:53 15.6 00.0 00.00 05.6 17.3 14:53 ESE 05 43.7 049.7 00:04 42.2 00:00 21.2 00.0 00.40 04.4 13.8 14:48 E 06 44.1 046.9 14:21 41.9 06:51 20.8 00.0 00.56 02.1 09.2 17:09 ESE 07 44.4 052.4 16:32 35.2 22:56 20.6 00.0 00.40 02.9 14.9 18:35 N 08 40.6 051.5 15:47 29.9 05:01 24.3 00.0 00.00 03.4 16.1 14:34 ESE 09 37.1 040.5 10:51 32.5 00:00 27.9 00.0 00.70 07.9 24.1 11:51 ESE 10 33.2 037.5 15:15 26.4 00:00 31.8 00.0 00.29 08.2 33.4 23:50 WNW 11 31.9 037.8 16:47 25.3 01:32 33.1 00.0 00.00 15.2 41.4 16:02 WNW 12 41.4 052.5 16:49 32.6 07:16 23.5 00.0 00.00 06.2 25.3 14:58 WNW 13 46.0 061.8 16:26 31.6 06:22 18.9 00.0 00.00 02.3 17.3 21:26 SW 14 51.8 061.8 15:49 42.7 05:21 13.1 00.0 00.00 03.6 18.4 11:39 W 15 45.0 050.4 00:19 40.6 22:29 19.9 00.0 00.44 04.1 19.6 15:49 NW 16 43.6 051.9 17:54 37.3 03:02 21.3 00.0 00.00 04.8 23.0 16:58 W 17 41.3 050.8 01:58 34.0 23:48 23.7 00.0 00.31 07.8 35.6 01:54 W 18 33.2 037.8 13:57 30.7 22:17 31.8 00.0 00.00 09.6 33.4 09:54 W -------------------------------------------------------------------------------------------------------- 41.0 (41.4) 61.8 day 14 13.3 day 01 430.2 000.0 03.47 05.5 41.4 day 11 WNW Min < 86: 18 Min < 23: 1 Max Rain: 0.70 ON 9-03-24 Days of Rain: 8 (> .008in) 8 (> .08in) 0 (> 0.8in)