NOAA-Style Climate Report Archive

for Hessville, NY - Since March 2004

(Reports Generated by WeatherLink)

Report for 2017 February
                   MONTHLY CLIMATOLOGICAL SUMMARY for FEB. 2017

NAME: Indian Trail Weather   CITY: Hessville   STATE: New York 
ELEV:  1041 ft  LAT:  42° 51' 52" N  LONG:  74° 43' 15" W

                   TEMPERATURE (°F), RAIN  (in), WIND SPEED (mph)

                                      HEAT  COOL        AVG
    MEAN                              DEG   DEG         WIND                 DOM
DAY TEMP  HIGH   TIME   LOW    TIME   DAYS  DAYS  RAIN  SPEED HIGH   TIME    DIR
------------------------------------------------------------------------------------
 1  28.3  34.2   2:30p  21.1  12:30a  36.7   0.0  0.09   8.6  30.0   2:00p   WSW
 2  23.0  27.0  11:00a  18.5  12:00m  42.0   0.0  0.00   9.3  23.0   6:30a   WSW
 3  18.0  22.4  11:00a  14.7  10:00p  47.0   0.0  0.00  11.6  31.0  12:30p   WSW
 4  19.4  25.0   1:00p  14.6  12:30a  45.6   0.0  0.00   8.4  24.0   3:00p   WSW
 5  28.2  33.5  11:30a  17.1   6:30a  36.8   0.0  0.00   9.7  33.0  12:00m   WSW
 6  24.9  28.4  12:30a  19.3   7:30a  40.1   0.0  0.00   6.7  34.0   2:00a     N
 7  28.2  32.5  12:00m  22.8   4:30a  36.8   0.0  0.48   4.3  16.0  11:30a     E
 8  34.8  46.5   4:30a  25.8  12:00m  30.2   0.0  0.07   8.1  33.0   9:00a   WNW
 9  16.1  25.8  12:30a   6.3  10:00p  48.9   0.0  0.20   9.2  30.0   1:30p   WNW
10  15.6  19.9   4:00p   8.9  12:30a  49.4   0.0  0.01   9.0  30.0   4:30a   WNW
11  23.7  30.3  11:30p  15.5   2:30a  41.3   0.0  0.06   1.4   8.0  11:00a     E
12  25.2  31.7  12:00m  21.3   9:30a  39.8   0.0  0.28   5.3  21.0   2:30p     E
13  24.1  32.0  12:30a  19.5   7:30a  40.9   0.0  0.02  12.6  37.0   6:00a   WNW
14  28.2  38.4   4:30p  23.3   1:30a  36.8   0.0  0.00   4.0  16.0   4:00a   WSW
15  29.3  35.5   1:30p  21.3   7:00a  35.7   0.0  0.00   7.2  32.0   9:30p   WNW
16  22.5  26.3  12:30a  20.6   6:00p  42.5   0.0  0.00  13.3  34.0   3:00p   WNW
17  23.4  28.0   3:00p  19.2   6:30a  41.6   0.0  0.00   9.7  27.0   1:00a   WNW
18  35.2  51.6   5:00p  18.1   3:00a  29.8   0.0  0.00   4.9  28.0  11:00p   WSW
19  43.9  48.9   3:30p  36.8  11:30p  21.1   0.0  0.00   9.9  26.0  12:30a     W
20  31.9  38.3   4:00p  22.6  11:30p  33.1   0.0  0.00   7.8  22.0   1:00p   WNW
21  30.8  41.3  10:30p  20.0   3:30a  34.2   0.0  0.00   3.0  16.0  10:00p   ENE
22  43.4  56.0   3:30p  34.8   7:30a  21.6   0.0  0.00   2.0   8.0  10:00p   SSE
23  52.7  65.1   2:00p  39.0   4:30a  12.3   0.0  0.00   5.9  28.0   1:00p    SW
24  54.4  71.2   3:30p  41.7   7:00a  11.1   0.6  0.00   5.4  33.0  10:30p   SSW
25  51.9  65.8  12:30p  32.1  12:00m  13.1   0.0  1.72   8.6  40.0   4:00p     S
26  27.7  32.1  12:30a  23.8   8:00p  37.3   0.0  0.00  10.1  33.0   1:30a     W
27  31.0  37.7  10:00a  27.4  12:30a  14.2   0.0  0.00  14.6  27.0   8:30a   WSW
28
-------------------------------------------------------------------------------------
    30.2  71.2    24     6.3     9   919.9   0.6  2.93   7.8  40.0    25     WNW

Max >=  90.0:  0
Max <=  32.0: 11
Min <=  32.0: 22
Min <=   0.0:  0
Max Rain: 1.72 ON 02/25/17
Days of Rain: 8 (>.01 in) 4 (>.1 in) 1 (>1 in)
Heat Base:  65.0  Cool Base:  65.0  Method: Integration