NOAA-Style Climate Report Archive

for Hessville, NY - Since March 2004

(Reports Generated by WeatherLink)

Report for 2017 November
                   MONTHLY CLIMATOLOGICAL SUMMARY for NOV. 2017

NAME: Indian Trail Weather   CITY: Hessville   STATE: New York 
ELEV:  1041 ft  LAT:  42° 51' 52" N  LONG:  74° 43' 15" W

                   TEMPERATURE (°F), RAIN  (in), WIND SPEED (mph)

                                      HEAT  COOL        AVG
    MEAN                              DEG   DEG         WIND                 DOM
DAY TEMP  HIGH   TIME   LOW    TIME   DAYS  DAYS  RAIN  SPEED HIGH   TIME    DIR
------------------------------------------------------------------------------------
 1  40.2  44.7  11:30a  36.2   7:00a  24.8   0.0  0.11   2.4  14.0  12:30a     E
 2  51.7  66.1   5:00p  40.9  12:30a  13.3   0.0  0.10   2.7  22.0   3:00p   SSW
 3  54.4  63.0  12:30a  41.0  12:00m  10.6   0.0  0.01  10.7  30.0   2:30p   WNW
 4  39.5  46.3   3:00p  33.2   8:00a  25.5   0.0  0.00   4.8  14.0   6:00a   ESE
 5  49.6  60.0  12:00m  38.1   2:00a  15.4   0.0  0.13   5.6  25.0  11:00p   ESE
 6  51.1  61.2   9:00a  39.3  11:30p  13.9   0.0  0.31   9.0  30.0  12:30a     W
 7  36.6  39.6  12:30a  32.4  11:30p  28.4   0.0  0.00   3.0  16.0  12:30a   NNW
 8  33.2  44.7   3:30p  24.4   7:30a  31.8   0.0  0.00   2.2  10.0  10:00a   ESE
 9  36.0  45.3   9:30p  23.0   7:00a  29.0   0.0  0.00   5.8  32.0   9:00p   SSW
10  23.9  44.7  12:30a  18.3  12:00m  41.1   0.0  0.02  12.9  40.0   4:30a   WNW
11  22.3  31.8   2:00p  14.2   7:30a  42.7   0.0  0.00   3.7  27.0   1:30a   WNW
12  30.2  39.8   2:00p  18.6   7:30a  34.8   0.0  0.00   1.2  10.0   1:30p   ENE
13  32.6  34.7  12:00m  29.0   7:00a  32.4   0.0  0.02   1.0   7.0   7:00a     E
14  35.8  38.6   4:30p  33.7   3:30a  29.2   0.0  0.00   0.5   5.0  11:00a   NNW
15  37.1  43.5   2:00p  32.9   6:00a  27.9   0.0  0.00   3.8  16.0   2:00p   ESE
16  42.6  49.8   1:00p  34.8  10:30p  22.4   0.0  0.04  10.3  35.0  12:00m   SSW
17  30.2  34.9  12:30a  23.1  11:30p  34.8   0.0  0.00   9.7  36.0   4:30a   WNW
18  27.9  35.9  12:00m  19.9   4:30a  37.1   0.0  0.14   1.6   9.0  11:00a   ESE
19  37.7  54.3   6:00a  29.6  12:00m  27.3   0.0  0.17  12.2  47.0   8:00a   WNW
20  27.8  32.5  10:30a  25.2   8:00a  16.3   0.0  0.00  10.7  32.0  12:30a     W
21
22
23
24
25
26
27
28
29
30
-------------------------------------------------------------------------------------
    37.0  66.1     2    14.2    11   538.7   0.0  1.05   5.7  47.0    19     WNW

Max >=  90.0:  0
Max <=  32.0:  1
Min <=  32.0: 10
Min <=   0.0:  0
Max Rain: 0.31 ON 11/06/17
Days of Rain: 9 (>.01 in) 5 (>.1 in) 0 (>1 in)
Heat Base:  65.0  Cool Base:  65.0  Method: Integration