NOAA-Style Climate Report Archive

for Hessville, NY - Since March 2004

(Reports Generated by WeatherLink)

Report for 2017 March
                   MONTHLY CLIMATOLOGICAL SUMMARY for MAR. 2017

NAME: Indian Trail Weather   CITY: Hessville   STATE: New York 
ELEV:  1041 ft  LAT:  42° 51' 52" N  LONG:  74° 43' 15" W

                   TEMPERATURE (°F), RAIN  (in), WIND SPEED (mph)

                                      HEAT  COOL        AVG
    MEAN                              DEG   DEG         WIND                 DOM
DAY TEMP  HIGH   TIME   LOW    TIME   DAYS  DAYS  RAIN  SPEED HIGH   TIME    DIR
------------------------------------------------------------------------------------
 1  57.1  64.6  12:30p  49.7  12:00m   7.9   0.0  0.09  13.1  47.0   1:00p    SW
 2  27.8  50.8  12:30a  20.2  10:30a  37.2   0.0  0.01  17.0  45.0   6:00a     W
 3  19.2  28.3   1:30p  11.2  12:00m  45.8   0.0  0.00  10.8  39.0   5:30p   WNW
 4   9.7  15.6   2:00p   4.8  12:00m  55.3   0.0  0.00   9.3  34.0  12:30p    NW
 5  14.3  27.3   4:00p   2.6   3:30a  50.7   0.0  0.00   6.8  20.0   5:30a   WNW
 6  26.2  37.6   5:00p  10.8   4:00a  38.8   0.0  0.00   3.5  14.0  11:30a   ENE
 7  37.0  52.5  12:00m  30.7   4:30a  28.0   0.0  0.19   3.0  30.0  11:00p   ESE
 8  43.3  53.6   2:00a  34.4   6:30a  21.7   0.0  0.17  12.3  52.0   1:30p   WSW
 9  33.6  40.7   1:00a  28.3   8:30a  31.4   0.0  0.00  11.2  38.0   5:30a     W
10  23.5  30.0   1:30a   9.7  12:00m  41.5   0.0  0.00  11.9  44.0   2:30p   WNW
11   8.7  14.4   3:30p   2.3   6:00a  56.3   0.0  0.00  10.8  37.0   3:00p   WNW
12   9.5  17.1   4:00p   0.3   7:30a  53.2   0.0  0.00   9.9  31.0   1:00p     W
13  15.1  24.0   4:30p   3.8   7:00a  49.9   0.0  0.00   3.8  15.0  12:30a     W
14  16.5  21.9   5:00p  12.5  12:00m  48.5   0.0  0.35   9.8  38.0  11:30p     E
15  14.9  19.8  10:30p  10.9   3:30a  50.1   0.0  0.00  14.4  36.0  12:30a     W
16  21.1  25.9   6:30p  14.8   7:00a  43.9   0.0  0.00  14.4  38.0   3:00p   WNW
17  26.2  34.9   5:00p  17.0  12:00m  38.8   0.0  0.00   9.8  25.0  12:30a     W
18  24.4  35.4   4:30p  10.3   6:00a  40.6   0.0  0.00   4.9  22.0   5:30p     E
19  34.1  45.6   5:00p  28.0   8:30a  30.9   0.0  0.00   5.0  20.0   6:30p     E
20  33.3  41.4   5:00p  21.0   6:30a  31.7   0.0  0.00   6.2  17.0   3:30p   WSW
21  37.9  46.2   2:30p  32.3   2:00a  27.1   0.0  0.00   7.8  32.0  11:30p   WSW
22  19.4  35.1  12:30a  12.7  11:00p  45.6   0.0  0.00  13.0  38.0  10:30a    NW
23  20.8  30.7   4:30p  10.4   5:30a  44.2   0.0  0.00   7.4  20.0   2:00p   WSW
24  31.0  42.6   8:00p  22.7  12:30a  34.0   0.0  0.15   4.4  23.0   7:30p    NE
25  35.2  38.1   4:00a  32.8  12:00m  29.8   0.0  0.26   3.1  12.0  12:00m    SE
26  31.5  35.1   2:30p  27.9   8:00a  33.5   0.0  0.00   7.9  17.0   2:30p     E
27  34.9  38.8   6:30p  32.3   4:30a  30.1   0.0  0.17   1.9  12.0   2:00a     E
28  41.1  48.5   3:30p  35.9  12:30a  23.9   0.0  0.00   2.6  18.0   9:30p   WSW
29  37.6  43.4   3:30p  30.7  12:00m  27.4   0.0  0.00   9.3  29.0   2:30p    NW
30  32.1  39.5   1:00p  26.4   6:00a  17.8   0.0  0.00   3.8  12.0   1:00p   WNW
31
-------------------------------------------------------------------------------------
    27.2  64.6     1     0.3    12  1115.6   0.0  1.39   8.3  52.0     8     WNW

Max >=  90.0:  0
Max <=  32.0: 11
Min <=  32.0: 24
Min <=   0.0:  0
Max Rain: 0.35 ON 03/14/17
Days of Rain: 7 (>.01 in) 6 (>.1 in) 0 (>1 in)
Heat Base:  65.0  Cool Base:  65.0  Method: Integration