NOAA-Style Climate Report Archive

for Hessville, NY - Since March 2004

(Reports Generated by WeatherLink)

Report for 2017 July
                   MONTHLY CLIMATOLOGICAL SUMMARY for JUL. 2017

NAME: Indian Trail Weather   CITY: Hessville   STATE: New York 
ELEV:  1041 ft  LAT:  42° 51' 52" N  LONG:  74° 43' 15" W

                   TEMPERATURE (°F), RAIN  (in), WIND SPEED (mph)

                                      HEAT  COOL        AVG
    MEAN                              DEG   DEG         WIND                 DOM
DAY TEMP  HIGH   TIME   LOW    TIME   DAYS  DAYS  RAIN  SPEED HIGH   TIME    DIR
------------------------------------------------------------------------------------
 1  70.0  81.0   3:00p  65.0   4:00a   0.0   5.0  0.52   4.3  26.0   1:30p   SSW
 2  70.1  79.9   3:00p  62.9   5:30a   0.1   5.2  0.01   5.5  19.0   3:30p   WSW
 3  67.9  74.9   4:30p  60.3  12:00m   0.8   3.6  0.00   5.8  21.0   9:30a   WSW
 4  67.2  78.2   5:00p  56.6   5:00a   2.4   4.6  0.00   3.4  13.0  12:30p   WSW
 5  69.1  81.9   4:30p  54.0   5:30a   2.5   6.5  0.00   3.1  25.0  12:00m    SW
 6  70.0  78.8   1:30p  64.4   6:30a   0.0   5.1  0.05   4.9  24.0   1:00a   SSW
 7  69.8  80.5   3:00p  64.8   4:30a   0.0   4.8  0.36   2.8  29.0   3:30p   ENE
 8  67.0  75.7   1:30p  59.7  12:00m   0.6   2.7  0.34   5.5  30.0   4:00p    SW
 9  66.4  75.8   3:30p  57.6   5:30a   2.1   3.5  0.00   6.6  20.0   1:00p   WSW
10  70.0  78.7   2:30p  62.1   5:30a   0.5   5.4  0.00   5.7  20.0  11:30a   WSW
11  70.8  80.9   5:30p  62.6   6:30a   0.3   6.2  0.09   2.5  13.0   5:00p    SW
12  73.4  81.5  12:30p  67.7   4:00a   0.0   8.4  0.09   4.2  15.0   8:30p    SW
13  69.6  77.5  11:00a  62.6  12:00m   0.2   4.7  0.16   3.8  18.0   8:00a   WSW
14  63.7  69.4   4:30p  60.3   4:00a   2.0   0.6  0.20   3.0  11.0   6:30a   ENE
15  67.0  74.4   4:30p  62.7  12:00m   0.6   2.7  0.02   3.5  19.0   2:30p   WSW
16  69.1  80.5   5:00p  60.3   2:30a   1.2   5.3  0.00   2.4  12.0  11:00a    SW
17  67.3  83.3   2:30p  58.5   5:30a   1.5   3.8  0.49   3.1  17.0   4:00p   WSW
18  69.7  82.0   4:00p  61.0   6:00a   1.1   5.8  0.01   1.8  11.0   2:30p     N
19  72.7  82.9   5:00p  63.2   4:00a   0.1   7.9  0.00   3.1  16.0   3:00p    SW
20  69.3  72.1   7:30a  67.3   6:00a   0.0   1.3  0.00   3.9  13.0   2:00a    SW
21
22
23
24
25
26
27
28
29
30
31
-------------------------------------------------------------------------------------
    69.0  83.3    17    54.0     5    16.0  93.1  2.34   3.9  30.0     8     WSW

Max >=  90.0:  0
Max <=  32.0:  0
Min <=  32.0:  0
Min <=   0.0:  0
Max Rain: 0.52 ON 07/01/17
Days of Rain: 10 (>.01 in) 6 (>.1 in) 0 (>1 in)
Heat Base:  65.0  Cool Base:  65.0  Method: Integration