NOAA-Style Climate Report Archive

for Hessville, NY - Since March 2004

(Reports Generated by WeatherLink)

Report for 2017 September
                   MONTHLY CLIMATOLOGICAL SUMMARY for SEP. 2009

NAME: Indian Trail Weather   CITY: Hessville   STATE: New York 
ELEV:  1041 ft  LAT:  42° 51' 52" N  LONG:  74° 43' 15" W

                   TEMPERATURE (°F), RAIN  (in), WIND SPEED (mph)

                                      HEAT  COOL        AVG
    MEAN                              DEG   DEG         WIND                 DOM
DAY TEMP  HIGH   TIME   LOW    TIME   DAYS  DAYS  RAIN  SPEED HIGH   TIME    DIR
------------------------------------------------------------------------------------
 1  57.5  69.3   4:00p  45.1   7:00a   8.3   0.8  0.00   3.5  16.0   1:30p     W
 2  60.1  73.7   4:00p  47.8   6:30a   6.9   2.0  0.00   3.6  11.0  12:00p     N
 3  63.2  77.3   3:30p  51.5   5:30a   5.1   3.3  0.00   2.7  10.0   4:30a     N
 4  64.9  77.6   4:30p  52.1   6:30a   3.6   3.4  0.00   4.6  16.0  10:00p     W
 5  64.9  75.8   3:30p  55.2   6:00a   3.1   3.1  0.00   5.2  20.0   3:30p    NW
 6  57.8  69.3   4:00p  45.8   6:30a   7.8   0.5  0.00   2.6  14.0  11:00a     E
 7  59.2  69.3   2:00p  50.6   4:30a   6.5   0.7  0.00   1.2   8.0  12:00p    SW
 8  63.0  75.5   4:30p  51.5   5:00a   4.6   2.6  0.00   1.5   8.0   8:30a    SW
 9  62.3  72.2   4:00p  55.3  12:00m   3.8   1.1  0.00   2.0  12.0  11:00a    SW
10  55.8  64.8   3:30p  44.1   6:30a   9.2   0.0  0.00   3.7  17.0  11:00a   ESE
11  51.2  57.1   1:00p  42.6   7:00a  13.8   0.0  0.58   3.3  14.0  12:00p   ESE
12  59.8  65.1   3:30p  55.2  12:30a   5.2   0.0  0.09   1.2  10.0   5:00a   ENE
13  62.6  68.1   5:00p  57.6   7:00a   2.6   0.3  0.02   5.3  22.0  12:30p    NW
14  61.0  70.6   4:00p  52.6   5:30a   5.0   1.0  0.00   6.8  20.0  12:30p     W
15  62.9  70.8   3:00p  51.3  12:00m   2.9   1.2  0.00   5.5  18.0  10:30a     N
16  54.4  63.5   4:30p  45.0   6:30a  10.6   0.0  0.00   3.8  16.0   4:30p   NNW
17  53.2  60.6   5:30p  48.1   6:30a  11.8   0.0  0.01   2.3  17.0  12:00m   ESE
18  57.2  64.8  12:00p  47.8  12:00m   7.8   0.0  0.02   9.9  27.0   2:00p   WSW
19  50.0  61.9   5:30p  39.3   7:00a  15.0   0.0  0.00   6.3  19.0  10:00a    NW
20  53.0  73.0   4:00p  37.3   7:30a  13.2   1.1  0.01   2.6  12.0   1:00a     W
21  56.2  72.2   4:00p  41.9   6:00a   9.9   1.2  0.00   2.3  12.0   2:00p     W
22  62.9  72.9   4:00p  54.1   5:30a   3.6   1.5  0.00   3.0  21.0   3:30p    NE
23  70.5  79.3   3:30p  65.3   8:00a   0.0   5.5  0.06   8.8  26.0   3:30p   WSW
24  63.8  68.9   3:00p  52.3  12:00m   2.3   1.1  0.04   6.1  18.0  12:30p    NW
25  52.3  60.5   3:30p  43.9  10:00p  12.7   0.0  0.00   4.7  18.0  10:30a    SE
26  49.4  63.5   1:30p  35.8   7:00a  15.6   0.0  0.17   3.6  25.0   3:30p   SSE
27  54.3  61.1   4:30p  48.1   1:30a  10.7   0.0  1.07   3.0  16.0   8:00p    SE
28  56.5  64.2  12:30p  48.9   9:30p   8.5   0.0  0.25   5.5  32.0   6:30p     W
29  52.9  58.6  11:00a  49.2   7:00a  12.1   0.0  0.24  11.9  34.0  10:30a   WSW
30  43.7  49.4  12:30a  40.5   9:30a  21.3   0.0  0.02   8.6  27.0   4:00p    NW
-------------------------------------------------------------------------------------
    57.9  79.3    23    35.8    26   243.5  30.4  2.58   4.5  34.0    29       W

Max >=  90.0:  0
Max <=  32.0:  0
Min <=  32.0:  0
Min <=   0.0:  0
Max Rain: 1.07 ON 09/27/09
Days of Rain: 11 (>.01 in) 5 (>.1 in) 1 (>1 in)
Heat Base:  65.0  Cool Base:  65.0  Method: Integration